{"id":8,"date":"2009-05-12T09:28:49","date_gmt":"2009-05-12T12:28:49","guid":{"rendered":"http:\/\/conservacaoerestauro.wordpress.com\/?page_id=8"},"modified":"2025-08-19T22:40:36","modified_gmt":"2025-08-20T01:40:36","slug":"colegiado","status":"publish","type":"page","link":"https:\/\/wp.ufpel.edu.br\/crbensmoveis\/colegiado\/","title":{"rendered":"COLEGIADO"},"content":{"rendered":"<p style=\"text-align: center;\"><span style=\"font-family: arial, helvetica, sans-serif; font-size: 14pt;\"><strong><span style=\"color: #000000;\">Coordenadora:<\/span><\/strong><\/span><\/p>\n<p style=\"text-align: center;\"><a href=\"http:\/\/lattes.cnpq.br\/7445829180005203\">Annelise Costa Montone<\/a><\/p>\n<p style=\"text-align: center;\"><span style=\"color: #000000;\"><strong>Coordenadora adjunta:<\/strong><\/span><\/p>\n<p style=\"text-align: center;\"><a href=\"http:\/\/lattes.cnpq.br\/0051945932956909\">Silvana de F\u00e1tima Bojanoski<\/a><\/p>\n<p>&nbsp;<\/p>\n<hr \/>\n<p style=\"text-align: center;\"><span style=\"font-family: arial, helvetica, sans-serif; font-size: 14pt;\"><strong><span style=\"color: #000000;\">Professores e\/ou membros do colegiado:<\/span><\/strong><\/span><\/p>\n<div>\n<div style=\"text-align: center;\"><a href=\"http:\/\/lattes.cnpq.br\/9751810424118201\">Andrea Lacerda Bachettini<\/a><\/div>\n<div style=\"text-align: center;\"><a href=\"http:\/\/lattes.cnpq.br\/7445829180005203\">Annelise Costa Montone<\/a><\/div>\n<div style=\"text-align: center;\"><a href=\"http:\/\/lattes.cnpq.br\/1674659422124281\">Daniele Baltz da Fonseca<\/a><\/div>\n<div style=\"text-align: center;\"><a href=\"http:\/\/lattes.cnpq.br\/4451406034191031\">Francisca Ferreira Michelon<\/a><\/div>\n<div style=\"text-align: center;\">\n<div class=\"ficha-campo caps maior cor-texto\"><a href=\"http:\/\/lattes.cnpq.br\/4964404066342321\">Juliana Cavalheiro Rodrighiero<\/a><\/div>\n<\/div>\n<div style=\"text-align: center;\"><a href=\"http:\/\/lattes.cnpq.br\/2795821152828459\">Juliane Concei\u00e7\u00e3o Primon Serres<\/a><\/div>\n<div style=\"text-align: center;\"><a href=\"http:\/\/lattes.cnpq.br\/7897064206336803\">Karen Velleda Caldas<\/a><\/div>\n<div style=\"text-align: center;\"><a href=\"http:\/\/lattes.cnpq.br\/5331496966432023\">Mirella Moraes de Borba<\/a><\/div>\n<div style=\"text-align: center;\"><a href=\"http:\/\/lattes.cnpq.br\/7165514821360748\">Pedro Lu\u00eds Machado Sanches<\/a><\/div>\n<div style=\"text-align: center;\"><a href=\"http:\/\/lattes.cnpq.br\/8886049514435487\">Rita Juliana Soares Poloni<\/a><\/div>\n<div style=\"text-align: center;\"><a href=\"http:\/\/lattes.cnpq.br\/7427421019918001\">Roberto Heiden<\/a><\/div>\n<div style=\"text-align: center;\"><a href=\"http:\/\/lattes.cnpq.br\/0051945932956909\">Silvana de F\u00e1tima Bojanoski<\/a><\/div>\n<\/div>\n<div style=\"text-align: center;\">\n<hr \/>\n<\/div>\n<p style=\"text-align: center;\"><span style=\"color: #000000; font-family: arial, helvetica, sans-serif; font-size: 14pt;\"><strong>Representa\u00e7\u00e3o Discente<\/strong><\/span><\/p>\n<p class=\"x_MsoNormal\" style=\"text-align: center;\" data-olk-copy-source=\"MessageBody\">Andreia Salvadori &#8211; Matr\u00edcula 22202943<\/p>\n<p class=\"x_MsoNormal\" style=\"text-align: center;\">\u00a0Camila Borges Coelho &#8211; Matr\u00edcula 18101453<\/p>\n<p class=\"x_MsoNormal\" style=\"text-align: center;\">\u00a0Antonia Jeronimo Rocha da Silva (suplente) &#8211; Matr\u00edcula 21101775<\/p>\n<p>&nbsp;<\/p>\n<p style=\"text-align: center;\">Centro Acad\u00eamico de Conserva\u00e7\u00e3o e Restauro<\/p>\n<p style=\"text-align: center;\">Contato pelo e-mail: <a href=\"caccrbens.moveis.ufpel@gmail.com\">caccrbens.moveis.ufpel@gmail.com<\/a><\/p>\n<hr \/>\n<p style=\"text-align: center;\"><span style=\"font-size: 14pt; font-family: arial, helvetica, sans-serif;\"><strong><span style=\"color: #000000;\">Equipe T\u00e9cnica<\/span><\/strong><\/span><\/p>\n<p style=\"text-align: center;\"><span style=\"font-family: arial, helvetica, sans-serif;\"><strong><span style=\"color: #000000;\">Restauradora:<\/span><\/strong><\/span><\/p>\n<p style=\"text-align: center;\"><span style=\"color: #000000; font-family: arial, helvetica, sans-serif;\"><a style=\"color: #000000;\" href=\"http:\/\/lattes.cnpq.br\/9093417698602080\" target=\"_blank\" rel=\"noopener noreferrer\">Keli\u00a0Cristina Scolari<\/a><\/span><\/p>\n<hr \/>\n<p style=\"text-align: center;\"><span style=\"color: #000000; font-family: arial, helvetica, sans-serif; font-size: 14pt;\"><strong>Secretaria:<\/strong><\/span><\/p>\n<p style=\"text-align: center;\"><span style=\"font-family: arial, helvetica, sans-serif; color: #000000;\">Angela Tavares<\/span><\/p>\n<p style=\"text-align: center;\"><span style=\"color: #000000; font-family: arial, helvetica, sans-serif;\">Telefone: (53) 981101513<\/span><\/p>\n<div style=\"text-align: center;\"><span style=\"font-family: arial, helvetica, sans-serif;\"><span style=\"color: #000000;\">E-mail:<\/span> <a href=\"mailto:conservacao_restauro@hotmail.com\" target=\"_blank\" rel=\"noopener noreferrer\" data-auth=\"NotApplicable\">conservacao_restauro@ufpel.edu.br<\/a><\/span><\/div>\n<p style=\"text-align: center;\"><span style=\"color: #000000; font-family: arial, helvetica, sans-serif;\">\u00a0<\/span><\/p>\n","protected":false},"excerpt":{"rendered":"<p>Coordenadora: Annelise Costa Montone Coordenadora adjunta: Silvana de F\u00e1tima Bojanoski &nbsp; Professores e\/ou membros do colegiado: Andrea Lacerda Bachettini Annelise Costa Montone Daniele Baltz da Fonseca Francisca Ferreira Michelon Juliana Cavalheiro Rodrighiero Juliane Concei\u00e7\u00e3o Primon Serres Karen Velleda Caldas Mirella Moraes de Borba Pedro Lu\u00eds Machado Sanches Rita Juliana Soares Poloni Roberto Heiden Silvana de [&hellip;]<\/p>\n","protected":false},"author":81,"featured_media":0,"parent":0,"menu_order":4,"comment_status":"closed","ping_status":"closed","template":"","meta":{"jetpack_post_was_ever_published":false,"footnotes":""},"class_list":["post-8","page","type-page","status-publish","hentry"],"jetpack_sharing_enabled":true,"jetpack_shortlink":"https:\/\/wp.me\/P8AfLG-8","jetpack_likes_enabled":true,"jetpack-related-posts":[],"_links":{"self":[{"href":"https:\/\/wp.ufpel.edu.br\/crbensmoveis\/wp-json\/wp\/v2\/pages\/8","targetHints":{"allow":["GET"]}}],"collection":[{"href":"https:\/\/wp.ufpel.edu.br\/crbensmoveis\/wp-json\/wp\/v2\/pages"}],"about":[{"href":"https:\/\/wp.ufpel.edu.br\/crbensmoveis\/wp-json\/wp\/v2\/types\/page"}],"author":[{"embeddable":true,"href":"https:\/\/wp.ufpel.edu.br\/crbensmoveis\/wp-json\/wp\/v2\/users\/81"}],"replies":[{"embeddable":true,"href":"https:\/\/wp.ufpel.edu.br\/crbensmoveis\/wp-json\/wp\/v2\/comments?post=8"}],"version-history":[{"count":3,"href":"https:\/\/wp.ufpel.edu.br\/crbensmoveis\/wp-json\/wp\/v2\/pages\/8\/revisions"}],"predecessor-version":[{"id":1682,"href":"https:\/\/wp.ufpel.edu.br\/crbensmoveis\/wp-json\/wp\/v2\/pages\/8\/revisions\/1682"}],"wp:attachment":[{"href":"https:\/\/wp.ufpel.edu.br\/crbensmoveis\/wp-json\/wp\/v2\/media?parent=8"}],"curies":[{"name":"wp","href":"https:\/\/api.w.org\/{rel}","templated":true}]}}