{"id":2337,"date":"2020-04-03T23:58:43","date_gmt":"2020-04-04T02:58:43","guid":{"rendered":"https:\/\/wp.ufpel.edu.br\/crbensmoveis\/?page_id=2337"},"modified":"2023-05-31T21:17:50","modified_gmt":"2023-06-01T00:17:50","slug":"projeto-pedagogico-do-curso","status":"publish","type":"page","link":"https:\/\/wp.ufpel.edu.br\/crbensmoveis\/projeto-pedagogico-do-curso\/","title":{"rendered":"PROJETO PEDAG\u00d3GICO DO CURSO"},"content":{"rendered":"<p>BAIXE AQUI O PROJETO PEDAG\u00d3GICO 2023:<\/p>\n<p><a href=\"https:\/\/wp.ufpel.edu.br\/crbensmoveis\/files\/2023\/05\/PPC-Versao-6-Revisao-Maio-2023.pdf\">PPC Vers\u00e3o 6 &#8211; Revis\u00e3o Maio 2023<\/a><\/p>\n","protected":false},"excerpt":{"rendered":"<p>BAIXE AQUI O PROJETO PEDAG\u00d3GICO 2023: PPC Vers\u00e3o 6 &#8211; Revis\u00e3o Maio 2023<\/p>\n","protected":false},"author":81,"featured_media":0,"parent":0,"menu_order":0,"comment_status":"closed","ping_status":"closed","template":"","meta":{"jetpack_post_was_ever_published":false,"footnotes":""},"class_list":["post-2337","page","type-page","status-publish","hentry"],"jetpack_sharing_enabled":true,"jetpack_shortlink":"https:\/\/wp.me\/P8AfLG-BH","jetpack_likes_enabled":true,"jetpack-related-posts":[],"_links":{"self":[{"href":"https:\/\/wp.ufpel.edu.br\/crbensmoveis\/wp-json\/wp\/v2\/pages\/2337","targetHints":{"allow":["GET"]}}],"collection":[{"href":"https:\/\/wp.ufpel.edu.br\/crbensmoveis\/wp-json\/wp\/v2\/pages"}],"about":[{"href":"https:\/\/wp.ufpel.edu.br\/crbensmoveis\/wp-json\/wp\/v2\/types\/page"}],"author":[{"embeddable":true,"href":"https:\/\/wp.ufpel.edu.br\/crbensmoveis\/wp-json\/wp\/v2\/users\/81"}],"replies":[{"embeddable":true,"href":"https:\/\/wp.ufpel.edu.br\/crbensmoveis\/wp-json\/wp\/v2\/comments?post=2337"}],"version-history":[{"count":7,"href":"https:\/\/wp.ufpel.edu.br\/crbensmoveis\/wp-json\/wp\/v2\/pages\/2337\/revisions"}],"predecessor-version":[{"id":3128,"href":"https:\/\/wp.ufpel.edu.br\/crbensmoveis\/wp-json\/wp\/v2\/pages\/2337\/revisions\/3128"}],"wp:attachment":[{"href":"https:\/\/wp.ufpel.edu.br\/crbensmoveis\/wp-json\/wp\/v2\/media?parent=2337"}],"curies":[{"name":"wp","href":"https:\/\/api.w.org\/{rel}","templated":true}]}}