{"id":6348,"date":"2022-11-11T15:06:20","date_gmt":"2022-11-11T18:06:20","guid":{"rendered":"https:\/\/wp.ufpel.edu.br\/cra\/?page_id=6348"},"modified":"2025-12-18T16:20:30","modified_gmt":"2025-12-18T19:20:30","slug":"agenda-cra","status":"publish","type":"page","link":"https:\/\/wp.ufpel.edu.br\/cra\/calendarios-academicos\/agenda-cra\/","title":{"rendered":"Datas importantes"},"content":{"rendered":"<style>.kb-row-layout-id6348_ea6ca0-0a > .kt-row-column-wrap{align-content:start;}:where(.kb-row-layout-id6348_ea6ca0-0a > .kt-row-column-wrap) > .wp-block-kadence-column{justify-content:start;}.kb-row-layout-id6348_ea6ca0-0a > .kt-row-column-wrap{column-gap:var(--global-kb-gap-md, 2rem);row-gap:var(--global-kb-gap-md, 2rem);padding-top:0px;padding-bottom:25px;}.kb-row-layout-id6348_ea6ca0-0a > .kt-row-column-wrap > div:not(.added-for-specificity){grid-column:initial;}.kb-row-layout-id6348_ea6ca0-0a > .kt-row-column-wrap{grid-template-columns:repeat(3, minmax(0, 1fr));}.kb-row-layout-id6348_ea6ca0-0a > .kt-row-layout-overlay{opacity:0.30;}@media all and (max-width: 1024px){.kb-row-layout-id6348_ea6ca0-0a > .kt-row-column-wrap > div:not(.added-for-specificity){grid-column:initial;}}@media all and (max-width: 1024px){.kb-row-layout-id6348_ea6ca0-0a > .kt-row-column-wrap{grid-template-columns:repeat(3, minmax(0, 1fr));}}@media all and (max-width: 767px){.kb-row-layout-id6348_ea6ca0-0a > .kt-row-column-wrap > div:not(.added-for-specificity){grid-column:initial;}.kb-row-layout-id6348_ea6ca0-0a > .kt-row-column-wrap{grid-template-columns:minmax(0, 1fr);}}<\/style><div class=\"kb-row-layout-wrap kb-row-layout-id6348_ea6ca0-0a alignnone wp-block-kadence-rowlayout\"><div class=\"kt-row-column-wrap kt-has-3-columns kt-row-layout-equal kt-tab-layout-inherit kt-mobile-layout-row kt-row-valign-top\">\n<style>.kadence-column6348_5d2cd2-0a > .kt-inside-inner-col,.kadence-column6348_5d2cd2-0a > .kt-inside-inner-col:before{border-top-left-radius:0px;border-top-right-radius:0px;border-bottom-right-radius:0px;border-bottom-left-radius:0px;}.kadence-column6348_5d2cd2-0a > .kt-inside-inner-col{column-gap:var(--global-kb-gap-sm, 1rem);}.kadence-column6348_5d2cd2-0a > .kt-inside-inner-col{flex-direction:column;}.kadence-column6348_5d2cd2-0a > .kt-inside-inner-col > .aligncenter{width:100%;}.kadence-column6348_5d2cd2-0a > .kt-inside-inner-col:before{opacity:0.3;}.kadence-column6348_5d2cd2-0a{position:relative;}@media all and (max-width: 1024px){.kadence-column6348_5d2cd2-0a > .kt-inside-inner-col{flex-direction:column;justify-content:center;}}@media all and (max-width: 767px){.kadence-column6348_5d2cd2-0a > .kt-inside-inner-col{flex-direction:column;justify-content:center;}}<\/style>\n<div class=\"wp-block-kadence-column kadence-column6348_5d2cd2-0a inner-column-3\"><div class=\"kt-inside-inner-col\">\n<h2 class=\"wp-block-heading\" style=\"font-size:18px\"><strong>Pr\u00f3ximos Editais<\/strong><\/h2>\n\n\n<div class=\"dados-cobalto cobalto-eventos cobalto-eventos-layout-c\"><div class=\"cobalto-evento-container\"><div class=\"cobalto-evento-data\"><span class=\"cobalto-evento-mes\" style=\"background:#FF7537\">Mai<\/span><span class=\"cobalto-evento-dia\"><strong>10<\/strong><\/span><span class=\"cobalto-evento-dow\">Domingo<\/span><\/div><div class=\"cobalto-evento-descricao\">Publica\u00e7\u00e3o do Edital de Transfer\u00eancia, Reop\u00e7\u00e3o, Reingresso, Retomada de estudos e Portador de T\u00edtulo para ingresso em 2026\/2.<\/div><\/div><div class=\"cobalto-evento-container\"><div class=\"cobalto-evento-data\"><a href=\"https:\/\/wp.ufpel.edu.br\/mostradecursos\/\"><span class=\"cobalto-evento-mes\" style=\"background:#FF7537\">Mai<\/span><span class=\"cobalto-evento-dia\"><strong>13<\/strong><\/span><span class=\"cobalto-evento-dow\">Quarta<\/span><\/a><\/div><div class=\"cobalto-evento-descricao\"><a href=\"https:\/\/wp.ufpel.edu.br\/mostradecursos\/\">Mostra de Cursos<\/a><\/div><\/div><div class=\"cobalto-evento-container\"><div class=\"cobalto-evento-data\"><span class=\"cobalto-evento-mes\" style=\"background:#FF7537\">Mai<\/span><span class=\"cobalto-evento-dia\"><strong>18<\/strong><\/span><span class=\"cobalto-evento-dow\">Segunda<\/span><\/div><div class=\"cobalto-evento-descricao\">IN\u00cdCIO: Per\u00edodo de inscri\u00e7\u00e3o para Transfer\u00eancia, Reop\u00e7\u00e3o, Reingresso, Retomada de Estudos e Portador de Diploma 2026\/2.<\/div><\/div><\/div> <!-- .dados-cobalto -->\n<\/div><\/div>\n\n\n<style>.kadence-column6348_ec0e43-d2 > .kt-inside-inner-col,.kadence-column6348_ec0e43-d2 > .kt-inside-inner-col:before{border-top-left-radius:0px;border-top-right-radius:0px;border-bottom-right-radius:0px;border-bottom-left-radius:0px;}.kadence-column6348_ec0e43-d2 > .kt-inside-inner-col{column-gap:var(--global-kb-gap-sm, 1rem);}.kadence-column6348_ec0e43-d2 > .kt-inside-inner-col{flex-direction:column;}.kadence-column6348_ec0e43-d2 > .kt-inside-inner-col > .aligncenter{width:100%;}.kadence-column6348_ec0e43-d2 > .kt-inside-inner-col:before{opacity:0.3;}.kadence-column6348_ec0e43-d2{position:relative;}@media all and (max-width: 1024px){.kadence-column6348_ec0e43-d2 > .kt-inside-inner-col{flex-direction:column;justify-content:center;}}@media all and (max-width: 767px){.kadence-column6348_ec0e43-d2 > .kt-inside-inner-col{flex-direction:column;justify-content:center;}}<\/style>\n<div class=\"wp-block-kadence-column kadence-column6348_ec0e43-d2 inner-column-2\"><div class=\"kt-inside-inner-col\">\n<h2 class=\"wp-block-heading\" style=\"font-size:18px\"><strong>Cursos Presenciais<\/strong><\/h2>\n\n\n<div class=\"dados-cobalto cobalto-eventos cobalto-eventos-layout-c\"><div class=\"cobalto-evento-container\"><div class=\"cobalto-evento-data\"><span class=\"cobalto-evento-mes\" style=\"background:#3b5998\">Abr<\/span><span class=\"cobalto-evento-dia\"><strong>30<\/strong><\/span><span class=\"cobalto-evento-dow\">Quinta<\/span><\/div><div class=\"cobalto-evento-descricao\">Data limite para estudantes solicitarem mobilidade acad\u00eamica nacional para 2026\/2.<\/div><\/div><div class=\"cobalto-evento-container\"><div class=\"cobalto-evento-data\"><span class=\"cobalto-evento-mes\" style=\"background:#3b5998\">Mai<\/span><span class=\"cobalto-evento-dia\"><strong>4<\/strong><\/span><span class=\"cobalto-evento-dow\">Segunda<\/span><\/div><div class=\"cobalto-evento-descricao\">IN\u00cdCIO: Semana de formatura institucionais externas 2025\/2.<\/div><\/div><div class=\"cobalto-evento-container\"><div class=\"cobalto-evento-data\"><span class=\"cobalto-evento-mes\" style=\"background:#3b5998\">Mai<\/span><span class=\"cobalto-evento-dia\"><strong>8<\/strong><\/span><span class=\"cobalto-evento-dow\">Sexta<\/span><\/div><div class=\"cobalto-evento-descricao\">FIM: Semana de formatura institucionais externas 2025\/2.<\/div><\/div><\/div> <!-- .dados-cobalto -->\n<\/div><\/div>\n\n\n<style>.kadence-column6348_516dcb-24 > .kt-inside-inner-col,.kadence-column6348_516dcb-24 > .kt-inside-inner-col:before{border-top-left-radius:0px;border-top-right-radius:0px;border-bottom-right-radius:0px;border-bottom-left-radius:0px;}.kadence-column6348_516dcb-24 > .kt-inside-inner-col{column-gap:var(--global-kb-gap-sm, 1rem);}.kadence-column6348_516dcb-24 > .kt-inside-inner-col{flex-direction:column;}.kadence-column6348_516dcb-24 > .kt-inside-inner-col > .aligncenter{width:100%;}.kadence-column6348_516dcb-24 > .kt-inside-inner-col:before{opacity:0.3;}.kadence-column6348_516dcb-24{position:relative;}@media all and (max-width: 1024px){.kadence-column6348_516dcb-24 > .kt-inside-inner-col{flex-direction:column;justify-content:center;}}@media all and (max-width: 767px){.kadence-column6348_516dcb-24 > .kt-inside-inner-col{flex-direction:column;justify-content:center;}}<\/style>\n<div class=\"wp-block-kadence-column kadence-column6348_516dcb-24 inner-column-3\"><div class=\"kt-inside-inner-col\">\n<h2 class=\"wp-block-heading\" style=\"font-size:18px\"><strong>Cursos EAD<\/strong><\/h2>\n\n\n<div class=\"dados-cobalto cobalto-eventos cobalto-eventos-layout-c\"><div class=\"cobalto-evento-container\"><div class=\"cobalto-evento-data\"><span class=\"cobalto-evento-mes\" style=\"background:#F691B2\">Mai<\/span><span class=\"cobalto-evento-dia\"><strong>4<\/strong><\/span><span class=\"cobalto-evento-dow\">Segunda<\/span><\/div><div class=\"cobalto-evento-descricao\">IN\u00cdCIO: Semana de Formaturas Institucionais em Pelotas \u2013 2025\/2.<\/div><\/div><div class=\"cobalto-evento-container\"><div class=\"cobalto-evento-data\"><span class=\"cobalto-evento-mes\" style=\"background:#F691B2\">Mai<\/span><span class=\"cobalto-evento-dia\"><strong>8<\/strong><\/span><span class=\"cobalto-evento-dow\">Sexta<\/span><\/div><div class=\"cobalto-evento-descricao\">FIM: Semana de Formaturas Institucionais em Pelotas \u2013 2025\/2.<\/div><\/div><div class=\"cobalto-evento-container\"><div class=\"cobalto-evento-data\"><span class=\"cobalto-evento-mes\" style=\"background:#F691B2\">Jun<\/span><span class=\"cobalto-evento-dia\"><strong>8<\/strong><\/span><span class=\"cobalto-evento-dow\">Segunda<\/span><\/div><div class=\"cobalto-evento-descricao\">IN\u00cdCIO: Per\u00edodo para os discentes se cadastrarem como prov\u00e1veis  formandos 2026\/1 no Sistema Acad\u00eamico Cobalto.<\/div><\/div><\/div> <!-- .dados-cobalto -->\n<\/div><\/div>\n\n<\/div><\/div>","protected":false},"excerpt":{"rendered":"<p>Pr\u00f3ximos Editais Cursos Presenciais Cursos EAD<\/p>\n","protected":false},"author":341,"featured_media":0,"parent":428,"menu_order":0,"comment_status":"closed","ping_status":"closed","template":"page-sem-sidebar.php","meta":{"advanced_seo_description":"","jetpack_seo_html_title":"","jetpack_seo_noindex":false,"jetpack_post_was_ever_published":false,"footnotes":""},"class_list":["post-6348","page","type-page","status-publish","hentry"],"jetpack_sharing_enabled":false,"jetpack_shortlink":"https:\/\/wp.me\/P70cyI-1Eo","jetpack-related-posts":[],"_links":{"self":[{"href":"https:\/\/wp.ufpel.edu.br\/cra\/wp-json\/wp\/v2\/pages\/6348","targetHints":{"allow":["GET"]}}],"collection":[{"href":"https:\/\/wp.ufpel.edu.br\/cra\/wp-json\/wp\/v2\/pages"}],"about":[{"href":"https:\/\/wp.ufpel.edu.br\/cra\/wp-json\/wp\/v2\/types\/page"}],"author":[{"embeddable":true,"href":"https:\/\/wp.ufpel.edu.br\/cra\/wp-json\/wp\/v2\/users\/341"}],"replies":[{"embeddable":true,"href":"https:\/\/wp.ufpel.edu.br\/cra\/wp-json\/wp\/v2\/comments?post=6348"}],"version-history":[{"count":3,"href":"https:\/\/wp.ufpel.edu.br\/cra\/wp-json\/wp\/v2\/pages\/6348\/revisions"}],"predecessor-version":[{"id":12366,"href":"https:\/\/wp.ufpel.edu.br\/cra\/wp-json\/wp\/v2\/pages\/6348\/revisions\/12366"}],"up":[{"embeddable":true,"href":"https:\/\/wp.ufpel.edu.br\/cra\/wp-json\/wp\/v2\/pages\/428"}],"wp:attachment":[{"href":"https:\/\/wp.ufpel.edu.br\/cra\/wp-json\/wp\/v2\/media?parent=6348"}],"curies":[{"name":"wp","href":"https:\/\/api.w.org\/{rel}","templated":true}]}}

<style>.kb-row-layout-id6348_ea6ca0-0a > .kt-row-column-wrap{align-content:start;}:where(.kb-row-layout-id6348_ea6ca0-0a > .kt-row-column-wrap) > .wp-block-kadence-column{justify-content:start;}.kb-row-layout-id6348_ea6ca0-0a > .kt-row-column-wrap{column-gap:var(--global-kb-gap-md, 2rem);row-gap:var(--global-kb-gap-md, 2rem);padding-top:0px;padding-bottom:25px;}.kb-row-layout-id6348_ea6ca0-0a > .kt-row-column-wrap > div:not(.added-for-specificity){grid-column:initial;}.kb-row-layout-id6348_ea6ca0-0a > .kt-row-column-wrap{grid-template-columns:repeat(3, minmax(0, 1fr));}.kb-row-layout-id6348_ea6ca0-0a > .kt-row-layout-overlay{opacity:0.30;}@media all and (max-width: 1024px){.kb-row-layout-id6348_ea6ca0-0a > .kt-row-column-wrap > div:not(.added-for-specificity){grid-column:initial;}}@media all and (max-width: 1024px){.kb-row-layout-id6348_ea6ca0-0a > .kt-row-column-wrap{grid-template-columns:repeat(3, minmax(0, 1fr));}}@media all and (max-width: 767px){.kb-row-layout-id6348_ea6ca0-0a > .kt-row-column-wrap > div:not(.added-for-specificity){grid-column:initial;}.kb-row-layout-id6348_ea6ca0-0a > .kt-row-column-wrap{grid-template-columns:minmax(0, 1fr);}}</style><div class="kb-row-layout-wrap kb-row-layout-id6348_ea6ca0-0a alignnone wp-block-kadence-rowlayout"><div class="kt-row-column-wrap kt-has-3-columns kt-row-layout-equal kt-tab-layout-inherit kt-mobile-layout-row kt-row-valign-top">
<style>.kadence-column6348_5d2cd2-0a > .kt-inside-inner-col,.kadence-column6348_5d2cd2-0a > .kt-inside-inner-col:before{border-top-left-radius:0px;border-top-right-radius:0px;border-bottom-right-radius:0px;border-bottom-left-radius:0px;}.kadence-column6348_5d2cd2-0a > .kt-inside-inner-col{column-gap:var(--global-kb-gap-sm, 1rem);}.kadence-column6348_5d2cd2-0a > .kt-inside-inner-col{flex-direction:column;}.kadence-column6348_5d2cd2-0a > .kt-inside-inner-col > .aligncenter{width:100%;}.kadence-column6348_5d2cd2-0a > .kt-inside-inner-col:before{opacity:0.3;}.kadence-column6348_5d2cd2-0a{position:relative;}@media all and (max-width: 1024px){.kadence-column6348_5d2cd2-0a > .kt-inside-inner-col{flex-direction:column;justify-content:center;}}@media all and (max-width: 767px){.kadence-column6348_5d2cd2-0a > .kt-inside-inner-col{flex-direction:column;justify-content:center;}}</style>
<div class="wp-block-kadence-column kadence-column6348_5d2cd2-0a inner-column-3"><div class="kt-inside-inner-col">
<h2 class="wp-block-heading" style="font-size:18px"><strong>Próximos Editais</strong></h2>


<div class="dados-cobalto cobalto-eventos cobalto-eventos-layout-c"><div class="cobalto-evento-container"><div class="cobalto-evento-data"><span class="cobalto-evento-mes" style="background:#FF7537">Mai</span><span class="cobalto-evento-dia"><strong>10</strong></span><span class="cobalto-evento-dow">Domingo</span></div><div class="cobalto-evento-descricao">Publicação do Edital de Transferência, Reopção, Reingresso, Retomada de estudos e Portador de Título para ingresso em 2026/2.</div></div><div class="cobalto-evento-container"><div class="cobalto-evento-data"><a href="https://wp.ufpel.edu.br/mostradecursos/"><span class="cobalto-evento-mes" style="background:#FF7537">Mai</span><span class="cobalto-evento-dia"><strong>13</strong></span><span class="cobalto-evento-dow">Quarta</span></a></div><div class="cobalto-evento-descricao"><a href="https://wp.ufpel.edu.br/mostradecursos/">Mostra de Cursos</a></div></div><div class="cobalto-evento-container"><div class="cobalto-evento-data"><span class="cobalto-evento-mes" style="background:#FF7537">Mai</span><span class="cobalto-evento-dia"><strong>18</strong></span><span class="cobalto-evento-dow">Segunda</span></div><div class="cobalto-evento-descricao">INÍCIO: Período de inscrição para Transferência, Reopção, Reingresso, Retomada de Estudos e Portador de Diploma 2026/2.</div></div></div> <!-- .dados-cobalto -->
</div></div>


<style>.kadence-column6348_ec0e43-d2 > .kt-inside-inner-col,.kadence-column6348_ec0e43-d2 > .kt-inside-inner-col:before{border-top-left-radius:0px;border-top-right-radius:0px;border-bottom-right-radius:0px;border-bottom-left-radius:0px;}.kadence-column6348_ec0e43-d2 > .kt-inside-inner-col{column-gap:var(--global-kb-gap-sm, 1rem);}.kadence-column6348_ec0e43-d2 > .kt-inside-inner-col{flex-direction:column;}.kadence-column6348_ec0e43-d2 > .kt-inside-inner-col > .aligncenter{width:100%;}.kadence-column6348_ec0e43-d2 > .kt-inside-inner-col:before{opacity:0.3;}.kadence-column6348_ec0e43-d2{position:relative;}@media all and (max-width: 1024px){.kadence-column6348_ec0e43-d2 > .kt-inside-inner-col{flex-direction:column;justify-content:center;}}@media all and (max-width: 767px){.kadence-column6348_ec0e43-d2 > .kt-inside-inner-col{flex-direction:column;justify-content:center;}}</style>
<div class="wp-block-kadence-column kadence-column6348_ec0e43-d2 inner-column-2"><div class="kt-inside-inner-col">
<h2 class="wp-block-heading" style="font-size:18px"><strong>Cursos Presenciais</strong></h2>


<div class="dados-cobalto cobalto-eventos cobalto-eventos-layout-c"><div class="cobalto-evento-container"><div class="cobalto-evento-data"><span class="cobalto-evento-mes" style="background:#3b5998">Abr</span><span class="cobalto-evento-dia"><strong>30</strong></span><span class="cobalto-evento-dow">Quinta</span></div><div class="cobalto-evento-descricao">Data limite para estudantes solicitarem mobilidade acadêmica nacional para 2026/2.</div></div><div class="cobalto-evento-container"><div class="cobalto-evento-data"><span class="cobalto-evento-mes" style="background:#3b5998">Mai</span><span class="cobalto-evento-dia"><strong>4</strong></span><span class="cobalto-evento-dow">Segunda</span></div><div class="cobalto-evento-descricao">INÍCIO: Semana de formatura institucionais externas 2025/2.</div></div><div class="cobalto-evento-container"><div class="cobalto-evento-data"><span class="cobalto-evento-mes" style="background:#3b5998">Mai</span><span class="cobalto-evento-dia"><strong>8</strong></span><span class="cobalto-evento-dow">Sexta</span></div><div class="cobalto-evento-descricao">FIM: Semana de formatura institucionais externas 2025/2.</div></div></div> <!-- .dados-cobalto -->
</div></div>


<style>.kadence-column6348_516dcb-24 > .kt-inside-inner-col,.kadence-column6348_516dcb-24 > .kt-inside-inner-col:before{border-top-left-radius:0px;border-top-right-radius:0px;border-bottom-right-radius:0px;border-bottom-left-radius:0px;}.kadence-column6348_516dcb-24 > .kt-inside-inner-col{column-gap:var(--global-kb-gap-sm, 1rem);}.kadence-column6348_516dcb-24 > .kt-inside-inner-col{flex-direction:column;}.kadence-column6348_516dcb-24 > .kt-inside-inner-col > .aligncenter{width:100%;}.kadence-column6348_516dcb-24 > .kt-inside-inner-col:before{opacity:0.3;}.kadence-column6348_516dcb-24{position:relative;}@media all and (max-width: 1024px){.kadence-column6348_516dcb-24 > .kt-inside-inner-col{flex-direction:column;justify-content:center;}}@media all and (max-width: 767px){.kadence-column6348_516dcb-24 > .kt-inside-inner-col{flex-direction:column;justify-content:center;}}</style>
<div class="wp-block-kadence-column kadence-column6348_516dcb-24 inner-column-3"><div class="kt-inside-inner-col">
<h2 class="wp-block-heading" style="font-size:18px"><strong>Cursos EAD</strong></h2>


<div class="dados-cobalto cobalto-eventos cobalto-eventos-layout-c"><div class="cobalto-evento-container"><div class="cobalto-evento-data"><span class="cobalto-evento-mes" style="background:#F691B2">Mai</span><span class="cobalto-evento-dia"><strong>4</strong></span><span class="cobalto-evento-dow">Segunda</span></div><div class="cobalto-evento-descricao">INÍCIO: Semana de Formaturas Institucionais em Pelotas – 2025/2.</div></div><div class="cobalto-evento-container"><div class="cobalto-evento-data"><span class="cobalto-evento-mes" style="background:#F691B2">Mai</span><span class="cobalto-evento-dia"><strong>8</strong></span><span class="cobalto-evento-dow">Sexta</span></div><div class="cobalto-evento-descricao">FIM: Semana de Formaturas Institucionais em Pelotas – 2025/2.</div></div><div class="cobalto-evento-container"><div class="cobalto-evento-data"><span class="cobalto-evento-mes" style="background:#F691B2">Jun</span><span class="cobalto-evento-dia"><strong>8</strong></span><span class="cobalto-evento-dow">Segunda</span></div><div class="cobalto-evento-descricao">INÍCIO: Período para os discentes se cadastrarem como prováveis  formandos 2026/1 no Sistema Acadêmico Cobalto.</div></div></div> <!-- .dados-cobalto -->
</div></div>

</div></div>

<p>Próximos Editais Cursos Presenciais Cursos EAD</p>
