{"id":59,"date":"2015-08-17T09:29:51","date_gmt":"2015-08-17T12:29:51","guid":{"rendered":"https:\/\/wp.ufpel.edu.br\/cra\/?page_id=59"},"modified":"2025-08-22T11:29:24","modified_gmt":"2025-08-22T14:29:24","slug":"portador-de-diploma","status":"publish","type":"page","link":"https:\/\/wp.ufpel.edu.br\/cra\/formas-de-ingresso\/portador-de-diploma\/","title":{"rendered":"Portador de Diploma de Curso Superior"},"content":{"rendered":"\n<p class=\"has-text-align-left has--font-size\">Se voc\u00ea j\u00e1 tem um diploma de n\u00edvel superior, pode fazer um novo curso de gradua\u00e7\u00e3o na UFPel. Esta modalidade de ingresso \u00e9 destinada a quem busca uma nova forma\u00e7\u00e3o.<\/p>\n\n\n\n<h2 class=\"wp-block-heading has-text-align-left\" style=\"font-size:16px\"><strong><strong><strong>Como funciona o processo seletivo?<\/strong><\/strong><\/strong><\/h2>\n\n\n\n<p class=\"has-text-align-left has--font-size\">A sele\u00e7\u00e3o \u00e9 feita por meio de um edital espec\u00edfico,\u00a0publicado semestralmente. Fique atento a este documento para conferir:<\/p>\n\n\n\n<ul class=\"wp-block-list\">\n<li>Os cursos com vagas dispon\u00edveis;<\/li>\n\n\n\n<li>Os crit\u00e9rios de sele\u00e7\u00e3o e classifica\u00e7\u00e3o;<\/li>\n\n\n\n<li>Os documentos necess\u00e1rios para a inscri\u00e7\u00e3o;<\/li>\n\n\n\n<li>Os prazos e as datas mais importantes do processo.<\/li>\n<\/ul>\n\n\n\n<h2 class=\"wp-block-heading has-text-align-left\" style=\"font-size:16px\"><strong><strong>Onde encontrar os editais?<\/strong><\/strong><\/h2>\n\n\n\n<p class=\"has-text-align-left has--font-size\">Os editais s\u00e3o publicados na p\u00e1gina do\u00a0<strong>Processo Seletivo Complementar<\/strong>. Clique no link abaixo para consultar as regras e se inscrever.<\/p>\n\n\n\n<h3 class=\"wp-block-heading\" style=\"font-size:16px\"><a href=\"https:\/\/wp.ufpel.edu.br\/cra\/editais-processo-seletivo-complementar\/\" data-type=\"link\" data-id=\"https:\/\/wp.ufpel.edu.br\/cra\/editais-processo-seletivo-complementar\/\" target=\"_blank\" rel=\"noreferrer noopener\"><strong>Acesse a p\u00e1gina do Processo Seletivo Complementar<\/strong><\/a><\/h3>\n\n\n\n<h2 class=\"wp-block-heading has-text-align-left\" style=\"font-size:16px\"><strong>Base legal<\/strong><\/h2>\n\n\n\n<ul class=\"wp-block-list\">\n<li><a href=\"https:\/\/wp.ufpel.edu.br\/scs\/files\/2022\/09\/SEI_UFPel-1868492-Resolucao-45.2022.pdf\">Resolu\u00e7\u00e3o COCEPE N\u00ba 45\/2022<\/a>.&nbsp;<\/li>\n<\/ul>\n","protected":false},"excerpt":{"rendered":"<p>Se voc\u00ea j\u00e1 tem um diploma de n\u00edvel superior, pode fazer um novo curso de gradua\u00e7\u00e3o na UFPel. Esta modalidade de ingresso \u00e9 destinada a quem busca uma nova forma\u00e7\u00e3o.<\/p>\n","protected":false},"author":296,"featured_media":0,"parent":6202,"menu_order":0,"comment_status":"closed","ping_status":"closed","template":"","meta":{"advanced_seo_description":"Ingresse na UFPel para sua segunda gradua\u00e7\u00e3o. Confira os editais para portador de diploma, conhe\u00e7a os cursos com vagas abertas e saiba como se inscrever.","jetpack_seo_html_title":"Portador de Diploma: Fa\u00e7a uma Segunda Gradua\u00e7\u00e3o na UFPel","jetpack_seo_noindex":false,"jetpack_post_was_ever_published":false,"footnotes":""},"class_list":["post-59","page","type-page","status-publish","hentry"],"jetpack_sharing_enabled":true,"jetpack_shortlink":"https:\/\/wp.me\/P70cyI-X","jetpack-related-posts":[],"_links":{"self":[{"href":"https:\/\/wp.ufpel.edu.br\/cra\/wp-json\/wp\/v2\/pages\/59","targetHints":{"allow":["GET"]}}],"collection":[{"href":"https:\/\/wp.ufpel.edu.br\/cra\/wp-json\/wp\/v2\/pages"}],"about":[{"href":"https:\/\/wp.ufpel.edu.br\/cra\/wp-json\/wp\/v2\/types\/page"}],"author":[{"embeddable":true,"href":"https:\/\/wp.ufpel.edu.br\/cra\/wp-json\/wp\/v2\/users\/296"}],"replies":[{"embeddable":true,"href":"https:\/\/wp.ufpel.edu.br\/cra\/wp-json\/wp\/v2\/comments?post=59"}],"version-history":[{"count":3,"href":"https:\/\/wp.ufpel.edu.br\/cra\/wp-json\/wp\/v2\/pages\/59\/revisions"}],"predecessor-version":[{"id":11859,"href":"https:\/\/wp.ufpel.edu.br\/cra\/wp-json\/wp\/v2\/pages\/59\/revisions\/11859"}],"up":[{"embeddable":true,"href":"https:\/\/wp.ufpel.edu.br\/cra\/wp-json\/wp\/v2\/pages\/6202"}],"wp:attachment":[{"href":"https:\/\/wp.ufpel.edu.br\/cra\/wp-json\/wp\/v2\/media?parent=59"}],"curies":[{"name":"wp","href":"https:\/\/api.w.org\/{rel}","templated":true}]}}

<p class="has-text-align-left has--font-size">Se você já tem um diploma de nível superior, pode fazer um novo curso de graduação na UFPel. Esta modalidade de ingresso é destinada a quem busca uma nova formação.</p>



<h2 class="wp-block-heading has-text-align-left" style="font-size:16px"><strong><strong><strong>Como funciona o processo seletivo?</strong></strong></strong></h2>



<p class="has-text-align-left has--font-size">A seleção é feita por meio de um edital específico, publicado semestralmente. Fique atento a este documento para conferir:</p>



<ul class="wp-block-list">
<li>Os cursos com vagas disponíveis;</li>



<li>Os critérios de seleção e classificação;</li>



<li>Os documentos necessários para a inscrição;</li>



<li>Os prazos e as datas mais importantes do processo.</li>
</ul>



<h2 class="wp-block-heading has-text-align-left" style="font-size:16px"><strong><strong>Onde encontrar os editais?</strong></strong></h2>



<p class="has-text-align-left has--font-size">Os editais são publicados na página do <strong>Processo Seletivo Complementar</strong>. Clique no link abaixo para consultar as regras e se inscrever.</p>



<h3 class="wp-block-heading" style="font-size:16px"><a href="https://wp.ufpel.edu.br/cra/editais-processo-seletivo-complementar/" data-type="link" data-id="https://wp.ufpel.edu.br/cra/editais-processo-seletivo-complementar/" target="_blank" rel="noreferrer noopener"><strong>Acesse a página do Processo Seletivo Complementar</strong></a></h3>



<h2 class="wp-block-heading has-text-align-left" style="font-size:16px"><strong>Base legal</strong></h2>



<ul class="wp-block-list">
<li><a href="https://wp.ufpel.edu.br/scs/files/2022/09/SEI_UFPel-1868492-Resolucao-45.2022.pdf">Resolução COCEPE Nº 45/2022</a>.&nbsp;</li>
</ul>

<p>Se você já tem um diploma de nível superior, pode fazer um novo curso de graduação na UFPel. Esta modalidade de ingresso é destinada a quem busca uma nova formação.</p>

Ingresse na UFPel para sua segunda graduação. Confira os editais para portador de diploma, conheça os cursos com vagas abertas e saiba como se inscrever.

Portador de Diploma: Faça uma Segunda Graduação na UFPel
