{"id":56,"date":"2015-08-17T09:29:28","date_gmt":"2015-08-17T12:29:28","guid":{"rendered":"https:\/\/wp.ufpel.edu.br\/cra\/?page_id=56"},"modified":"2025-08-22T18:23:03","modified_gmt":"2025-08-22T21:23:03","slug":"transferencia-compulsoria","status":"publish","type":"page","link":"https:\/\/wp.ufpel.edu.br\/cra\/formas-de-ingresso\/transferencia-compulsoria\/","title":{"rendered":"Transfer\u00eancia Compuls\u00f3ria"},"content":{"rendered":"\n<h2 class=\"wp-block-heading\" style=\"font-size:16px\"><strong>O que \u00e9?<\/strong><\/h2>\n\n\n\n<p class=\"has-text-align-left\">\u00c9 a possibilidade de continuar os estudos na UFPel para servidores p\u00fablicos federais, ou seus dependentes, que foram transferidos de cidade por necessidade de servi\u00e7o.<\/p>\n\n\n\n<p class=\"has-text-align-left\">A Transfer\u00eancia Compuls\u00f3ria \u00e9 um direito garantido por lei, o que a torna diferente dos outros processos seletivos:<\/p>\n\n\n\n<ul class=\"wp-block-list\">\n<li>Pode ser solicitada&nbsp;<strong>a qualquer momento<\/strong>&nbsp;do ano.<\/li>\n\n\n\n<li>A vaga \u00e9 garantida,&nbsp;<strong>independente da exist\u00eancia de vagas<\/strong>&nbsp;no curso.<\/li>\n<\/ul>\n\n\n\n<h2 class=\"wp-block-heading\" style=\"font-size:16px\"><strong><strong>Quem pode solicitar a Transfer\u00eancia Compuls\u00f3ria?<\/strong><\/strong><\/h2>\n\n\n\n<ul class=\"wp-block-list\">\n<li>Servidores p\u00fablicos federais (civis ou militares) e seus dependentes.<\/li>\n\n\n\n<li>A condi\u00e7\u00e3o \u00e9 a&nbsp;<strong>transfer\u00eancia por necessidade de servi\u00e7o<\/strong>, que deve ser comprovada.<\/li>\n<\/ul>\n\n\n\n<h2 class=\"wp-block-heading\" style=\"font-size:16px\"><strong><strong><strong>Como solicitar?<\/strong><\/strong><\/strong><\/h2>\n\n\n\n<p class=\"has-text-align-left\">O pedido \u00e9 feito online, pelo site: <strong><a href=\"https:\/\/atendimento.ufpel.edu.br\/osticket\/open.php\">Atendimento UFPel<\/a>.<\/strong><\/p>\n\n\n\n<h3 class=\"wp-block-heading has-16-undefined-undefined-font-size\" style=\"font-size:16px\"><a href=\"https:\/\/drive.google.com\/uc?export=view&amp;id=1hsavB5ipjWnKc0AqDyNcaeSvidA3GkRd\">Baixe o requerimento de transfer\u00eancia compuls\u00f3ria<\/a><\/h3>\n\n\n\n<p class=\"has-16-undefined-undefined-font-size\"><strong>Etapas<\/strong>:<\/p>\n\n\n\n<ol class=\"wp-block-list\">\n<li><strong>Re\u00fana os Documentos:<\/strong>&nbsp;\n<ul class=\"wp-block-list\">\n<li>Requerimento preenchido e assinado.<\/li>\n\n\n\n<li>Documento que comprove a remo\u00e7\u00e3o.<\/li>\n\n\n\n<li>Comprovante de endere\u00e7o (anterior e atualizado).<\/li>\n\n\n\n<li>Comprovante de depend\u00eancia (se for o caso).<\/li>\n\n\n\n<li>Hist\u00f3rico escolar de gradua\u00e7\u00e3o.<\/li>\n\n\n\n<li>Reconhecimento\/autoriza\u00e7\u00e3o do curso.<\/li>\n\n\n\n<li>Forma de ingresso.<\/li>\n\n\n\n<li>Atestado de v\u00ednculo atualizado.<\/li>\n\n\n\n<li>Conte\u00fado program\u00e1tico das disciplinas cursadas.<\/li>\n\n\n\n<li>Comprovante de <a href=\"https:\/\/wp.ufpel.edu.br\/cra\/informacoes-academicas\/taxas-academicas\/\">pagamento da taxa de transfer\u00eancia.<\/a><\/li>\n<\/ul>\n<\/li>\n\n\n\n<li><strong>Fa\u00e7a o Pedido Online:<\/strong> acesse o portal de <a href=\"https:\/\/atendimento.ufpel.edu.br\/osticket\/open.php\">atendimento da UFPel<\/a>, t\u00f3pico: Gradua\u00e7\u00e3o \/ Ingresso.<\/li>\n\n\n\n<li><strong>An\u00e1lise da CRA:<\/strong>&nbsp;A Coordena\u00e7\u00e3o de Registros Acad\u00eamicos verifica a documenta\u00e7\u00e3o e os requisitos legais.<\/li>\n\n\n\n<li><strong>An\u00e1lise do Colegiado:<\/strong>&nbsp;Se aprovado, o Colegiado do seu curso analisa o aproveitamento das disciplinas.<\/li>\n\n\n\n<li><strong>Matr\u00edcula:<\/strong>&nbsp;Com tudo aprovado, voc\u00ea ser\u00e1 orientado solicitar a matr\u00edcula nas disciplinas.<\/li>\n<\/ol>\n\n\n\n<p><strong>Observa\u00e7\u00e3o importante:<\/strong>&nbsp;Se sua transfer\u00eancia for aprovada ap\u00f3s os 15 primeiros dias letivos, sua vaga ser\u00e1 garantida, mas voc\u00ea come\u00e7ar\u00e1 a frequentar as aulas no semestre seguinte.<\/p>\n\n\n\n<h2 class=\"wp-block-heading has-16-undefined-undefined-font-size\" style=\"font-size:16px\"><strong>Base legal:<\/strong><\/h2>\n\n\n\n<p class=\"has-16-undefined-undefined-font-size\"><a href=\"http:\/\/www.planalto.gov.br\/ccivil_03\/leis\/L9536.htm\">Lei Federal N\u00b0 9.536\/1997<\/a><\/p>\n","protected":false},"excerpt":{"rendered":"<p>O que \u00e9? \u00c9 a possibilidade de continuar os estudos na UFPel para servidores p\u00fablicos federais, ou seus dependentes, que foram transferidos de cidade por necessidade de servi\u00e7o. A Transfer\u00eancia Compuls\u00f3ria \u00e9 um direito garantido por lei, o que a torna diferente dos outros processos seletivos: Quem pode solicitar a Transfer\u00eancia Compuls\u00f3ria? Como solicitar? O [&hellip;]<\/p>\n","protected":false},"author":296,"featured_media":0,"parent":6202,"menu_order":0,"comment_status":"closed","ping_status":"closed","template":"","meta":{"advanced_seo_description":"","jetpack_seo_html_title":"","jetpack_seo_noindex":false,"jetpack_post_was_ever_published":false,"footnotes":""},"class_list":["post-56","page","type-page","status-publish","hentry"],"jetpack_sharing_enabled":true,"jetpack_shortlink":"https:\/\/wp.me\/P70cyI-U","jetpack-related-posts":[],"_links":{"self":[{"href":"https:\/\/wp.ufpel.edu.br\/cra\/wp-json\/wp\/v2\/pages\/56","targetHints":{"allow":["GET"]}}],"collection":[{"href":"https:\/\/wp.ufpel.edu.br\/cra\/wp-json\/wp\/v2\/pages"}],"about":[{"href":"https:\/\/wp.ufpel.edu.br\/cra\/wp-json\/wp\/v2\/types\/page"}],"author":[{"embeddable":true,"href":"https:\/\/wp.ufpel.edu.br\/cra\/wp-json\/wp\/v2\/users\/296"}],"replies":[{"embeddable":true,"href":"https:\/\/wp.ufpel.edu.br\/cra\/wp-json\/wp\/v2\/comments?post=56"}],"version-history":[{"count":3,"href":"https:\/\/wp.ufpel.edu.br\/cra\/wp-json\/wp\/v2\/pages\/56\/revisions"}],"predecessor-version":[{"id":11907,"href":"https:\/\/wp.ufpel.edu.br\/cra\/wp-json\/wp\/v2\/pages\/56\/revisions\/11907"}],"up":[{"embeddable":true,"href":"https:\/\/wp.ufpel.edu.br\/cra\/wp-json\/wp\/v2\/pages\/6202"}],"wp:attachment":[{"href":"https:\/\/wp.ufpel.edu.br\/cra\/wp-json\/wp\/v2\/media?parent=56"}],"curies":[{"name":"wp","href":"https:\/\/api.w.org\/{rel}","templated":true}]}}