{"id":48,"date":"2015-08-17T09:26:32","date_gmt":"2015-08-17T12:26:32","guid":{"rendered":"https:\/\/wp.ufpel.edu.br\/cra\/?page_id=48"},"modified":"2025-09-18T13:36:15","modified_gmt":"2025-09-18T16:36:15","slug":"pave","status":"publish","type":"page","link":"https:\/\/wp.ufpel.edu.br\/cra\/formas-de-ingresso\/pave\/","title":{"rendered":"Pave"},"content":{"rendered":"\n<p class=\"has-text-align-left has--font-size\">O PAVE (Programa de Avalia\u00e7\u00e3o da Vida Escolar) \u00e9 o processo seletivo feito para quem ainda est\u00e1 no Ensino M\u00e9dio. No PAVE,&nbsp;<strong>90% das vagas s\u00e3o destinadas a estudantes de escolas p\u00fablicas<\/strong>.<\/p>\n\n\n\n<h2 class=\"wp-block-heading\" style=\"font-size:16px\"><strong>Como funciona o PAVE?<\/strong><\/h2>\n\n\n\n<p class=\"has-text-align-left has--font-size\">\u00c9 um processo dividido em tr\u00eas etapas, com provas anuais que acompanham a sua vida escolar:<\/p>\n\n\n\n<ul class=\"wp-block-list\">\n<li><strong>1\u00aa Etapa:<\/strong>&nbsp;Realizada ao final do seu primeiro ano do Ensino M\u00e9dio.<\/li>\n\n\n\n<li><strong>2\u00aa Etapa:<\/strong>&nbsp;Realizada ao final do seu segundo ano.<\/li>\n\n\n\n<li><strong>3\u00aa Etapa:<\/strong>&nbsp;Realizada ao final do terceiro ano, quando voc\u00ea escolhe o curso que deseja.<\/li>\n<\/ul>\n\n\n\n<h2 class=\"wp-block-heading\" style=\"font-size:16px\"><strong>Acompanhe o Edital!<\/strong><\/h2>\n\n\n\n<p class=\"has-text-align-left has--font-size\">Todas as informa\u00e7\u00f5es, como datas de inscri\u00e7\u00e3o, conte\u00fados e resultados, est\u00e3o no site oficial do PAVE. \u00c9 fundamental acompanhar o site para n\u00e3o perder nenhum prazo.<\/p>\n\n\n\n<h3 class=\"wp-block-heading\" style=\"font-size:16px\"><a href=\"https:\/\/wp.ufpel.edu.br\/pave\/\" data-type=\"link\" data-id=\"https:\/\/wp.ufpel.edu.br\/pave\/\" target=\"_blank\" rel=\"noreferrer noopener\"><strong>Acesse o site do PAVE<\/strong><\/a><\/h3>\n\n\n\n<p><\/p>\n","protected":false},"excerpt":{"rendered":"<p>O PAVE (Programa de Avalia\u00e7\u00e3o da Vida Escolar) \u00e9 o processo seletivo feito para quem ainda est\u00e1 no Ensino M\u00e9dio. No PAVE,&nbsp;90% das vagas s\u00e3o destinadas a estudantes de escolas p\u00fablicas. Como funciona o PAVE? \u00c9 um processo dividido em tr\u00eas etapas, com provas anuais que acompanham a sua vida escolar: Acompanhe o Edital! Todas [&hellip;]<\/p>\n","protected":false},"author":296,"featured_media":0,"parent":6202,"menu_order":0,"comment_status":"closed","ping_status":"closed","template":"","meta":{"advanced_seo_description":"Conhe\u00e7a o PAVE, o processo seletivo seriado onde 90% das vagas s\u00e3o para alunos de escolas p\u00fablicas! Saiba como funcionam as 3 etapas.","jetpack_seo_html_title":"O que \u00e9 o PAVE? | Ingresso Seriado na UFPel","jetpack_seo_noindex":false,"jetpack_post_was_ever_published":false,"footnotes":""},"class_list":["post-48","page","type-page","status-publish","hentry"],"jetpack_sharing_enabled":true,"jetpack_shortlink":"https:\/\/wp.me\/P70cyI-M","jetpack-related-posts":[],"_links":{"self":[{"href":"https:\/\/wp.ufpel.edu.br\/cra\/wp-json\/wp\/v2\/pages\/48","targetHints":{"allow":["GET"]}}],"collection":[{"href":"https:\/\/wp.ufpel.edu.br\/cra\/wp-json\/wp\/v2\/pages"}],"about":[{"href":"https:\/\/wp.ufpel.edu.br\/cra\/wp-json\/wp\/v2\/types\/page"}],"author":[{"embeddable":true,"href":"https:\/\/wp.ufpel.edu.br\/cra\/wp-json\/wp\/v2\/users\/296"}],"replies":[{"embeddable":true,"href":"https:\/\/wp.ufpel.edu.br\/cra\/wp-json\/wp\/v2\/comments?post=48"}],"version-history":[{"count":3,"href":"https:\/\/wp.ufpel.edu.br\/cra\/wp-json\/wp\/v2\/pages\/48\/revisions"}],"predecessor-version":[{"id":12040,"href":"https:\/\/wp.ufpel.edu.br\/cra\/wp-json\/wp\/v2\/pages\/48\/revisions\/12040"}],"up":[{"embeddable":true,"href":"https:\/\/wp.ufpel.edu.br\/cra\/wp-json\/wp\/v2\/pages\/6202"}],"wp:attachment":[{"href":"https:\/\/wp.ufpel.edu.br\/cra\/wp-json\/wp\/v2\/media?parent=48"}],"curies":[{"name":"wp","href":"https:\/\/api.w.org\/{rel}","templated":true}]}}

<p class="has-text-align-left has--font-size">O PAVE (Programa de Avaliação da Vida Escolar) é o processo seletivo feito para quem ainda está no Ensino Médio. No PAVE,&nbsp;<strong>90% das vagas são destinadas a estudantes de escolas públicas</strong>.</p>



<h2 class="wp-block-heading" style="font-size:16px"><strong>Como funciona o PAVE?</strong></h2>



<p class="has-text-align-left has--font-size">É um processo dividido em três etapas, com provas anuais que acompanham a sua vida escolar:</p>



<ul class="wp-block-list">
<li><strong>1ª Etapa:</strong>&nbsp;Realizada ao final do seu primeiro ano do Ensino Médio.</li>



<li><strong>2ª Etapa:</strong>&nbsp;Realizada ao final do seu segundo ano.</li>



<li><strong>3ª Etapa:</strong>&nbsp;Realizada ao final do terceiro ano, quando você escolhe o curso que deseja.</li>
</ul>



<h2 class="wp-block-heading" style="font-size:16px"><strong>Acompanhe o Edital!</strong></h2>



<p class="has-text-align-left has--font-size">Todas as informações, como datas de inscrição, conteúdos e resultados, estão no site oficial do PAVE. É fundamental acompanhar o site para não perder nenhum prazo.</p>



<h3 class="wp-block-heading" style="font-size:16px"><a href="https://wp.ufpel.edu.br/pave/" data-type="link" data-id="https://wp.ufpel.edu.br/pave/" target="_blank" rel="noreferrer noopener"><strong>Acesse o site do PAVE</strong></a></h3>



<p></p>

<p>O PAVE (Programa de Avaliação da Vida Escolar) é o processo seletivo feito para quem ainda está no Ensino Médio. No PAVE,&nbsp;90% das vagas são destinadas a estudantes de escolas públicas. Como funciona o PAVE? É um processo dividido em três etapas, com provas anuais que acompanham a sua vida escolar: Acompanhe o Edital! Todas [&hellip;]</p>

Conheça o PAVE, o processo seletivo seriado onde 90% das vagas são para alunos de escolas públicas! Saiba como funcionam as 3 etapas.

O que é o PAVE? | Ingresso Seriado na UFPel
