{"id":464,"date":"2016-01-08T09:46:22","date_gmt":"2016-01-08T11:46:22","guid":{"rendered":"https:\/\/wp.ufpel.edu.br\/cra\/?page_id=464"},"modified":"2025-08-25T16:07:43","modified_gmt":"2025-08-25T19:07:43","slug":"programa-de-mobilidade-academica","status":"publish","type":"page","link":"https:\/\/wp.ufpel.edu.br\/cra\/informacoes-academicas\/programa-de-mobilidade-academica\/","title":{"rendered":"Mobilidade acad\u00eamica"},"content":{"rendered":"\n<p><strong>O que \u00e9?<\/strong><br>Os Programas de Mobilidade Acad\u00eamica permitem o tr\u00e2nsito discente entre IES nacionais e internacionais, Ele  ter\u00e1 um v\u00ednculo tempor\u00e1rio pelo prazo estipulado, atrav\u00e9s de conv\u00eanios ou acordos de coopera\u00e7\u00e3o entre as Institui\u00e7\u00f5es. <\/p>\n\n\n\n<p class=\"has-16-undefined-undefined-font-size\">Para mais informa\u00e7\u00f5es:<\/p>\n\n\n\n<ul class=\"wp-block-list\">\n<li>Mobilidade acad\u00eamica <strong>nacional:<\/strong> <a href=\"https:\/\/wp.ufpel.edu.br\/pre\/\">N\u00facleo de Programas e Projetos (NUPROP\/CEC\/PRE)<\/a>.<\/li>\n\n\n\n<li>Mobilidade acad\u00eamica <strong>internacional:<\/strong> <a href=\"https:\/\/wp.ufpel.edu.br\/crinter\/\">Coordena\u00e7\u00e3o de Rela\u00e7\u00f5es Internacionais (CRINTER)<\/a>.<\/li>\n<\/ul>\n","protected":false},"excerpt":{"rendered":"<p>O que \u00e9?Os Programas de Mobilidade Acad\u00eamica permitem o tr\u00e2nsito discente entre IES nacionais e internacionais, Ele ter\u00e1 um v\u00ednculo tempor\u00e1rio pelo prazo estipulado, atrav\u00e9s de conv\u00eanios ou acordos de coopera\u00e7\u00e3o entre as Institui\u00e7\u00f5es. Para mais informa\u00e7\u00f5es:<\/p>\n","protected":false},"author":341,"featured_media":0,"parent":6277,"menu_order":0,"comment_status":"closed","ping_status":"closed","template":"","meta":{"advanced_seo_description":"","jetpack_seo_html_title":"","jetpack_seo_noindex":false,"jetpack_post_was_ever_published":false,"footnotes":""},"class_list":["post-464","page","type-page","status-publish","hentry"],"jetpack_sharing_enabled":true,"jetpack_shortlink":"https:\/\/wp.me\/P70cyI-7u","jetpack-related-posts":[],"_links":{"self":[{"href":"https:\/\/wp.ufpel.edu.br\/cra\/wp-json\/wp\/v2\/pages\/464","targetHints":{"allow":["GET"]}}],"collection":[{"href":"https:\/\/wp.ufpel.edu.br\/cra\/wp-json\/wp\/v2\/pages"}],"about":[{"href":"https:\/\/wp.ufpel.edu.br\/cra\/wp-json\/wp\/v2\/types\/page"}],"author":[{"embeddable":true,"href":"https:\/\/wp.ufpel.edu.br\/cra\/wp-json\/wp\/v2\/users\/341"}],"replies":[{"embeddable":true,"href":"https:\/\/wp.ufpel.edu.br\/cra\/wp-json\/wp\/v2\/comments?post=464"}],"version-history":[{"count":3,"href":"https:\/\/wp.ufpel.edu.br\/cra\/wp-json\/wp\/v2\/pages\/464\/revisions"}],"predecessor-version":[{"id":11921,"href":"https:\/\/wp.ufpel.edu.br\/cra\/wp-json\/wp\/v2\/pages\/464\/revisions\/11921"}],"up":[{"embeddable":true,"href":"https:\/\/wp.ufpel.edu.br\/cra\/wp-json\/wp\/v2\/pages\/6277"}],"wp:attachment":[{"href":"https:\/\/wp.ufpel.edu.br\/cra\/wp-json\/wp\/v2\/media?parent=464"}],"curies":[{"name":"wp","href":"https:\/\/api.w.org\/{rel}","templated":true}]}}