{"id":4002,"date":"2021-05-11T17:46:47","date_gmt":"2021-05-11T20:46:47","guid":{"rendered":"https:\/\/wp.ufpel.edu.br\/cra\/?page_id=4002"},"modified":"2021-05-11T17:49:22","modified_gmt":"2021-05-11T20:49:22","slug":"2018-2","status":"publish","type":"page","link":"https:\/\/wp.ufpel.edu.br\/cra\/editais\/editais-processo-seletivo-complementar\/2018-2\/","title":{"rendered":"Processo seletivo complementar 2018\/2"},"content":{"rendered":"<h4 style=\"text-align: center\">PROCESSO SELETIVO COMPLEMENTAR 2018\/2<br \/>\nReingresso, Reop\u00e7\u00e3o, Transfer\u00eancia volunt\u00e1ria, Portador de diploma<\/h4>\n<ul>\n<li>Edital de abertura: <a href=\"https:\/\/wp.ufpel.edu.br\/cra\/files\/2018\/05\/SEI_23110.018753_2018_67.pdf\">Edital CRA N\u00b0 11\/2018<\/a><\/li>\n<li>Resultado Preliminar: <a href=\"https:\/\/wp.ufpel.edu.br\/cra\/files\/2018\/06\/Edital_11-2018_Resultado_Preliminar.pdf\">Edital CRA N\u00b0 11\/2018 &#8211; Resultado Preliminar<\/a><\/li>\n<li>Resultado Final: <a href=\"https:\/\/wp.ufpel.edu.br\/cra\/files\/2018\/07\/SEI_23110.018753_2018_67.pdf\">Edital CRA N\u00b0 11\/2018 &#8211; Resultado Final<\/a>\n<ul>\n<li>Retifica\u00e7\u00e3o: <a href=\"https:\/\/wp.ufpel.edu.br\/cra\/files\/2018\/07\/Retifica%C3%A7%C3%A3o-resultado-edital-112018.pdf\">Edital CRA N\u00ba 11\/2018 &#8211; Retifica\u00e7\u00e3o Resultado Final<\/a><\/li>\n<\/ul>\n<\/li>\n<li>Convoca\u00e7\u00e3o de excedentes\n<ul>\n<li><a href=\"https:\/\/wp.ufpel.edu.br\/cra\/files\/2018\/08\/SEI_23110.018753_2018_67.pdf\">Convoca\u00e7\u00e3o N\u00ba 001\/2018\/CRA<\/a><\/li>\n<\/ul>\n<\/li>\n<\/ul>\n<p>&nbsp;<\/p>\n<hr \/>\n<h4 style=\"text-align: center\">PROCESSO SELETIVO COMPLEMENTAR 2018\/2<br \/>\nPortador de diploma &#8211; Simplificado<\/h4>\n<ul>\n<li>Edital de abertura: <a href=\"https:\/\/wp.ufpel.edu.br\/cra\/files\/2018\/07\/SEI_23110.034389_2018_82.pdf\">Edital CRA N\u00b0 16\/2018<\/a>\n<ul>\n<li>Retifica\u00e7\u00e3o: <a href=\"https:\/\/wp.ufpel.edu.br\/cra\/files\/2018\/07\/SEI_23110.034389_2018_82-1.pdf\">Edital N\u00ba 16\/2018 &#8211; Retifica\u00e7\u00e3o<\/a><\/li>\n<\/ul>\n<\/li>\n<li>Resultado Preliminar: <a href=\"https:\/\/wp.ufpel.edu.br\/cra\/files\/2018\/08\/Resultado-Preliminar.pdf\">Edital CRA N\u00ba 16\/2018 &#8211; Resultado Preliminar<\/a><\/li>\n<li>Resultado Final: <a href=\"https:\/\/wp.ufpel.edu.br\/cra\/files\/2018\/08\/SEI_23110.034389_2018_82.pdf\">Edital CRA N\u00ba 16\/2018 &#8211; Resultado Final<\/a><\/li>\n<\/ul>\n","protected":false},"excerpt":{"rendered":"<p>PROCESSO SELETIVO COMPLEMENTAR 2018\/2 Reingresso, Reop\u00e7\u00e3o, Transfer\u00eancia volunt\u00e1ria, Portador de diploma Edital de abertura: Edital CRA N\u00b0 11\/2018 Resultado Preliminar: Edital CRA N\u00b0 11\/2018 &#8211; Resultado Preliminar Resultado Final: Edital CRA N\u00b0 11\/2018 &#8211; Resultado Final Retifica\u00e7\u00e3o: Edital CRA N\u00ba 11\/2018 &#8211; Retifica\u00e7\u00e3o Resultado Final Convoca\u00e7\u00e3o de excedentes Convoca\u00e7\u00e3o N\u00ba 001\/2018\/CRA &nbsp; PROCESSO SELETIVO COMPLEMENTAR [&hellip;]<\/p>\n","protected":false},"author":743,"featured_media":0,"parent":3962,"menu_order":0,"comment_status":"closed","ping_status":"closed","template":"","meta":{"advanced_seo_description":"","jetpack_seo_html_title":"","jetpack_seo_noindex":false,"jetpack_post_was_ever_published":false,"footnotes":""},"class_list":["post-4002","page","type-page","status-publish","hentry"],"jetpack_sharing_enabled":true,"jetpack_shortlink":"https:\/\/wp.me\/P70cyI-12y","jetpack-related-posts":[],"_links":{"self":[{"href":"https:\/\/wp.ufpel.edu.br\/cra\/wp-json\/wp\/v2\/pages\/4002","targetHints":{"allow":["GET"]}}],"collection":[{"href":"https:\/\/wp.ufpel.edu.br\/cra\/wp-json\/wp\/v2\/pages"}],"about":[{"href":"https:\/\/wp.ufpel.edu.br\/cra\/wp-json\/wp\/v2\/types\/page"}],"author":[{"embeddable":true,"href":"https:\/\/wp.ufpel.edu.br\/cra\/wp-json\/wp\/v2\/users\/743"}],"replies":[{"embeddable":true,"href":"https:\/\/wp.ufpel.edu.br\/cra\/wp-json\/wp\/v2\/comments?post=4002"}],"version-history":[{"count":1,"href":"https:\/\/wp.ufpel.edu.br\/cra\/wp-json\/wp\/v2\/pages\/4002\/revisions"}],"predecessor-version":[{"id":4004,"href":"https:\/\/wp.ufpel.edu.br\/cra\/wp-json\/wp\/v2\/pages\/4002\/revisions\/4004"}],"up":[{"embeddable":true,"href":"https:\/\/wp.ufpel.edu.br\/cra\/wp-json\/wp\/v2\/pages\/3962"}],"wp:attachment":[{"href":"https:\/\/wp.ufpel.edu.br\/cra\/wp-json\/wp\/v2\/media?parent=4002"}],"curies":[{"name":"wp","href":"https:\/\/api.w.org\/{rel}","templated":true}]}}

<h4 style="text-align: center">PROCESSO SELETIVO COMPLEMENTAR 2018/2<br />
Reingresso, Reopção, Transferência voluntária, Portador de diploma</h4>
<ul>
<li>Edital de abertura: <a href="https://wp.ufpel.edu.br/cra/files/2018/05/SEI_23110.018753_2018_67.pdf">Edital CRA N° 11/2018</a></li>
<li>Resultado Preliminar: <a href="https://wp.ufpel.edu.br/cra/files/2018/06/Edital_11-2018_Resultado_Preliminar.pdf">Edital CRA N° 11/2018 &#8211; Resultado Preliminar</a></li>
<li>Resultado Final: <a href="https://wp.ufpel.edu.br/cra/files/2018/07/SEI_23110.018753_2018_67.pdf">Edital CRA N° 11/2018 &#8211; Resultado Final</a>
<ul>
<li>Retificação: <a href="https://wp.ufpel.edu.br/cra/files/2018/07/Retifica%C3%A7%C3%A3o-resultado-edital-112018.pdf">Edital CRA Nº 11/2018 &#8211; Retificação Resultado Final</a></li>
</ul>
</li>
<li>Convocação de excedentes
<ul>
<li><a href="https://wp.ufpel.edu.br/cra/files/2018/08/SEI_23110.018753_2018_67.pdf">Convocação Nº 001/2018/CRA</a></li>
</ul>
</li>
</ul>
<p>&nbsp;</p>
<hr />
<h4 style="text-align: center">PROCESSO SELETIVO COMPLEMENTAR 2018/2<br />
Portador de diploma &#8211; Simplificado</h4>
<ul>
<li>Edital de abertura: <a href="https://wp.ufpel.edu.br/cra/files/2018/07/SEI_23110.034389_2018_82.pdf">Edital CRA N° 16/2018</a>
<ul>
<li>Retificação: <a href="https://wp.ufpel.edu.br/cra/files/2018/07/SEI_23110.034389_2018_82-1.pdf">Edital Nº 16/2018 &#8211; Retificação</a></li>
</ul>
</li>
<li>Resultado Preliminar: <a href="https://wp.ufpel.edu.br/cra/files/2018/08/Resultado-Preliminar.pdf">Edital CRA Nº 16/2018 &#8211; Resultado Preliminar</a></li>
<li>Resultado Final: <a href="https://wp.ufpel.edu.br/cra/files/2018/08/SEI_23110.034389_2018_82.pdf">Edital CRA Nº 16/2018 &#8211; Resultado Final</a></li>
</ul>

<p>PROCESSO SELETIVO COMPLEMENTAR 2018/2 Reingresso, Reopção, Transferência voluntária, Portador de diploma Edital de abertura: Edital CRA N° 11/2018 Resultado Preliminar: Edital CRA N° 11/2018 &#8211; Resultado Preliminar Resultado Final: Edital CRA N° 11/2018 &#8211; Resultado Final Retificação: Edital CRA Nº 11/2018 &#8211; Retificação Resultado Final Convocação de excedentes Convocação Nº 001/2018/CRA &nbsp; PROCESSO SELETIVO COMPLEMENTAR [&hellip;]</p>
