{"id":359,"date":"2015-12-01T12:46:49","date_gmt":"2015-12-01T14:46:49","guid":{"rendered":"https:\/\/wp.ufpel.edu.br\/cra\/?page_id=359"},"modified":"2026-02-10T14:42:26","modified_gmt":"2026-02-10T17:42:26","slug":"contato","status":"publish","type":"page","link":"https:\/\/wp.ufpel.edu.br\/cra\/contato\/","title":{"rendered":"Contato"},"content":{"rendered":"\n<p class=\"has-16-font-size\"><strong>Atendimento:&nbsp;<\/strong>de segunda \u00e0 sexta-feira, das 8h \u00e0s 20h.<\/p>\n\n\n\n<ul class=\"wp-block-list\">\n<li><strong>online<\/strong>:&nbsp;<a href=\"https:\/\/wp.ufpel.edu.br\/perguntas\/solicitar-atendimento\/\">Solicitar atendimento<\/a><\/li>\n\n\n\n<li><strong>presencial<\/strong>:&nbsp;Rua Gomes Carneiro, n\u00ba 01, Campus Anglo, Sala 106A<\/li>\n\n\n\n<li><strong>telefone<\/strong>:&nbsp;+55 (53) 3284 4067<\/li>\n<\/ul>\n\n\n\n<p>Observa\u00e7\u00e3o: O atendimento \u00e9 feito, preferencialmente, pela plataforma de atendimento online ou presencial.<\/p>\n\n\n\n<hr class=\"wp-block-separator has-alpha-channel-opacity\"\/>\n\n\n\n<h2 class=\"wp-block-heading has-18-font-size has-text-color has-link-color wp-elements-fa0aafd66ea566c06a52cb7cacc78df5\" style=\"color:#5b619e\"><strong>Coordena\u00e7\u00e3o de Registros Acad\u00eamicos (CRA)<\/strong><\/h2>\n\n\n\n<p class=\"has-text-align-left has--font-size\">\u00d3rg\u00e3o respons\u00e1vel por realizar o registro da vida acad\u00eamica do estudante dos cursos de gradua\u00e7\u00e3o, desde seu ingresso at\u00e9 sua diploma\u00e7\u00e3o.<\/p>\n\n\n\n<p class=\"has-text-align-left has-16-font-size has--font-size\">Coordenadora: Emileni Tessmer<br>Endere\u00e7o: Rua Gomes Carneiro, n\u00ba 01, Campus Anglo, Sala 108A<br>Centro, Pelotas-RS, CEP 96010-610<br>Hor\u00e1rio: 8h \u00e0s 12h \/ 14h \u00e0s 18h<\/p>\n\n\n\n<h3 class=\"wp-block-heading has-18-font-size has-text-color has-link-color wp-elements-cb23d5284115e28196005b24eeddf8d2\" style=\"color:#5b619e\"><strong><strong>N\u00facleo de Registros de Diplomas (NRD)<\/strong><\/strong><\/h3>\n\n\n\n<p class=\"has-text-align-left has--font-size\">\u00d3rg\u00e3o respons\u00e1vel por emitir e registrar os diplomas de gradua\u00e7\u00e3o conferidos por essa Institui\u00e7\u00e3o, bem como  suas segundas vias; emitir e registrar diplomas de Men\u00e7\u00e3o Honrosa; registrar diplomas de gradua\u00e7\u00e3o de Institui\u00e7\u00f5es Isoladas de Ensino Superior; expedir e registrar apostilas de diplomas de gradua\u00e7\u00e3o revalidados pela UFPel; certificar a autenticidade dos documentos registrados neste N\u00facleo; produzir e guardar os livros de todos os registros realizados pelo N\u00facleo; realizar publica\u00e7\u00f5es peri\u00f3dicas no D.O.U. conforme determina\u00e7\u00e3o legal; atender e prestar informa\u00e7\u00f5es ao p\u00fablico externo e interno sobre a tramita\u00e7\u00e3o dos processos de diploma\u00e7\u00e3o.<\/p>\n\n\n\n<p class=\"has-text-align-left has-16-font-size has--font-size\">Chefe: Luciana Debli Kr\u00fcger<br>Endere\u00e7o: Rua Gomes Carneiro, n\u00ba 01, Campus Anglo, Sala 111A<br>Centro, Pelotas-RS, CEP 96010-610<br>Hor\u00e1rio: 8h \u00e0s 12h \/ 14h \u00e0s 18h<br>E-mail: diplomas@ufpel.edu.br<br>E-mail: diplomaspos@ufpel.edu.br<\/p>\n\n\n\n<h3 class=\"wp-block-heading has-18-font-size has-text-color has-link-color wp-elements-76972c2d1dd913f8247da5a28ca3eda7\" style=\"color:#5b619e\"><strong><strong><strong>N\u00facleo de Registros e Integraliza\u00e7\u00e3o Curricular (NRIC<\/strong>)<\/strong><\/strong><\/h3>\n\n\n\n<p class=\"has-text-align-left has--font-size\">\u00d3rg\u00e3o respons\u00e1vel pelo cadastro e atualiza\u00e7\u00e3o das matrizes curriculares no sistema acad\u00eamico; por homologar as libera\u00e7\u00f5es para cola\u00e7\u00e3o de grau, conferindo o cumprimento das exig\u00eancias para conclus\u00e3o de curso previstas no PPC e na legisla\u00e7\u00e3o educacional vigente, assim como a regularidade do discente no ENADE; pelo encaminhamento, para registro, dos processos de diploma\u00e7\u00e3o e de Men\u00e7\u00e3o Honrosa, e atualiza\u00e7\u00e3o dos hist\u00f3ricos finais. Tamb\u00e9m \u00e9 respons\u00e1vel pelo registro das atividades de Forma\u00e7\u00e3o Livre e mensagens para atualiza\u00e7\u00e3o do hist\u00f3rico dos estudantes; por certificar a autenticidade dos documentos registrados neste N\u00facleo e por atender e prestar informa\u00e7\u00f5es ao p\u00fablico externo e interno sobre os processos de responsabilidade do N\u00facleo.<\/p>\n\n\n\n<p class=\"has-text-align-left has-16-font-size has--font-size\">Chefe: Cristina Bonow Rodrigues<br>Endere\u00e7o: Rua Gomes Carneiro, n\u00ba 01, Campus Anglo, Sala 108A<br>Centro, Pelotas-RS, CEP 96010-610<br>Hor\u00e1rio: 8h \u00e0s 12h \/ 14h \u00e0s 18h<\/p>\n\n\n\n<h3 class=\"wp-block-heading has-18-font-size has-text-color has-link-color wp-elements-fd97514dbd50cd95e19d5b975434dbea\" style=\"color:#5b619e\"><strong><strong><strong><strong>N\u00facleo de Processos Seletivos (NPS)<\/strong><\/strong><\/strong><\/strong><\/h3>\n\n\n\n<p class=\"has-text-align-left has--font-size\">\u00d3rg\u00e3o respons\u00e1vel pela idealiza\u00e7\u00e3o, planejamento, realiza\u00e7\u00e3o e divulga\u00e7\u00e3o dos processos seletivos pr\u00f3prios para ingresso de estudantes nos cursos de gradua\u00e7\u00e3o, bem como sua qualifica\u00e7\u00e3o a partir de pesquisa e articula\u00e7\u00e3o da UFPel com as escolas de educa\u00e7\u00e3o b\u00e1sica, em especial as de Ensino M\u00e9dio. Respons\u00e1vel, ainda, pelo atendimento \u00e0 comunidade em geral no que tange aos processos seletivos sob sua responsabilidade, contribuindo para a promo\u00e7\u00e3o dos cursos ofertados e para a valoriza\u00e7\u00e3o da Institui\u00e7\u00e3o.<\/p>\n\n\n\n<p class=\"has-text-align-left has-16-font-size has--font-size\">Chefe: La\u00eds Basso<br>Endere\u00e7o: Rua Gomes Carneiro, n\u00ba 01, Campus Anglo, Sala 108A<br>Centro, Pelotas-RS, CEP 96010-610<br>Hor\u00e1rio: 8h \u00e0s 12h \/ 14h \u00e0s 18h<\/p>\n\n\n\n<h3 class=\"wp-block-heading has-18-font-size has-text-color has-link-color wp-elements-5509c1f9183c033e9135badeb301e399\" style=\"color:#5b619e\"><strong><strong><strong><strong><strong>N\u00facleo de Matr\u00edculas e Controle Acad\u00eamico (NMCA)<\/strong> <\/strong><\/strong><\/strong><\/strong><\/h3>\n\n\n\n<p class=\"has-text-align-left has--font-size\">\u00d3rg\u00e3o respons\u00e1vel pelos processos de cadastro e matr\u00edcula dos ingressantes e de rematr\u00edcula dos alunos regulares dos cursos de gradua\u00e7\u00e3o. Tamb\u00e9m \u00e9 respons\u00e1vel pela publica\u00e7\u00e3o de editais para ocupa\u00e7\u00e3o de vagas remanescentes, pelo registro de mobilidades, trancamentos de matr\u00edcula, desligamentos e cancelamentos de estudantes e, ainda, pelo registro de notas e aproveitamento de estudos. Prestando atendimento aos colegiados de curso, departamentos e c\u00e2maras de ensino, gerenciando as funcionalidades do sistema Cobalto de acordo com as defini\u00e7\u00f5es do Calend\u00e1rio Acad\u00eamico.<\/p>\n\n\n\n<p class=\"has-text-align-left has-16-font-size has--font-size\">Chefe: Naira dos Santos Costa<br>Endere\u00e7o: Rua Gomes Carneiro, n\u00ba 01, Campus Anglo, Sala 108A<br>Centro, Pelotas-RS, CEP 96010-610<br>Hor\u00e1rio: 8h \u00e0s 12h \/ 14h \u00e0s 18h<\/p>\n\n\n\n<h4 class=\"wp-block-heading has-18-font-size has-text-color has-link-color wp-elements-30941987d8c7c056760fd9d41388aa2a\" style=\"color:#5b619e\"><strong><strong><strong><strong><strong><strong>Se\u00e7\u00e3o de Atendimento e Informa\u00e7\u00e3o (SAI)<\/strong><\/strong><\/strong><\/strong><\/strong><\/strong><\/h4>\n\n\n\n<p class=\"has-text-align-left has--font-size\">\u00d3rg\u00e3o respons\u00e1vel por prestar atendimento aos alunos e \u00e0 comunidade em geral, com vistas ao fornecimento de informa\u00e7\u00f5es e documentos relativos aos processos que envolvem o registro da vida acad\u00eamica e ao trabalho desenvolvido na coordena\u00e7\u00e3o.<\/p>\n\n\n\n<p class=\"has-text-align-left has-16-font-size has--font-size\">Chefe: Jo\u00e3o Francisco Ferreira Pinto<br>Endere\u00e7o: Rua Gomes Carneiro, n\u00ba 01, Campus Anglo, Sala 106A<br>Centro, Pelotas-RS, CEP 96010-610<br>Hor\u00e1rio: 8h \u00e0s 20h<\/p>\n\n\n\n<figure class=\"wp-block-table\"><table><tbody><tr><td><strong>Nome<\/strong><\/td><td><strong>Segunda<\/strong><\/td><td><strong>Ter\u00e7a<\/strong><\/td><td><strong>Quarta<\/strong><\/td><td><strong>Quinta<\/strong><\/td><td><strong>Sexta<\/strong><\/td><\/tr><tr><td>Igor Manuel Rasch Menna<\/td><td>08h \u00e0s 14h<\/td><td>14h \u00e0s 20h<\/td><td>08h \u00e0s 14h<\/td><td>14h \u00e0s 20h<\/td><td>14h \u00e0s 20h<\/td><\/tr><tr><td>Jo\u00e3o Francisco Ferreira Pinto<\/td><td>14h \u00e0s 20h<\/td><td>08h \u00e0s 14h<\/td><td>14h \u00e0s 20h<\/td><td>08h \u00e0s 14h<\/td><td>08h \u00e0s 14h<\/td><\/tr><\/tbody><\/table><\/figure>\n\n\n\n<h4 class=\"wp-block-heading has-18-font-size has-text-color has-link-color wp-elements-0a52b6f0d85a4088aadbfefda406d26d\" style=\"color:#5b619e\"><strong><strong><strong><strong><strong><strong><strong>Se\u00e7\u00e3o de Apoio Administrativo (SAA)<\/strong><\/strong><\/strong><\/strong><\/strong><\/strong><\/strong><\/h4>\n\n\n\n<p class=\"has-text-align-left has--font-size\">\u00d3rg\u00e3o respons\u00e1vel por apoiar as atividades administrativas da Coordena\u00e7\u00e3o, publicando os editais e convoca\u00e7\u00f5es de matr\u00edcula e editais de sele\u00e7\u00e3o para vagas remanescentes, organizando e atuando em todo processo de sele\u00e7\u00e3o desde o recebimento das inscri\u00e7\u00f5es at\u00e9 a divulga\u00e7\u00e3o dos resultados finais. \u00c9 respons\u00e1vel, tamb\u00e9m, pelo acompanhamento da ocupa\u00e7\u00e3o de vagas e resultados das an\u00e1lises de ingressantes cotistas.<\/p>\n\n\n\n<p class=\"has-text-align-left has-16-font-size has--font-size\">Chefe: Julia Wickboldt Stark<br>Endere\u00e7o: Rua Gomes Carneiro, n\u00ba 01, Campus Anglo, Sala 108A<br>Centro, Pelotas-RS, CEP 96010-610<br>Hor\u00e1rio: 8h \u00e0s 12h \/ 14h \u00e0s 18h<br><\/p>\n","protected":false},"excerpt":{"rendered":"<p>Atendimento:&nbsp;de segunda \u00e0 sexta-feira, das 8h \u00e0s 20h. Observa\u00e7\u00e3o: O atendimento \u00e9 feito, preferencialmente, pela plataforma de atendimento online ou presencial. Coordena\u00e7\u00e3o de Registros Acad\u00eamicos (CRA) \u00d3rg\u00e3o respons\u00e1vel por realizar o registro da vida acad\u00eamica do estudante dos cursos de gradua\u00e7\u00e3o, desde seu ingresso at\u00e9 sua diploma\u00e7\u00e3o. Coordenadora: Emileni TessmerEndere\u00e7o: Rua Gomes Carneiro, n\u00ba 01, [&hellip;]<\/p>\n","protected":false},"author":341,"featured_media":0,"parent":0,"menu_order":0,"comment_status":"closed","ping_status":"closed","template":"page-sem-sidebar.php","meta":{"advanced_seo_description":"Entre em contato com a Coordena\u00e7\u00e3o de Registros Acad\u00eamicos da UFPel. Atendimento presencial, online e telef\u00f4nico para estudantes e comunidade.","jetpack_seo_html_title":"Contato \u2013 Coordena\u00e7\u00e3o de Registros Acad\u00eamicos UFPel","jetpack_seo_noindex":false,"jetpack_post_was_ever_published":false,"footnotes":""},"class_list":["post-359","page","type-page","status-publish","hentry"],"jetpack_sharing_enabled":true,"jetpack_shortlink":"https:\/\/wp.me\/P70cyI-5N","jetpack-related-posts":[],"_links":{"self":[{"href":"https:\/\/wp.ufpel.edu.br\/cra\/wp-json\/wp\/v2\/pages\/359","targetHints":{"allow":["GET"]}}],"collection":[{"href":"https:\/\/wp.ufpel.edu.br\/cra\/wp-json\/wp\/v2\/pages"}],"about":[{"href":"https:\/\/wp.ufpel.edu.br\/cra\/wp-json\/wp\/v2\/types\/page"}],"author":[{"embeddable":true,"href":"https:\/\/wp.ufpel.edu.br\/cra\/wp-json\/wp\/v2\/users\/341"}],"replies":[{"embeddable":true,"href":"https:\/\/wp.ufpel.edu.br\/cra\/wp-json\/wp\/v2\/comments?post=359"}],"version-history":[{"count":3,"href":"https:\/\/wp.ufpel.edu.br\/cra\/wp-json\/wp\/v2\/pages\/359\/revisions"}],"predecessor-version":[{"id":12462,"href":"https:\/\/wp.ufpel.edu.br\/cra\/wp-json\/wp\/v2\/pages\/359\/revisions\/12462"}],"wp:attachment":[{"href":"https:\/\/wp.ufpel.edu.br\/cra\/wp-json\/wp\/v2\/media?parent=359"}],"curies":[{"name":"wp","href":"https:\/\/api.w.org\/{rel}","templated":true}]}}