{"id":3380,"date":"2020-07-24T18:39:45","date_gmt":"2020-07-24T21:39:45","guid":{"rendered":"https:\/\/wp.ufpel.edu.br\/cra\/?page_id=3380"},"modified":"2025-09-22T09:18:30","modified_gmt":"2025-09-22T12:18:30","slug":"historico-parcial","status":"publish","type":"page","link":"https:\/\/wp.ufpel.edu.br\/cra\/informacoes-academicas\/historico-parcial\/","title":{"rendered":"Hist\u00f3rico parcial"},"content":{"rendered":"\n<p class=\"has-16-undefined-undefined-font-size\"><b>O que \u00e9?<\/b><\/p>\n\n\n\n<p class=\"has-16-undefined-undefined-font-size\"><span style=\"font-weight: 400;\">O Hist\u00f3rico Escolar \u00e9 o documento oficial que registra o desempenho acad\u00eamico, incluindo todas as disciplinas cursadas, notas, frequ\u00eancia e carga hor\u00e1ria.<\/span><\/p>\n\n\n\n<p class=\"has-16-undefined-undefined-font-size\"><b>Como solicitar?<\/b><\/p>\n\n\n\n<ul class=\"wp-block-list\">\n<li><strong>Estudantes vinculados \u00e0 UFPel:<\/strong><span style=\"font-weight: 400;\">  pelo  <strong>Cobalto<\/strong>, no menu: Aluno > Consultas > <strong>Hist\u00f3rico<\/strong>, clicando em \u201cImprimir\u201d.<\/span><\/li>\n\n\n\n<li><strong>Estudantes<\/strong> <strong>que n\u00e3o possuem mais v\u00ednculo: <\/strong>presencialmente na <strong>Coordena\u00e7\u00e3o de Registros Acad\u00eamicos<\/strong> ou via\u00a0<a href=\"https:\/\/atendimento.ufpel.edu.br\/\">https:\/\/atendimento.ufpel.edu.br\/<\/a>. Haver\u00e1 uma <a href=\"https:\/\/wp.ufpel.edu.br\/cra\/taxas-academicas\/\">taxa<\/a> para a emiss\u00e3o do documento. <span style=\"font-weight: 400;\">Somente ser\u00e1 entregue o documento ao pr\u00f3prio estudante ou ao seu procurador legal.<\/span><\/li>\n<\/ul>\n\n\n\n<p><\/p>\n","protected":false},"excerpt":{"rendered":"<p>O que \u00e9? O Hist\u00f3rico Escolar \u00e9 o documento oficial que registra o desempenho acad\u00eamico, incluindo todas as disciplinas cursadas, notas, frequ\u00eancia e carga hor\u00e1ria. Como solicitar?<\/p>\n","protected":false},"author":341,"featured_media":0,"parent":6277,"menu_order":0,"comment_status":"closed","ping_status":"closed","template":"","meta":{"advanced_seo_description":"","jetpack_seo_html_title":"","jetpack_seo_noindex":false,"jetpack_post_was_ever_published":false,"footnotes":""},"class_list":["post-3380","page","type-page","status-publish","hentry"],"jetpack_sharing_enabled":true,"jetpack_shortlink":"https:\/\/wp.me\/P70cyI-Sw","jetpack-related-posts":[],"_links":{"self":[{"href":"https:\/\/wp.ufpel.edu.br\/cra\/wp-json\/wp\/v2\/pages\/3380","targetHints":{"allow":["GET"]}}],"collection":[{"href":"https:\/\/wp.ufpel.edu.br\/cra\/wp-json\/wp\/v2\/pages"}],"about":[{"href":"https:\/\/wp.ufpel.edu.br\/cra\/wp-json\/wp\/v2\/types\/page"}],"author":[{"embeddable":true,"href":"https:\/\/wp.ufpel.edu.br\/cra\/wp-json\/wp\/v2\/users\/341"}],"replies":[{"embeddable":true,"href":"https:\/\/wp.ufpel.edu.br\/cra\/wp-json\/wp\/v2\/comments?post=3380"}],"version-history":[{"count":3,"href":"https:\/\/wp.ufpel.edu.br\/cra\/wp-json\/wp\/v2\/pages\/3380\/revisions"}],"predecessor-version":[{"id":12096,"href":"https:\/\/wp.ufpel.edu.br\/cra\/wp-json\/wp\/v2\/pages\/3380\/revisions\/12096"}],"up":[{"embeddable":true,"href":"https:\/\/wp.ufpel.edu.br\/cra\/wp-json\/wp\/v2\/pages\/6277"}],"wp:attachment":[{"href":"https:\/\/wp.ufpel.edu.br\/cra\/wp-json\/wp\/v2\/media?parent=3380"}],"curies":[{"name":"wp","href":"https:\/\/api.w.org\/{rel}","templated":true}]}}