{"id":3373,"date":"2020-07-24T18:25:37","date_gmt":"2020-07-24T21:25:37","guid":{"rendered":"https:\/\/wp.ufpel.edu.br\/cra\/?page_id=3373"},"modified":"2024-02-07T13:09:06","modified_gmt":"2024-02-07T16:09:06","slug":"ata-de-colacao-de-grau-formatura","status":"publish","type":"page","link":"https:\/\/wp.ufpel.edu.br\/cra\/informacoes-academicas\/ata-de-colacao-de-grau-formatura\/","title":{"rendered":"Ata de Cola\u00e7\u00e3o de grau (Formatura)"},"content":{"rendered":"\n<p class=\"has-16-undefined-undefined-font-size\"><b>Defini\u00e7\u00e3o<\/b><br><span style=\"font-weight: 400;\">A ata de cola\u00e7\u00e3o de grau \u00e9 o documento formal e registro oficial da cerim\u00f4nia de formatura institucional interna ou institucional externa<\/span>.<span style=\"font-weight: 400;\"> No documento dever\u00e1 constar seu n\u00famero, o per\u00edodo letivo referente \u00e0 cerim\u00f4nia, a data em que ocorreu a solenidade e o nome de cada formando. A ata dever\u00e1 ser assinada pelo(a) diretor(a) da unidade acad\u00eamica respons\u00e1vel pela cerim\u00f4nia.<\/span><\/p>\n\n\n\n<p class=\"has-16-undefined-undefined-font-size\"><span style=\"font-weight: 400;\">A unidade acad\u00eamica ter\u00e1 5 dias \u00fateis ap\u00f3s a data da cola\u00e7\u00e3o de grau para encaminhar o documento \u00e0 CRA, conforme o Regulamento do Ensino de Gradua\u00e7\u00e3o, por\u00e9m somente ap\u00f3s seu recebimento a CRA poder\u00e1 registrar a situa\u00e7\u00e3o de \u201cformado\u201d para os alunos que colaram grau, dando prosseguimento ao processo de diploma\u00e7\u00e3o. <\/span><\/p>\n\n\n\n<p class=\"has-16-undefined-undefined-font-size\"><span style=\"font-weight: 400;\">O registro de \u201cformado\u201d tamb\u00e9m possibilita o acesso, pelo aluno formado, ao seu certificado de conclus\u00e3o de curso, com verificador de autenticidade, no sistema acad\u00eamico.<\/span><\/p>\n\n\n\n<p class=\"has-16-undefined-undefined-font-size\"><strong>Fluxograma<\/strong><\/p>\n\n\n\n<figure class=\"wp-block-table is-style-stripes\"><table><tbody><tr><td>Respons\u00e1vel<\/td><td>Procedimento<\/td><\/tr><tr><td><span style=\"font-weight: 400;\">Dire\u00e7\u00e3o da unidade acad\u00eamica<\/span><\/td><td>&#8211; <span style=\"font-weight: 400;\">Redigir, assinar e encaminhar a ata, via SEI, \u00e0 CRA.<\/span><\/td><\/tr><tr><td>CRA<\/td><td>&#8211; Registrar no sistema acad\u00eamico a situa\u00e7\u00e3o de \u201cformado\u201d para os alunos constantes como graduados na ata de cola\u00e7\u00e3o de grau.<\/td><\/tr><\/tbody><\/table><\/figure>\n","protected":false},"excerpt":{"rendered":"<p>Defini\u00e7\u00e3oA ata de cola\u00e7\u00e3o de grau \u00e9 o documento formal e registro oficial da cerim\u00f4nia de formatura institucional interna ou institucional externa. No documento dever\u00e1 constar seu n\u00famero, o per\u00edodo letivo referente \u00e0 cerim\u00f4nia, a data em que ocorreu a solenidade e o nome de cada formando. A ata dever\u00e1 ser assinada pelo(a) diretor(a) da [&hellip;]<\/p>\n","protected":false},"author":341,"featured_media":0,"parent":6277,"menu_order":0,"comment_status":"closed","ping_status":"closed","template":"","meta":{"advanced_seo_description":"","jetpack_seo_html_title":"","jetpack_seo_noindex":false,"jetpack_post_was_ever_published":false,"footnotes":""},"class_list":["post-3373","page","type-page","status-publish","hentry"],"jetpack_sharing_enabled":true,"jetpack_shortlink":"https:\/\/wp.me\/P70cyI-Sp","jetpack-related-posts":[],"_links":{"self":[{"href":"https:\/\/wp.ufpel.edu.br\/cra\/wp-json\/wp\/v2\/pages\/3373","targetHints":{"allow":["GET"]}}],"collection":[{"href":"https:\/\/wp.ufpel.edu.br\/cra\/wp-json\/wp\/v2\/pages"}],"about":[{"href":"https:\/\/wp.ufpel.edu.br\/cra\/wp-json\/wp\/v2\/types\/page"}],"author":[{"embeddable":true,"href":"https:\/\/wp.ufpel.edu.br\/cra\/wp-json\/wp\/v2\/users\/341"}],"replies":[{"embeddable":true,"href":"https:\/\/wp.ufpel.edu.br\/cra\/wp-json\/wp\/v2\/comments?post=3373"}],"version-history":[{"count":7,"href":"https:\/\/wp.ufpel.edu.br\/cra\/wp-json\/wp\/v2\/pages\/3373\/revisions"}],"predecessor-version":[{"id":9827,"href":"https:\/\/wp.ufpel.edu.br\/cra\/wp-json\/wp\/v2\/pages\/3373\/revisions\/9827"}],"up":[{"embeddable":true,"href":"https:\/\/wp.ufpel.edu.br\/cra\/wp-json\/wp\/v2\/pages\/6277"}],"wp:attachment":[{"href":"https:\/\/wp.ufpel.edu.br\/cra\/wp-json\/wp\/v2\/media?parent=3373"}],"curies":[{"name":"wp","href":"https:\/\/api.w.org\/{rel}","templated":true}]}}

Ata de Colação de grau (Formatura)

<p class="has-16-undefined-undefined-font-size"><b>Definição</b><br><span style="font-weight: 400;">A ata de colação de grau é o documento formal e registro oficial da cerimônia de formatura institucional interna ou institucional externa</span>.<span style="font-weight: 400;"> No documento deverá constar seu número, o período letivo referente à cerimônia, a data em que ocorreu a solenidade e o nome de cada formando. A ata deverá ser assinada pelo(a) diretor(a) da unidade acadêmica responsável pela cerimônia.</span></p>



<p class="has-16-undefined-undefined-font-size"><span style="font-weight: 400;">A unidade acadêmica terá 5 dias úteis após a data da colação de grau para encaminhar o documento à CRA, conforme o Regulamento do Ensino de Graduação, porém somente após seu recebimento a CRA poderá registrar a situação de “formado” para os alunos que colaram grau, dando prosseguimento ao processo de diplomação. </span></p>



<p class="has-16-undefined-undefined-font-size"><span style="font-weight: 400;">O registro de “formado” também possibilita o acesso, pelo aluno formado, ao seu certificado de conclusão de curso, com verificador de autenticidade, no sistema acadêmico.</span></p>



<p class="has-16-undefined-undefined-font-size"><strong>Fluxograma</strong></p>



<figure class="wp-block-table is-style-stripes"><table><tbody><tr><td>Responsável</td><td>Procedimento</td></tr><tr><td><span style="font-weight: 400;">Direção da unidade acadêmica</span></td><td>&#8211; <span style="font-weight: 400;">Redigir, assinar e encaminhar a ata, via SEI, à CRA.</span></td></tr><tr><td>CRA</td><td>&#8211; Registrar no sistema acadêmico a situação de “formado” para os alunos constantes como graduados na ata de colação de grau.</td></tr></tbody></table></figure>

<p>DefiniçãoA ata de colação de grau é o documento formal e registro oficial da cerimônia de formatura institucional interna ou institucional externa. No documento deverá constar seu número, o período letivo referente à cerimônia, a data em que ocorreu a solenidade e o nome de cada formando. A ata deverá ser assinada pelo(a) diretor(a) da [&hellip;]</p>
