{"id":3355,"date":"2020-07-24T18:04:36","date_gmt":"2020-07-24T21:04:36","guid":{"rendered":"https:\/\/wp.ufpel.edu.br\/cra\/?page_id=3355"},"modified":"2024-02-07T13:10:12","modified_gmt":"2024-02-07T16:10:12","slug":"certificado-de-conclusao-de-curso-de-graduacao","status":"publish","type":"page","link":"https:\/\/wp.ufpel.edu.br\/cra\/informacoes-academicas\/certificado-de-conclusao-de-curso-de-graduacao\/","title":{"rendered":"Certificado de conclus\u00e3o de curso de gradua\u00e7\u00e3o"},"content":{"rendered":"\n<p class=\"has-16-undefined-undefined-font-size\"><b>Defini\u00e7\u00e3o<\/b><br><span style=\"font-weight: 400;\">O certificado de conclus\u00e3o de curso \u00e9 documento h\u00e1bil para comprovar a gradua\u00e7\u00e3o em n\u00edvel superior, substituindo o diploma (documento definitivo) at\u00e9 sua expedi\u00e7\u00e3o e registro.<\/span><\/p>\n\n\n\n<p class=\"has-16-undefined-undefined-font-size\"><b>Como obter<\/b><br><span style=\"font-weight: 400;\">O certificado de conclus\u00e3o de curso com verificador de autenticidade ficar\u00e1 dispon\u00edvel para o aluno formado, no sistema Cobalto, ap\u00f3s o recebimento da ata da cola\u00e7\u00e3o de grau, pela CRA. <\/span><br><span style=\"font-weight: 400;\">Para acessar o certificado de conclus\u00e3o de curso no Cobalto o discente formado dever\u00e1 fazer <\/span><i><span style=\"font-weight: 400;\">login<\/span><\/i><span style=\"font-weight: 400;\"> no sistema acad\u00eamico, acessar o menu \u201cAluno\/Consultas\/Certificado de conclus\u00e3o\u201d e clicar em \u201cImprimir\u201d, quando ser\u00e1 gerado um arquivo no formato PDF.<\/span><\/p>\n","protected":false},"excerpt":{"rendered":"<p>Defini\u00e7\u00e3oO certificado de conclus\u00e3o de curso \u00e9 documento h\u00e1bil para comprovar a gradua\u00e7\u00e3o em n\u00edvel superior, substituindo o diploma (documento definitivo) at\u00e9 sua expedi\u00e7\u00e3o e registro. Como obterO certificado de conclus\u00e3o de curso com verificador de autenticidade ficar\u00e1 dispon\u00edvel para o aluno formado, no sistema Cobalto, ap\u00f3s o recebimento da ata da cola\u00e7\u00e3o de grau, [&hellip;]<\/p>\n","protected":false},"author":341,"featured_media":0,"parent":6277,"menu_order":0,"comment_status":"closed","ping_status":"closed","template":"","meta":{"advanced_seo_description":"","jetpack_seo_html_title":"","jetpack_seo_noindex":false,"jetpack_post_was_ever_published":false,"footnotes":""},"class_list":["post-3355","page","type-page","status-publish","hentry"],"jetpack_sharing_enabled":true,"jetpack_shortlink":"https:\/\/wp.me\/P70cyI-S7","jetpack-related-posts":[],"_links":{"self":[{"href":"https:\/\/wp.ufpel.edu.br\/cra\/wp-json\/wp\/v2\/pages\/3355","targetHints":{"allow":["GET"]}}],"collection":[{"href":"https:\/\/wp.ufpel.edu.br\/cra\/wp-json\/wp\/v2\/pages"}],"about":[{"href":"https:\/\/wp.ufpel.edu.br\/cra\/wp-json\/wp\/v2\/types\/page"}],"author":[{"embeddable":true,"href":"https:\/\/wp.ufpel.edu.br\/cra\/wp-json\/wp\/v2\/users\/341"}],"replies":[{"embeddable":true,"href":"https:\/\/wp.ufpel.edu.br\/cra\/wp-json\/wp\/v2\/comments?post=3355"}],"version-history":[{"count":4,"href":"https:\/\/wp.ufpel.edu.br\/cra\/wp-json\/wp\/v2\/pages\/3355\/revisions"}],"predecessor-version":[{"id":9828,"href":"https:\/\/wp.ufpel.edu.br\/cra\/wp-json\/wp\/v2\/pages\/3355\/revisions\/9828"}],"up":[{"embeddable":true,"href":"https:\/\/wp.ufpel.edu.br\/cra\/wp-json\/wp\/v2\/pages\/6277"}],"wp:attachment":[{"href":"https:\/\/wp.ufpel.edu.br\/cra\/wp-json\/wp\/v2\/media?parent=3355"}],"curies":[{"name":"wp","href":"https:\/\/api.w.org\/{rel}","templated":true}]}}