{"id":288,"date":"2015-11-20T11:41:30","date_gmt":"2015-11-20T13:41:30","guid":{"rendered":"https:\/\/wp.ufpel.edu.br\/cra\/?page_id=288"},"modified":"2025-08-28T17:06:07","modified_gmt":"2025-08-28T20:06:07","slug":"vestibular","status":"publish","type":"page","link":"https:\/\/wp.ufpel.edu.br\/cra\/formas-de-ingresso\/vestibular\/","title":{"rendered":"Vestibular"},"content":{"rendered":"\n<p>A UFPel realiza vestibulares pr\u00f3prios para atender a p\u00fablicos espec\u00edficos ou para o ingresso em cursos com caracter\u00edsticas particulares.<\/p>\n\n\n\n<p>Esses processos seletivos possuem&nbsp;<strong>editais, datas e provas pr\u00f3prias<\/strong>. Abaixo, voc\u00ea encontra as informa\u00e7\u00f5es sobre cada um desses vestibulares.<\/p>\n\n\n\n<ul class=\"wp-block-list\">\n<li><strong>Vestibular para&nbsp;<strong>Quilombolas e Ind\u00edgenas<\/strong><\/strong>: Destina-se a comunidades quilombolas e ind\u00edgenas, oferecendo vagas em diversos cursos de gradua\u00e7\u00e3o.<\/li>\n\n\n\n<li><strong>Vestibular de&nbsp;Educa\u00e7\u00e3o Especial Inclusiva<\/strong> <strong>(PARFOR EQUIDADE)<\/strong>: Curso do Programa Nacional de Fomento \u00e0 Equidade na Forma\u00e7\u00e3o de Professores da Educa\u00e7\u00e3o B\u00e1sica.<\/li>\n\n\n\n<li><strong>Vestibular de<\/strong> <strong>Engenharia de Transporte e Mobilidade: <\/strong>Oferecido em parceria com a Universidade Estadual do Rio Grande do Sul (UERGS), com sede em Porto Alegre.<\/li>\n\n\n\n<li><strong>Vestibular de<\/strong> <strong>Letras Libras \/ Literatura Surda<\/strong>: Oferece reserva de vagas para a comunidade surda.<\/li>\n\n\n\n<li><strong>Vestibular de<\/strong> <strong>Medicina Veterin\u00e1ria:<\/strong> Destinado a jovens e adultos de assentamentos do Programa Nacional de Reforma Agr\u00e1ria. O processo \u00e9 vinculado ao Programa Nacional de Educa\u00e7\u00e3o na Reforma Agr\u00e1ria (PRONERA).<\/li>\n<\/ul>\n\n\n\n<h2 class=\"wp-block-heading has-16-undefined-undefined-font-size\" style=\"font-size:16px\"><strong><strong>Onde encontrar os editais?<\/strong><\/strong><\/h2>\n\n\n\n<p>Todos os editais s\u00e3o publicados na p\u00e1gina de <strong>Processo Seletivo Especial. <\/strong> \u00a0Acompanhe o site para n\u00e3o perder as regras, datas e vagas de cada vestibular.<\/p>\n\n\n\n<h3 class=\"wp-block-heading\" style=\"font-size:16px\"><a href=\"https:\/\/wp.ufpel.edu.br\/cra\/editais\/editais-processo-seletivo-especial\/\">Acesse a p\u00e1gina dos Processos Seletivos Especiais<\/a><\/h3>\n\n\n\n<h2 class=\"wp-block-heading has-16-undefined-undefined-font-size\" style=\"font-size:16px\"><strong>Base legal<\/strong><\/h2>\n\n\n\n<p class=\"has-16-undefined-undefined-font-size\"><a href=\"https:\/\/wp.ufpel.edu.br\/scs\/files\/2015\/03\/Resolu%C3%A7%C3%A3o-15.2015.pdf\">Resolu\u00e7\u00e3o COCEPE N\u00b0 15\/2015<\/a><br><a href=\"https:\/\/wp.ufpel.edu.br\/scs\/files\/2018\/09\/SEI_Resolu%C3%A7%C3%A3o-29.2018-Regulamento-Ensino-de-Gradua%C3%A7%C3%A3o-I.pdf\">Resolu\u00e7\u00e3o COCEPE N\u00ba 29\/2018<\/a><br><a href=\"http:\/\/www.planalto.gov.br\/ccivil_03\/_ato2011-2014\/2012\/lei\/l12711.htm\">Lei Federal N\u00b0 12.711\/2012<\/a><br><a href=\"http:\/\/www.planalto.gov.br\/ccivil_03\/_Ato2011-2014\/2012\/Decreto\/D7824.htm\">Decreto Federal N\u00b0 7.824\/2012<\/a><\/p>\n","protected":false},"excerpt":{"rendered":"<p>A UFPel realiza vestibulares pr\u00f3prios para atender a p\u00fablicos espec\u00edficos ou para o ingresso em cursos com caracter\u00edsticas particulares. Esses processos seletivos possuem&nbsp;editais, datas e provas pr\u00f3prias. Abaixo, voc\u00ea encontra as informa\u00e7\u00f5es sobre cada um desses vestibulares. Onde encontrar os editais? Todos os editais s\u00e3o publicados na p\u00e1gina de Processo Seletivo Especial. \u00a0Acompanhe o site [&hellip;]<\/p>\n","protected":false},"author":341,"featured_media":0,"parent":6202,"menu_order":0,"comment_status":"closed","ping_status":"closed","template":"","meta":{"advanced_seo_description":"Conhe\u00e7a os vestibulares especiais para ind\u00edgenas, quilombolas, comunidade surda e mais. Veja as regras, datas e como se inscrever!","jetpack_seo_html_title":"Ingresso na UFPel | Vestibulares para P\u00fablicos Espec\u00edficos","jetpack_seo_noindex":false,"jetpack_post_was_ever_published":false,"footnotes":""},"class_list":["post-288","page","type-page","status-publish","hentry"],"jetpack_sharing_enabled":true,"jetpack_shortlink":"https:\/\/wp.me\/P70cyI-4E","jetpack-related-posts":[],"_links":{"self":[{"href":"https:\/\/wp.ufpel.edu.br\/cra\/wp-json\/wp\/v2\/pages\/288","targetHints":{"allow":["GET"]}}],"collection":[{"href":"https:\/\/wp.ufpel.edu.br\/cra\/wp-json\/wp\/v2\/pages"}],"about":[{"href":"https:\/\/wp.ufpel.edu.br\/cra\/wp-json\/wp\/v2\/types\/page"}],"author":[{"embeddable":true,"href":"https:\/\/wp.ufpel.edu.br\/cra\/wp-json\/wp\/v2\/users\/341"}],"replies":[{"embeddable":true,"href":"https:\/\/wp.ufpel.edu.br\/cra\/wp-json\/wp\/v2\/comments?post=288"}],"version-history":[{"count":3,"href":"https:\/\/wp.ufpel.edu.br\/cra\/wp-json\/wp\/v2\/pages\/288\/revisions"}],"predecessor-version":[{"id":11952,"href":"https:\/\/wp.ufpel.edu.br\/cra\/wp-json\/wp\/v2\/pages\/288\/revisions\/11952"}],"up":[{"embeddable":true,"href":"https:\/\/wp.ufpel.edu.br\/cra\/wp-json\/wp\/v2\/pages\/6202"}],"wp:attachment":[{"href":"https:\/\/wp.ufpel.edu.br\/cra\/wp-json\/wp\/v2\/media?parent=288"}],"curies":[{"name":"wp","href":"https:\/\/api.w.org\/{rel}","templated":true}]}}

<p>A UFPel realiza vestibulares próprios para atender a públicos específicos ou para o ingresso em cursos com características particulares.</p>



<p>Esses processos seletivos possuem&nbsp;<strong>editais, datas e provas próprias</strong>. Abaixo, você encontra as informações sobre cada um desses vestibulares.</p>



<ul class="wp-block-list">
<li><strong>Vestibular para&nbsp;<strong>Quilombolas e Indígenas</strong></strong>: Destina-se a comunidades quilombolas e indígenas, oferecendo vagas em diversos cursos de graduação.</li>



<li><strong>Vestibular de&nbsp;Educação Especial Inclusiva</strong> <strong>(PARFOR EQUIDADE)</strong>: Curso do Programa Nacional de Fomento à Equidade na Formação de Professores da Educação Básica.</li>



<li><strong>Vestibular de</strong> <strong>Engenharia de Transporte e Mobilidade: </strong>Oferecido em parceria com a Universidade Estadual do Rio Grande do Sul (UERGS), com sede em Porto Alegre.</li>



<li><strong>Vestibular de</strong> <strong>Letras Libras / Literatura Surda</strong>: Oferece reserva de vagas para a comunidade surda.</li>



<li><strong>Vestibular de</strong> <strong>Medicina Veterinária:</strong> Destinado a jovens e adultos de assentamentos do Programa Nacional de Reforma Agrária. O processo é vinculado ao Programa Nacional de Educação na Reforma Agrária (PRONERA).</li>
</ul>



<h2 class="wp-block-heading has-16-undefined-undefined-font-size" style="font-size:16px"><strong><strong>Onde encontrar os editais?</strong></strong></h2>



<p>Todos os editais são publicados na página de <strong>Processo Seletivo Especial. </strong>  Acompanhe o site para não perder as regras, datas e vagas de cada vestibular.</p>



<h3 class="wp-block-heading" style="font-size:16px"><a href="https://wp.ufpel.edu.br/cra/editais/editais-processo-seletivo-especial/">Acesse a página dos Processos Seletivos Especiais</a></h3>



<h2 class="wp-block-heading has-16-undefined-undefined-font-size" style="font-size:16px"><strong>Base legal</strong></h2>



<p class="has-16-undefined-undefined-font-size"><a href="https://wp.ufpel.edu.br/scs/files/2015/03/Resolu%C3%A7%C3%A3o-15.2015.pdf">Resolução COCEPE N° 15/2015</a><br><a href="https://wp.ufpel.edu.br/scs/files/2018/09/SEI_Resolu%C3%A7%C3%A3o-29.2018-Regulamento-Ensino-de-Gradua%C3%A7%C3%A3o-I.pdf">Resolução COCEPE Nº 29/2018</a><br><a href="http://www.planalto.gov.br/ccivil_03/_ato2011-2014/2012/lei/l12711.htm">Lei Federal N° 12.711/2012</a><br><a href="http://www.planalto.gov.br/ccivil_03/_Ato2011-2014/2012/Decreto/D7824.htm">Decreto Federal N° 7.824/2012</a></p>

<p>A UFPel realiza vestibulares próprios para atender a públicos específicos ou para o ingresso em cursos com características particulares. Esses processos seletivos possuem&nbsp;editais, datas e provas próprias. Abaixo, você encontra as informações sobre cada um desses vestibulares. Onde encontrar os editais? Todos os editais são publicados na página de Processo Seletivo Especial.  Acompanhe o site [&hellip;]</p>

Conheça os vestibulares especiais para indígenas, quilombolas, comunidade surda e mais. Veja as regras, datas e como se inscrever!

Ingresso na UFPel | Vestibulares para Públicos Específicos
