{"id":166,"date":"2015-09-08T17:15:48","date_gmt":"2015-09-08T20:15:48","guid":{"rendered":"https:\/\/wp.ufpel.edu.br\/cra\/?page_id=166"},"modified":"2025-08-26T14:35:23","modified_gmt":"2025-08-26T17:35:23","slug":"regime-especial","status":"publish","type":"page","link":"https:\/\/wp.ufpel.edu.br\/cra\/informacoes-academicas\/regime-especial\/","title":{"rendered":"Regime especial"},"content":{"rendered":"\n<p>O Regime Especial permite que pessoas da comunidade cursem disciplinas espec\u00edficas nos cursos de gradua\u00e7\u00e3o da UFPel.<\/p>\n\n\n\n<p>Esta matr\u00edcula depende da exist\u00eancia de vagas dispon\u00edveis ap\u00f3s o per\u00edodo de matr\u00edcula dos estudantes da universidade.<\/p>\n\n\n\n<h2 class=\"wp-block-heading\" style=\"font-size:16px\">Regras Importantes:<\/h2>\n\n\n\n<ul class=\"wp-block-list\">\n<li><strong>P\u00fablico-alvo:<\/strong> Pessoas que j\u00e1 conclu\u00edram o ensino m\u00e9dio e <strong>n\u00e3o possuem matr\u00edcula<\/strong> ativa em cursos de gradua\u00e7\u00e3o da UFPel.<\/li>\n\n\n\n<li><strong>N\u00e3o cria v\u00ednculo com o curso:<\/strong>\u00a0A matr\u00edcula em regime especial \u00e9 tempor\u00e1ria, com dura\u00e7\u00e3o de apenas um semestre. <\/li>\n\n\n\n<li><strong>Limite de Disciplinas:<\/strong>\u00a0Voc\u00ea pode cursar at\u00e9\u00a0<strong>duas<\/strong>\u00a0disciplinas por semestre, com um limite m\u00e1ximo de\u00a0<strong>seis<\/strong>\u00a0disciplinas no total.<\/li>\n<\/ul>\n\n\n\n<h2 class=\"wp-block-heading\" style=\"font-size:16px\"><strong>Como se inscrever?<\/strong><\/h2>\n\n\n\n<p>O processo de inscri\u00e7\u00e3o \u00e9 feito online e ocorre semestralmente, em datas previstas no calend\u00e1rio acad\u00eamico. Siga esses passos para participar:<\/p>\n\n\n\n<ol class=\"wp-block-list\">\n<li><strong>Verifique as disciplinas:<\/strong>\u00a0Entre em contato com Colegiado do curso do seu interesse para consultar as disciplinas ofertadas no semestre.<\/li>\n\n\n\n<li><strong>Realize sua Inscri\u00e7\u00e3o:<\/strong>\u00a0Envie seus documentos nos dias e local indicados no edital.<\/li>\n\n\n\n<li><strong><strong>Acompanhe o resultado<\/strong>:<\/strong> O Colegiado do Curso ir\u00e1 avaliar a exist\u00eancia de vagas. Voc\u00ea ser\u00e1 informado do resultado pela Coordena\u00e7\u00e3o de Registros Acad\u00eamicos.<\/li>\n<\/ol>\n\n\n\n<h2 class=\"wp-block-heading\" style=\"font-size:16px\"><strong><strong>Acompanhe o Edital!<\/strong><\/strong><\/h2>\n\n\n\n<p>Todas as informa\u00e7\u00f5es sobre inscri\u00e7\u00e3o, datas, documentos e resultados, est\u00e3o na p\u00e1gina de Editais para Regime Especial.<\/p>\n\n\n\n<h3 class=\"wp-block-heading\" style=\"font-size:16px\"><a href=\"https:\/\/wp.ufpel.edu.br\/cra\/editais\/editais-regime-especial\/\" target=\"_blank\" rel=\"noreferrer noopener\">Acesse a p\u00e1gina de Editais para Regime Especial<\/a><\/h3>\n\n\n\n<h3 class=\"wp-block-heading\" style=\"font-size:16px\"><a href=\"https:\/\/institucional.ufpel.edu.br\/cursos\" target=\"_blank\" rel=\"noreferrer noopener\">Acesse informa\u00e7\u00f5es sobre os cursos<\/a><\/h3>\n\n\n\n<p><\/p>\n","protected":false},"excerpt":{"rendered":"<p>O Regime Especial permite que pessoas da comunidade cursem disciplinas espec\u00edficas nos cursos de gradua\u00e7\u00e3o da UFPel. Esta matr\u00edcula depende da exist\u00eancia de vagas dispon\u00edveis ap\u00f3s o per\u00edodo de matr\u00edcula dos estudantes da universidade. Regras Importantes: Como se inscrever? O processo de inscri\u00e7\u00e3o \u00e9 feito online e ocorre semestralmente, em datas previstas no calend\u00e1rio acad\u00eamico. [&hellip;]<\/p>\n","protected":false},"author":341,"featured_media":0,"parent":6277,"menu_order":0,"comment_status":"closed","ping_status":"closed","template":"","meta":{"advanced_seo_description":"","jetpack_seo_html_title":"","jetpack_seo_noindex":false,"jetpack_post_was_ever_published":false,"footnotes":""},"class_list":["post-166","page","type-page","status-publish","hentry"],"jetpack_sharing_enabled":true,"jetpack_shortlink":"https:\/\/wp.me\/P70cyI-2G","jetpack-related-posts":[],"_links":{"self":[{"href":"https:\/\/wp.ufpel.edu.br\/cra\/wp-json\/wp\/v2\/pages\/166","targetHints":{"allow":["GET"]}}],"collection":[{"href":"https:\/\/wp.ufpel.edu.br\/cra\/wp-json\/wp\/v2\/pages"}],"about":[{"href":"https:\/\/wp.ufpel.edu.br\/cra\/wp-json\/wp\/v2\/types\/page"}],"author":[{"embeddable":true,"href":"https:\/\/wp.ufpel.edu.br\/cra\/wp-json\/wp\/v2\/users\/341"}],"replies":[{"embeddable":true,"href":"https:\/\/wp.ufpel.edu.br\/cra\/wp-json\/wp\/v2\/comments?post=166"}],"version-history":[{"count":3,"href":"https:\/\/wp.ufpel.edu.br\/cra\/wp-json\/wp\/v2\/pages\/166\/revisions"}],"predecessor-version":[{"id":11942,"href":"https:\/\/wp.ufpel.edu.br\/cra\/wp-json\/wp\/v2\/pages\/166\/revisions\/11942"}],"up":[{"embeddable":true,"href":"https:\/\/wp.ufpel.edu.br\/cra\/wp-json\/wp\/v2\/pages\/6277"}],"wp:attachment":[{"href":"https:\/\/wp.ufpel.edu.br\/cra\/wp-json\/wp\/v2\/media?parent=166"}],"curies":[{"name":"wp","href":"https:\/\/api.w.org\/{rel}","templated":true}]}}