{"id":132,"date":"2015-08-28T14:11:30","date_gmt":"2015-08-28T17:11:30","guid":{"rendered":"https:\/\/wp.ufpel.edu.br\/cra\/?page_id=132"},"modified":"2025-09-23T11:41:12","modified_gmt":"2025-09-23T14:41:12","slug":"aproveitamento-de-disciplina","status":"publish","type":"page","link":"https:\/\/wp.ufpel.edu.br\/cra\/informacoes-academicas\/aproveitamento-de-disciplina\/","title":{"rendered":"Aproveitamento de estudos"},"content":{"rendered":"\n<h2 class=\"wp-block-heading has-16-undefined-undefined-font-size\" style=\"font-size:16px\"><strong>O que \u00e9?<\/strong><\/h2>\n\n\n\n<p class=\"has-16-undefined-undefined-font-size\">Estudante aprovado em <strong>disciplina<\/strong> de <strong>gradua\u00e7\u00e3o <\/strong>ou <strong>p\u00f3s-gradua\u00e7\u00e3o<\/strong>, poder\u00e1 solicitar o seu aproveitamento atrav\u00e9s do sistema <strong>Cobalto<\/strong>.<br>Requisitos para o aproveitamento:<\/p>\n\n\n\n<ul class=\"wp-block-list\">\n<li>Compatibilidade de, no m\u00ednimo, <strong>75% da carga hor\u00e1ria e do conte\u00fado program\u00e1tico<\/strong> da disciplina que deseja aproveitar.<\/li>\n<\/ul>\n\n\n\n<p class=\"has-16-undefined-undefined-font-size\">Faculta-se, ao professor respons\u00e1vel pela disciplina, a realiza\u00e7\u00e3o de avalia\u00e7\u00e3o especial para eventual complementa\u00e7\u00e3o.<\/p>\n\n\n\n<p class=\"has-16-undefined-undefined-font-size\"><strong>Como solicitar?<\/strong><\/p>\n\n\n\n<p class=\"has-16-undefined-undefined-font-size\">O estudante deve solicitar o aproveitamento no Cobalto, pelo menu &#8220;<strong>Aluno &gt; Cadastro &gt; Solicita\u00e7\u00e3o de aproveitamentos<\/strong>&#8220;, conforme o seguinte passo a passo:<\/p>\n\n\n\n<ul class=\"wp-block-list has-16-undefined-undefined-font-size\">\n<li>Clicar em <strong>&#8220;Novo&#8221;<\/strong>.<\/li>\n\n\n\n<li>Selecionar a disciplina que pretende aproveitar.<\/li>\n\n\n\n<li><strong>Para disciplinas cursadas na UFPEL:<\/strong> \n<ul class=\"wp-block-list\">\n<li>selecionar a disciplina cursada;<\/li>\n\n\n\n<li>clicar em <strong>&#8220;Salvar&#8221;<\/strong>.<\/li>\n<\/ul>\n<\/li>\n\n\n\n<li><strong>Para disciplinas cursadas em outra institui\u00e7\u00e3o:<\/strong> \n<ul class=\"wp-block-list\">\n<li>selecionar a <strong>institui\u00e7\u00e3o<\/strong> e anexar o seu <strong>hist\u00f3rico escolar<\/strong>; <\/li>\n\n\n\n<li>indicar a disciplina cursada e anexar o seu <strong>plano de ensino<\/strong>;<\/li>\n\n\n\n<li>clicar em <strong>&#8220;Salvar&#8221;<\/strong>.<\/li>\n<\/ul>\n<\/li>\n<\/ul>\n\n\n\n<p class=\"has-16-undefined-undefined-font-size\"><strong>Aten\u00e7\u00e3o:<\/strong> \u00c9 preciso fazer uma solicita\u00e7\u00e3o para cada aproveitamento pretendido.<\/p>\n\n\n\n<h2 class=\"wp-block-heading has-16-undefined-undefined-font-size\" style=\"font-size:16px\"><strong>Etapas:<\/strong><\/h2>\n\n\n\n<figure class=\"wp-block-table is-style-stripes\"><table><thead><tr><th class=\"has-text-align-left\" data-align=\"left\"><strong>Respons\u00e1vel<\/strong><\/th><th class=\"has-text-align-left\" data-align=\"left\"><strong>Procedimento<\/strong><\/th><\/tr><\/thead><tbody><tr><td class=\"has-text-align-left\" data-align=\"left\">Estudante<\/td><td class=\"has-text-align-left\" data-align=\"left\">&#8211; Solicitar aproveitamento via Cobalto;<br>Aluno &gt; Cadastro &gt; Solicita\u00e7\u00e3o de aproveitamentos<br>&#8211; Anexar hist\u00f3rico e plano de ensino (para disciplinas cursadas em outra institui\u00e7\u00e3o);<br>&#8211; Acompanhar resultados.<\/td><\/tr><tr><td class=\"has-text-align-left\" data-align=\"left\">Docente<\/td><td class=\"has-text-align-left\" data-align=\"left\">-Atrav\u00e9s do Cobalto:<br>Professor -&gt; Processos -&gt; Aproveitamento de estudos &#8211; Parecer<br>&#8211; Avaliar a solicita\u00e7\u00e3o;<br>&#8211; Emitir parecer;<\/td><\/tr><tr><td class=\"has-text-align-left\" data-align=\"left\">Colegiado<\/td><td class=\"has-text-align-left\" data-align=\"left\">&#8211; Atrav\u00e9s do Cobalto:<br>Gest\u00e3o acad\u00eamica &gt; Processos &gt; Homologar aproveitamento de estudos<br>&#8211; Homologar parecer.<\/td><\/tr><\/tbody><\/table><\/figure>\n\n\n\n<pre class=\"wp-block-preformatted\">&nbsp;<\/pre>\n","protected":false},"excerpt":{"rendered":"<p>O que \u00e9? Estudante aprovado em disciplina de gradua\u00e7\u00e3o ou p\u00f3s-gradua\u00e7\u00e3o, poder\u00e1 solicitar o seu aproveitamento atrav\u00e9s do sistema Cobalto.Requisitos para o aproveitamento: Faculta-se, ao professor respons\u00e1vel pela disciplina, a realiza\u00e7\u00e3o de avalia\u00e7\u00e3o especial para eventual complementa\u00e7\u00e3o. Como solicitar? O estudante deve solicitar o aproveitamento no Cobalto, pelo menu &#8220;Aluno &gt; Cadastro &gt; Solicita\u00e7\u00e3o de [&hellip;]<\/p>\n","protected":false},"author":341,"featured_media":0,"parent":6277,"menu_order":0,"comment_status":"closed","ping_status":"closed","template":"","meta":{"advanced_seo_description":"","jetpack_seo_html_title":"","jetpack_seo_noindex":false,"jetpack_post_was_ever_published":false,"footnotes":""},"class_list":["post-132","page","type-page","status-publish","hentry"],"jetpack_sharing_enabled":true,"jetpack_shortlink":"https:\/\/wp.me\/P70cyI-28","jetpack-related-posts":[],"_links":{"self":[{"href":"https:\/\/wp.ufpel.edu.br\/cra\/wp-json\/wp\/v2\/pages\/132","targetHints":{"allow":["GET"]}}],"collection":[{"href":"https:\/\/wp.ufpel.edu.br\/cra\/wp-json\/wp\/v2\/pages"}],"about":[{"href":"https:\/\/wp.ufpel.edu.br\/cra\/wp-json\/wp\/v2\/types\/page"}],"author":[{"embeddable":true,"href":"https:\/\/wp.ufpel.edu.br\/cra\/wp-json\/wp\/v2\/users\/341"}],"replies":[{"embeddable":true,"href":"https:\/\/wp.ufpel.edu.br\/cra\/wp-json\/wp\/v2\/comments?post=132"}],"version-history":[{"count":3,"href":"https:\/\/wp.ufpel.edu.br\/cra\/wp-json\/wp\/v2\/pages\/132\/revisions"}],"predecessor-version":[{"id":12126,"href":"https:\/\/wp.ufpel.edu.br\/cra\/wp-json\/wp\/v2\/pages\/132\/revisions\/12126"}],"up":[{"embeddable":true,"href":"https:\/\/wp.ufpel.edu.br\/cra\/wp-json\/wp\/v2\/pages\/6277"}],"wp:attachment":[{"href":"https:\/\/wp.ufpel.edu.br\/cra\/wp-json\/wp\/v2\/media?parent=132"}],"curies":[{"name":"wp","href":"https:\/\/api.w.org\/{rel}","templated":true}]}}