{"id":129,"date":"2015-08-28T14:11:03","date_gmt":"2015-08-28T17:11:03","guid":{"rendered":"https:\/\/wp.ufpel.edu.br\/cra\/?page_id=129"},"modified":"2025-09-24T18:15:32","modified_gmt":"2025-09-24T21:15:32","slug":"revisao-de-desempenho","status":"publish","type":"page","link":"https:\/\/wp.ufpel.edu.br\/cra\/informacoes-academicas\/revisao-de-desempenho\/","title":{"rendered":"Revis\u00e3o de desempenho"},"content":{"rendered":"\n<h2 class=\"wp-block-heading has-16-undefined-undefined-font-size\" style=\"font-size:16px\"><strong>O que \u00e9?<\/strong><\/h2>\n\n\n\n<p>A revis\u00e3o de desempenho permite a um estudante solicitar uma nova an\u00e1lise de uma prova ou outro instrumento de avalia\u00e7\u00e3o.<\/p>\n\n\n\n<h2 class=\"wp-block-heading has-16-undefined-undefined-font-size\" style=\"font-size:16px\"><strong><strong><strong>Como solicitar<\/strong><\/strong>?<\/strong><\/h2>\n\n\n\n<ul class=\"wp-block-list\">\n<li>O estudante deve preencher o\u00a0<strong>Requerimento de revis\u00e3o de desempenho<\/strong>\u00a0e entregar no\u00a0Colegiado do seu curso. Aten\u00e7\u00e3o para os prazos, contados a partir da divulga\u00e7\u00e3o da nota:\n<ul class=\"wp-block-list\">\n<li>O prazo para solicitar vistas da avalia\u00e7\u00e3o \u00e9 de\u00a0<strong>2 (dois) dias \u00fateis<\/strong>.<\/li>\n\n\n\n<li>O prazo para solicitar a revis\u00e3o de desempenho \u00e9 de <strong>4 (quatro) dias \u00fateis<\/strong>.<\/li>\n<\/ul>\n<\/li>\n<\/ul>\n\n\n\n<h3 class=\"wp-block-heading has-16-undefined-undefined-font-size\" style=\"font-size:16px\"><a href=\"https:\/\/wp.ufpel.edu.br\/cra\/files\/2020\/07\/Requerimento-revis\u00e3o-desempenho.pdf\">Requerimento revis\u00e3o desempenho<\/a><\/h3>\n\n\n\n<h2 class=\"wp-block-heading has-16-undefined-undefined-font-size\" style=\"font-size:16px\"><strong><strong><strong>Etapas da an\u00e1lise<\/strong><\/strong><\/strong><\/h2>\n\n\n\n<ol class=\"wp-block-list\">\n<li>O colegiado do curso avalia o pedido. Se estiver de acordo com as regras, o encaminha \u00e0 unidade respons\u00e1vel pela disciplina.<\/li>\n\n\n\n<li>A Unidade acad\u00eamica forma uma comiss\u00e3o com 3 professores para analisar o pedido, incluindo o  professor respons\u00e1vel pela disciplina. O estudante pode participar das reuni\u00f5es da banca, se desejar.<\/li>\n\n\n\n<li>A banca tem um prazo de at\u00e9\u00a0<strong>5 (cinco) dias \u00fateis<\/strong>\u00a0para emitir o parecer. Se a nota for alterada, o professor respons\u00e1vel far\u00e1 a corre\u00e7\u00e3o no Cobalto.<\/li>\n<\/ol>\n\n\n\n<h2 class=\"wp-block-heading has-16-undefined-undefined-font-size\" style=\"font-size:16px\"><strong><strong><strong>Etapas<\/strong><\/strong><\/strong><\/h2>\n\n\n\n<figure class=\"wp-block-table is-style-stripes\"><table><thead><tr><th class=\"has-text-align-left\" data-align=\"left\"><strong>Respons\u00e1vel<\/strong><\/th><th class=\"has-text-align-left\" data-align=\"left\"><strong>Procedimento<\/strong><\/th><\/tr><\/thead><tbody><tr><td class=\"has-text-align-left\" data-align=\"left\">Estudante<\/td><td class=\"has-text-align-left\" data-align=\"left\">&#8211; Preencher e assinar o requerimento;<br>&#8211; Entregar a solicita\u00e7\u00e3o no colegiado do curso.<\/td><\/tr><tr><td class=\"has-text-align-left\" data-align=\"left\">Colegiado de curso<\/td><td class=\"has-text-align-left\" data-align=\"left\">&#8211; Avaliar a solicita\u00e7\u00e3o;<br>Se desfavor\u00e1vel:<br>&#8211; Informar o discente e arquivar o processo;<br>Se favor\u00e1vel:<br>&#8211; Encaminhar ao departamento\/c\u00e2mara de ensino;<\/td><\/tr><tr><td class=\"has-text-align-left\" data-align=\"left\">Departamento\/C\u00e2mara de ensino<\/td><td class=\"has-text-align-left\" data-align=\"left\">&#8211; Compor banca avaliadora;<\/td><\/tr><tr><td class=\"has-text-align-left\" data-align=\"left\">Banca avaliadora<\/td><td class=\"has-text-align-left\" data-align=\"left\">&#8211; Analisar e emitir parecer;<\/td><\/tr><tr><td class=\"has-text-align-left\" data-align=\"left\">Docente respons\u00e1vel pela turma<\/td><td class=\"has-text-align-left\" data-align=\"left\">&#8211; Corrigir a nota, se necess\u00e1rio;<\/td><\/tr><\/tbody><\/table><\/figure>\n\n\n\n<pre class=\"wp-block-preformatted\"><strong>&nbsp;<\/strong><\/pre>\n","protected":false},"excerpt":{"rendered":"<p>O que \u00e9? A revis\u00e3o de desempenho permite a um estudante solicitar uma nova an\u00e1lise de uma prova ou outro instrumento de avalia\u00e7\u00e3o. Como solicitar? Requerimento revis\u00e3o desempenho Etapas da an\u00e1lise Etapas Respons\u00e1vel Procedimento Estudante &#8211; Preencher e assinar o requerimento;&#8211; Entregar a solicita\u00e7\u00e3o no colegiado do curso. Colegiado de curso &#8211; Avaliar a solicita\u00e7\u00e3o;Se [&hellip;]<\/p>\n","protected":false},"author":341,"featured_media":0,"parent":6277,"menu_order":0,"comment_status":"closed","ping_status":"closed","template":"","meta":{"advanced_seo_description":"","jetpack_seo_html_title":"","jetpack_seo_noindex":false,"jetpack_post_was_ever_published":false,"footnotes":""},"class_list":["post-129","page","type-page","status-publish","hentry"],"jetpack_sharing_enabled":true,"jetpack_shortlink":"https:\/\/wp.me\/P70cyI-25","jetpack-related-posts":[],"_links":{"self":[{"href":"https:\/\/wp.ufpel.edu.br\/cra\/wp-json\/wp\/v2\/pages\/129","targetHints":{"allow":["GET"]}}],"collection":[{"href":"https:\/\/wp.ufpel.edu.br\/cra\/wp-json\/wp\/v2\/pages"}],"about":[{"href":"https:\/\/wp.ufpel.edu.br\/cra\/wp-json\/wp\/v2\/types\/page"}],"author":[{"embeddable":true,"href":"https:\/\/wp.ufpel.edu.br\/cra\/wp-json\/wp\/v2\/users\/341"}],"replies":[{"embeddable":true,"href":"https:\/\/wp.ufpel.edu.br\/cra\/wp-json\/wp\/v2\/comments?post=129"}],"version-history":[{"count":4,"href":"https:\/\/wp.ufpel.edu.br\/cra\/wp-json\/wp\/v2\/pages\/129\/revisions"}],"predecessor-version":[{"id":12149,"href":"https:\/\/wp.ufpel.edu.br\/cra\/wp-json\/wp\/v2\/pages\/129\/revisions\/12149"}],"up":[{"embeddable":true,"href":"https:\/\/wp.ufpel.edu.br\/cra\/wp-json\/wp\/v2\/pages\/6277"}],"wp:attachment":[{"href":"https:\/\/wp.ufpel.edu.br\/cra\/wp-json\/wp\/v2\/media?parent=129"}],"curies":[{"name":"wp","href":"https:\/\/api.w.org\/{rel}","templated":true}]}}