{"id":120,"date":"2015-08-28T13:46:42","date_gmt":"2015-08-28T16:46:42","guid":{"rendered":"https:\/\/wp.ufpel.edu.br\/cra\/?page_id=120"},"modified":"2025-09-23T11:42:15","modified_gmt":"2025-09-23T14:42:15","slug":"cancelamento-de-matricula","status":"publish","type":"page","link":"https:\/\/wp.ufpel.edu.br\/cra\/informacoes-academicas\/cancelamento-de-matricula\/","title":{"rendered":"Cancelamento de matr\u00edcula"},"content":{"rendered":"\n<h2 class=\"wp-block-heading has-16-null-null-font-size\" style=\"font-size:16px\"><b>O que \u00e9?<\/b><\/h2>\n\n\n\n<p class=\"has-16-null-null-font-size\"><span style=\"font-weight: 400;\">O cancelamento de matr\u00edcula \u00e9 destinado ao estudante que <strong>n\u00e3o <\/strong>pretende manter o seu v\u00ednculo com a UFPel.<\/span><\/p>\n\n\n\n<h2 class=\"wp-block-heading has-16-null-null-font-size\" style=\"font-size:16px\"><b>Como solicitar?<\/b><\/h2>\n\n\n\n<p class=\"has-16-null-null-font-size\"><span style=\"font-weight: 400;\">O estudante deve <\/span>solicitar pelo <strong>Cobalto<\/strong>, no menu&nbsp;Aluno &gt; Cadastros &gt; <strong>Solicita\u00e7\u00e3o de cancelamento<\/strong>.<\/p>\n\n\n\n<h2 class=\"wp-block-heading has-16-null-null-font-size\" style=\"font-size:16px\"><b><strong>Etapas<\/strong><\/b><\/h2>\n\n\n\n<figure class=\"wp-block-table is-style-stripes\"><table><thead><tr><th class=\"has-text-align-left\" data-align=\"left\"><strong>Respons\u00e1vel<\/strong><\/th><th class=\"has-text-align-left\" data-align=\"left\"><strong>Procedimento<\/strong><\/th><\/tr><\/thead><tbody><tr><td class=\"has-text-align-left\" data-align=\"left\">Estudante<\/td><td class=\"has-text-align-left\" data-align=\"left\">&#8211; Solicitar cancelamento no <strong><strong>Cobalto<\/strong><\/strong>.<\/td><\/tr><tr><td class=\"has-text-align-left\" data-align=\"left\">CRA<\/td><td class=\"has-text-align-left\" data-align=\"left\">&#8211; Registrar cancelamento no <strong><strong>Cobalto<\/strong><\/strong>.<\/td><\/tr><\/tbody><\/table><\/figure>\n\n\n\n<pre class=\"wp-block-preformatted\">&nbsp;<\/pre>\n","protected":false},"excerpt":{"rendered":"<p>O que \u00e9? O cancelamento de matr\u00edcula \u00e9 destinado ao estudante que n\u00e3o pretende manter o seu v\u00ednculo com a UFPel. Como solicitar? O estudante deve solicitar pelo Cobalto, no menu&nbsp;Aluno &gt; Cadastros &gt; Solicita\u00e7\u00e3o de cancelamento. Etapas Respons\u00e1vel Procedimento Estudante &#8211; Solicitar cancelamento no Cobalto. CRA &#8211; Registrar cancelamento no Cobalto. &nbsp;<\/p>\n","protected":false},"author":341,"featured_media":0,"parent":6277,"menu_order":0,"comment_status":"closed","ping_status":"closed","template":"","meta":{"advanced_seo_description":"","jetpack_seo_html_title":"","jetpack_seo_noindex":false,"jetpack_post_was_ever_published":false,"footnotes":""},"class_list":["post-120","page","type-page","status-publish","hentry"],"jetpack_sharing_enabled":true,"jetpack_shortlink":"https:\/\/wp.me\/P70cyI-1W","jetpack-related-posts":[],"_links":{"self":[{"href":"https:\/\/wp.ufpel.edu.br\/cra\/wp-json\/wp\/v2\/pages\/120","targetHints":{"allow":["GET"]}}],"collection":[{"href":"https:\/\/wp.ufpel.edu.br\/cra\/wp-json\/wp\/v2\/pages"}],"about":[{"href":"https:\/\/wp.ufpel.edu.br\/cra\/wp-json\/wp\/v2\/types\/page"}],"author":[{"embeddable":true,"href":"https:\/\/wp.ufpel.edu.br\/cra\/wp-json\/wp\/v2\/users\/341"}],"replies":[{"embeddable":true,"href":"https:\/\/wp.ufpel.edu.br\/cra\/wp-json\/wp\/v2\/comments?post=120"}],"version-history":[{"count":3,"href":"https:\/\/wp.ufpel.edu.br\/cra\/wp-json\/wp\/v2\/pages\/120\/revisions"}],"predecessor-version":[{"id":12127,"href":"https:\/\/wp.ufpel.edu.br\/cra\/wp-json\/wp\/v2\/pages\/120\/revisions\/12127"}],"up":[{"embeddable":true,"href":"https:\/\/wp.ufpel.edu.br\/cra\/wp-json\/wp\/v2\/pages\/6277"}],"wp:attachment":[{"href":"https:\/\/wp.ufpel.edu.br\/cra\/wp-json\/wp\/v2\/media?parent=120"}],"curies":[{"name":"wp","href":"https:\/\/api.w.org\/{rel}","templated":true}]}}

Cancelamento de matrícula

<h2 class="wp-block-heading has-16-null-null-font-size" style="font-size:16px"><b>O que é?</b></h2>



<p class="has-16-null-null-font-size"><span style="font-weight: 400;">O cancelamento de matrícula é destinado ao estudante que <strong>não </strong>pretende manter o seu vínculo com a UFPel.</span></p>



<h2 class="wp-block-heading has-16-null-null-font-size" style="font-size:16px"><b>Como solicitar?</b></h2>



<p class="has-16-null-null-font-size"><span style="font-weight: 400;">O estudante deve </span>solicitar pelo <strong>Cobalto</strong>, no menu&nbsp;Aluno &gt; Cadastros &gt; <strong>Solicitação de cancelamento</strong>.</p>



<h2 class="wp-block-heading has-16-null-null-font-size" style="font-size:16px"><b><strong>Etapas</strong></b></h2>



<figure class="wp-block-table is-style-stripes"><table><thead><tr><th class="has-text-align-left" data-align="left"><strong>Responsável</strong></th><th class="has-text-align-left" data-align="left"><strong>Procedimento</strong></th></tr></thead><tbody><tr><td class="has-text-align-left" data-align="left">Estudante</td><td class="has-text-align-left" data-align="left">&#8211; Solicitar cancelamento no <strong><strong>Cobalto</strong></strong>.</td></tr><tr><td class="has-text-align-left" data-align="left">CRA</td><td class="has-text-align-left" data-align="left">&#8211; Registrar cancelamento no <strong><strong>Cobalto</strong></strong>.</td></tr></tbody></table></figure>



<pre class="wp-block-preformatted">&nbsp;</pre>

<p>O que é? O cancelamento de matrícula é destinado ao estudante que não pretende manter o seu vínculo com a UFPel. Como solicitar? O estudante deve solicitar pelo Cobalto, no menu&nbsp;Aluno &gt; Cadastros &gt; Solicitação de cancelamento. Etapas Responsável Procedimento Estudante &#8211; Solicitar cancelamento no Cobalto. CRA &#8211; Registrar cancelamento no Cobalto. &nbsp;</p>
