{"id":1309,"date":"2024-10-03T14:54:55","date_gmt":"2024-10-03T17:54:55","guid":{"rendered":"https:\/\/wp.ufpel.edu.br\/cpu\/?page_id=1309"},"modified":"2025-10-01T19:07:05","modified_gmt":"2025-10-01T22:07:05","slug":"referencias-para-coordenacoes-de-curso-e-secretarias","status":"publish","type":"page","link":"https:\/\/wp.ufpel.edu.br\/cpu\/referencias-para-coordenacoes-de-curso-e-secretarias\/","title":{"rendered":"Refer\u00eancias para Coordena\u00e7\u00f5es de Curso e Secretarias"},"content":{"rendered":"\n<h2 class=\"wp-block-heading\">Apresenta\u00e7\u00e3o<\/h2>\n\n\n\n<p>Esta p\u00e1gina foi pensada para direcionar voc\u00ea mais rapidamente para a informa\u00e7\u00e3o que deseja. Na aba Gest\u00e3o Acad\u00eamica, encontre direcionamento sobre assuntos relacionados \u00e0 vida acad\u00eamica de seus estudantes. Na aba Gest\u00e3o Pedag\u00f3gica, sobre quest\u00f5es de organiza\u00e7\u00e3o do curso e pedagogia universit\u00e1ria. E na aba Sistemas de Gest\u00e3o, sobre os sistemas informatizados utilizados pela UFPEL.<\/p>\n\n\n\n<div class=\"wp-block-columns is-layout-flex wp-container-core-columns-is-layout-9d6595d7 wp-block-columns-is-layout-flex\">\n<div class=\"wp-block-column is-vertically-aligned-center is-layout-flow wp-block-column-is-layout-flow\" style=\"flex-basis:33.33%\">\n<figure class=\"wp-block-image size-large\"><a href=\"https:\/\/wp.ufpel.edu.br\/cpu\/gestao-academica\/\"><img width=\"1024\" height=\"1024\" src=\"https:\/\/wp.ufpel.edu.br\/cpu\/files\/2023\/11\/Gestao-Academica-3-1024x1024.png\" alt=\"Gest\u00e3o Acad\u00eamica. Clique para acessar.\" class=\"wp-image-1322\" title=\"Gest\u00e3o Acad\u00eamica. Clique para acessar.\" srcset=\"https:\/\/wp.ufpel.edu.br\/cpu\/files\/2023\/11\/Gestao-Academica-3-1024x1024.png 1024w, https:\/\/wp.ufpel.edu.br\/cpu\/files\/2023\/11\/Gestao-Academica-3-400x400.png 400w, https:\/\/wp.ufpel.edu.br\/cpu\/files\/2023\/11\/Gestao-Academica-3-200x200.png 200w, https:\/\/wp.ufpel.edu.br\/cpu\/files\/2023\/11\/Gestao-Academica-3-768x768.png 768w, https:\/\/wp.ufpel.edu.br\/cpu\/files\/2023\/11\/Gestao-Academica-3.png 1080w\" sizes=\"(max-width: 1024px) 100vw, 1024px\" \/><\/a><\/figure>\n<\/div>\n\n\n\n<div class=\"wp-block-column is-vertically-aligned-center is-layout-flow wp-block-column-is-layout-flow\" style=\"flex-basis:33.33%\">\n<figure class=\"wp-block-image size-large\"><a href=\"https:\/\/wp.ufpel.edu.br\/cpu\/gestao-pedagogica\/\"><img width=\"1024\" height=\"1024\" src=\"https:\/\/wp.ufpel.edu.br\/cpu\/files\/2023\/11\/Gestao-Pedagogica-2-1024x1024.png\" alt=\"Gest\u00e3o Pedag\u00f3gica. Clique para acessar.\" class=\"wp-image-1323\" title=\"Gest\u00e3o Pedag\u00f3gica. Clique para acessar.\" srcset=\"https:\/\/wp.ufpel.edu.br\/cpu\/files\/2023\/11\/Gestao-Pedagogica-2-1024x1024.png 1024w, https:\/\/wp.ufpel.edu.br\/cpu\/files\/2023\/11\/Gestao-Pedagogica-2-400x400.png 400w, https:\/\/wp.ufpel.edu.br\/cpu\/files\/2023\/11\/Gestao-Pedagogica-2-200x200.png 200w, https:\/\/wp.ufpel.edu.br\/cpu\/files\/2023\/11\/Gestao-Pedagogica-2-768x768.png 768w, https:\/\/wp.ufpel.edu.br\/cpu\/files\/2023\/11\/Gestao-Pedagogica-2.png 1080w\" sizes=\"(max-width: 1024px) 100vw, 1024px\" \/><\/a><\/figure>\n<\/div>\n\n\n\n<div class=\"wp-block-column is-vertically-aligned-center is-layout-flow wp-block-column-is-layout-flow\" style=\"flex-basis:33.33%\">\n<figure class=\"wp-block-image size-large\"><a href=\"https:\/\/wp.ufpel.edu.br\/cpu\/sistemas-de-gestao\/\"><img width=\"1024\" height=\"1024\" src=\"https:\/\/wp.ufpel.edu.br\/cpu\/files\/2023\/11\/Gestao-Administrativa-3-1024x1024.png\" alt=\"Sistemas de Gest\u00e3o. Clique para acessar.\" class=\"wp-image-1336\" title=\"Sistemas de Gest\u00e3o. Clique para acessar.\" srcset=\"https:\/\/wp.ufpel.edu.br\/cpu\/files\/2023\/11\/Gestao-Administrativa-3-1024x1024.png 1024w, https:\/\/wp.ufpel.edu.br\/cpu\/files\/2023\/11\/Gestao-Administrativa-3-400x400.png 400w, https:\/\/wp.ufpel.edu.br\/cpu\/files\/2023\/11\/Gestao-Administrativa-3-200x200.png 200w, https:\/\/wp.ufpel.edu.br\/cpu\/files\/2023\/11\/Gestao-Administrativa-3-768x768.png 768w, https:\/\/wp.ufpel.edu.br\/cpu\/files\/2023\/11\/Gestao-Administrativa-3.png 1080w\" sizes=\"(max-width: 1024px) 100vw, 1024px\" \/><\/a><\/figure>\n<\/div>\n<\/div>\n\n\n\n<div class=\"wp-block-columns is-layout-flex wp-container-core-columns-is-layout-9d6595d7 wp-block-columns-is-layout-flex\">\n<div class=\"wp-block-column is-layout-flow wp-block-column-is-layout-flow\">\n<h2 class=\"wp-block-heading\">Principais documentos<\/h2>\n\n\n\n<p><a href=\"https:\/\/wp.ufpel.edu.br\/scs\/regimento\/\">Regimento Geral da Universidade<\/a><\/p>\n\n\n\n<p><a href=\"https:\/\/wp.ufpel.edu.br\/scs\/estatuto\/\">Estatuto da UFPEL<\/a><\/p>\n\n\n\n<p><a href=\"https:\/\/wp.ufpel.edu.br\/planejamentoufpel\/pdi\/\">Plano de Desenvolvimento Institucional<\/a><\/p>\n\n\n\n<p><a href=\"https:\/\/wp.ufpel.edu.br\/planejamentoufpel\/ppi\/\">Projeto Pedag\u00f3gico Institucional<\/a><\/p>\n\n\n\n<p><a href=\"https:\/\/wp.ufpel.edu.br\/scs\/files\/2018\/09\/SEI_Resolu%C3%A7%C3%A3o-29.2018-Regulamento-Ensino-de-Gradua%C3%A7%C3%A3o-I.pdf\">Regulamento do Ensino de Gradua\u00e7\u00e3o<\/a><\/p>\n\n\n\n<p><a href=\"https:\/\/wp.ufpel.edu.br\/cpu\/referenciarapida\/\">Refer\u00eancia r\u00e1pida sobre atribui\u00e7\u00f5es<\/a><\/p>\n\n\n\n<p><a href=\"https:\/\/wp.ufpel.edu.br\/scs\/files\/2018\/08\/Res.-Cocepe-22.2018.pdf\">N\u00facleo Docente Estruturante<\/a><\/p>\n\n\n\n<p><a href=\"https:\/\/wp.ufpel.edu.br\/scs\/cocepe\/resolucoes\/\">Resolu\u00e7\u00f5es COCEPE<\/a><\/p>\n<\/div>\n\n\n\n<div class=\"wp-block-column is-layout-flow wp-block-column-is-layout-flow\">\n<h2 class=\"wp-block-heading\">Contatos importantes<\/h2>\n\n\n\n<p><a href=\"https:\/\/wp.ufpel.edu.br\/pre\/\">Pr\u00f3-Reitoria de Ensino<\/a><\/p>\n\n\n\n<ul class=\"wp-block-list\">\n<li><a href=\"https:\/\/wp.ufpel.edu.br\/cra\/\">Coordena\u00e7\u00e3o de Registros Acad\u00eamicos<\/a><\/li>\n\n\n\n<li><a href=\"https:\/\/wp.ufpel.edu.br\/cec\/\">Coordena\u00e7\u00e3o de Ensino e Curr\u00edculo<\/a><\/li>\n<\/ul>\n\n\n\n<p><a href=\"https:\/\/wp.ufpel.edu.br\/prae\/\">Pr\u00f3-Reitoria de Assist\u00eancia Estudantil<\/a><\/p>\n\n\n\n<ul class=\"wp-block-list\">\n<li><a href=\"https:\/\/wp.ufpel.edu.br\/prae\/programa-de-acompanhamento-pedagogico\/atendimento-psicologico\/\">Acolhimento em Sa\u00fade Mental<\/a><\/li>\n\n\n\n<li><a href=\"https:\/\/wp.ufpel.edu.br\/prae\/programa-de-acompanhamento-pedagogico\/atendimento-psicologico\/grupos-de-prevencao-em-saude\/\">Grupos de Promo\u00e7\u00e3o e Preven\u00e7\u00e3o em Sa\u00fade<\/a><\/li>\n\n\n\n<li><a href=\"https:\/\/wp.ufpel.edu.br\/prae\/programa-de-acompanhamento-pedagogico\/salas-de-apoio\/\">Salas de apoio pedag\u00f3gico<\/a><\/li>\n<\/ul>\n\n\n\n<p><a href=\"https:\/\/wp.ufpel.edu.br\/codin\/\">Pr\u00f3-Reitoria de A\u00e7\u00f5es Afirmativas e Equidade<\/a><\/p>\n\n\n\n<ul class=\"wp-block-list\">\n<li><a href=\"https:\/\/wp.ufpel.edu.br\/nai\/\">Coordena\u00e7\u00e3o de Acessibilidade <\/a><\/li>\n\n\n\n<li><a href=\"https:\/\/wp.ufpel.edu.br\/nugen\/\">Coordena\u00e7\u00e3o de Rela\u00e7\u00f5es \u00c9tnico Raciais, G\u00eanero e Diversidade<\/a><\/li>\n<\/ul>\n\n\n\n<p><a href=\"https:\/\/wp.ufpel.edu.br\/cpted\/\">Coordena\u00e7\u00e3o de Pol\u00edticas e Tecnologias para EAD<\/a> <\/p>\n\n\n\n<p><a href=\"https:\/\/wp.ufpel.edu.br\/scs\/\">Secretaria dos Conselhos Superiores<\/a><\/p>\n<\/div>\n<\/div>\n\n\n\n<hr class=\"wp-block-separator has-alpha-channel-opacity\"\/>\n\n\n\n<p class=\"has-text-align-center\">Conhe\u00e7a mais sobre a Universidade nos links abaixo:<\/p>\n\n\n\n<ul class=\"wp-block-list\">\n<li><a href=\"https:\/\/institucional.ufpel.edu.br\/\">Informa\u00e7\u00f5es gerais sobre a UFPel<\/a><\/li>\n\n\n\n<li><a href=\"https:\/\/institucional.ufpel.edu.br\/unidades\/#organograma\">Estrutura organizacional da UFPel<\/a><\/li>\n\n\n\n<li><a href=\"https:\/\/wp.ufpel.edu.br\/ouvidoria\/\">Ouvidoria<\/a><\/li>\n<\/ul>\n\n\n\n<hr class=\"wp-block-separator has-alpha-channel-opacity\"\/>\n\n\n\n<h2 class=\"wp-block-heading\">Atendimento<\/h2>\n\n\n\n<p>Se voc\u00ea n\u00e3o encontrou a informa\u00e7\u00e3o que precisa ou quer contribuir com sugest\u00f5es para esta p\u00e1gina, envie um pedido de atendimento atrav\u00e9s da <a href=\"https:\/\/wp.ufpel.edu.br\/perguntas\/solicitar-atendimento\/\">Plataforma de Atendimento<\/a> da UFPEL para a \u00e1rea Pedagogia Universit\u00e1ria.<\/p>\n","protected":false},"excerpt":{"rendered":"<p>Apresenta\u00e7\u00e3o Esta p\u00e1gina foi pensada para direcionar voc\u00ea mais rapidamente para a informa\u00e7\u00e3o que deseja. Na aba Gest\u00e3o Acad\u00eamica, encontre direcionamento sobre assuntos relacionados \u00e0 vida acad\u00eamica de seus estudantes. Na aba Gest\u00e3o Pedag\u00f3gica, sobre quest\u00f5es de organiza\u00e7\u00e3o do curso e pedagogia universit\u00e1ria. E na aba Sistemas de Gest\u00e3o, sobre os sistemas informatizados utilizados pela [&hellip;]<\/p>\n","protected":false},"author":1320,"featured_media":0,"parent":0,"menu_order":0,"comment_status":"closed","ping_status":"closed","template":"page-sem-sidebar.php","meta":{"footnotes":""},"class_list":["post-1309","page","type-page","status-publish","hentry"],"jetpack-related-posts":[{"id":1352,"url":"https:\/\/wp.ufpel.edu.br\/cpu\/gestao-pedagogica\/","url_meta":{"origin":1309,"position":0},"title":"Gest\u00e3o Pedag\u00f3gica","author":"marcialopes","date":"03\/10\/2024","format":false,"excerpt":"Encontre aqui as refer\u00eancias sobre quest\u00f5es de organiza\u00e7\u00e3o do curso e pedagogia universit\u00e1ria.\u00a0 Pesquise por assunto na tabela abaixo e acesse o link correspondente para maiores informa\u00e7\u00f5es: AssuntoDescri\u00e7\u00e3oLinkCadastro da matriz curricular no sistema acad\u00eamicoCurr\u00edculo; equival\u00eancias; pr\u00e9-requisitos; CobaltoN\u00facleo de Curr\u00edculos e Hist\u00f3ricos CRADiretrizes Elabora\u00e7\u00e3o PPCDiretrizes para elabora\u00e7\u00e3o do PPC; Fluxograma do\u2026","rel":"","context":"Post similar","block_context":{"text":"Post similar","link":""},"img":{"alt_text":"","src":"","width":0,"height":0},"classes":[]},{"id":1346,"url":"https:\/\/wp.ufpel.edu.br\/cpu\/gestao-academica\/","url_meta":{"origin":1309,"position":1},"title":"Gest\u00e3o Acad\u00eamica","author":"marcialopes","date":"03\/10\/2024","format":false,"excerpt":"Encontre aqui as refer\u00eancias sobre assuntos relacionados \u00e0 vida acad\u00eamica de seus estudantes.\u00a0 Pesquise por assunto na tabela abaixo e acesse o link correspondente para maiores informa\u00e7\u00f5es: Assunto Descri\u00e7\u00e3o Link A\u00e7\u00f5es afirmativas Pessoas ind\u00edgenas; pessoas quilombolas; pessoas negras; banca de heteroidentifica\u00e7\u00e3o; ingresso por cotas; N\u00facleo de A\u00e7\u00f5es Afirmativas e Diversidade\u2026","rel":"","context":"Post similar","block_context":{"text":"Post similar","link":""},"img":{"alt_text":"","src":"","width":0,"height":0},"classes":[]},{"id":897,"url":"https:\/\/wp.ufpel.edu.br\/cpu\/documento-de-criacao\/","url_meta":{"origin":1309,"position":2},"title":"Documento de cria\u00e7\u00e3o","author":"CPU","date":"09\/06\/2021","format":false,"excerpt":"MINIST\u00c9RIO DA EDUCA\u00c7\u00c3O \u2013 UNIVERSIDADE FEDERAL DE PELOTASPR\u00d3-REITORIA DE ENSINOCOORDENA\u00c7\u00c3O DE PEDAGOGIA UNIVERSIT\u00c1RIAGRUPO DE INTERLOCU\u00c7\u00c3O PEDAG\u00d3GICA \u2013 GIP JUSTIFICATIVA: A preocupa\u00e7\u00e3o com a qualidade na forma\u00e7\u00e3o dos estudantes nos n\u00edveis dagradua\u00e7\u00e3o e p\u00f3s-gradua\u00e7\u00e3o nas Universidades P\u00fablicas \u00e9 sempre tema importante epermanente nas institui\u00e7\u00f5es, visto que envolve processos altamente complexos queacompanham\u2026","rel":"","context":"Post similar","block_context":{"text":"Post similar","link":""},"img":{"alt_text":"","src":"","width":0,"height":0},"classes":[]},{"id":1358,"url":"https:\/\/wp.ufpel.edu.br\/cpu\/sistemas-de-gestao\/","url_meta":{"origin":1309,"position":3},"title":"Sistemas de Gest\u00e3o","author":"marcialopes","date":"03\/10\/2024","format":false,"excerpt":"Encontre aqui as refer\u00eancias sobre os sistemas informatizados utilizados pela UFPEL. Pesquise por assunto na tabela abaixo e acesse o link correspondente para maiores informa\u00e7\u00f5es: Assunto Descri\u00e7\u00e3o Link Bibliotecas Sistema de bibliotecas Bibliotecas Calend\u00e1rio Acad\u00eamico Calend\u00e1rio Acad\u00eamico Calend\u00e1rio Acad\u00eamico Calend\u00e1rio Administrativo Calend\u00e1rio Administrativo Calend\u00e1rio Administrativo Cobalto Gest\u00e3o acad\u00eamica; gest\u00e3o administrativa;\u2026","rel":"","context":"Post similar","block_context":{"text":"Post similar","link":""},"img":{"alt_text":"","src":"","width":0,"height":0},"classes":[]},{"id":1572,"url":"https:\/\/wp.ufpel.edu.br\/cpu\/viii-formacao-para-coordenadoras-e-coordenadores-de-cursos-de-graduacao-da-ufpel\/","url_meta":{"origin":1309,"position":4},"title":"Forma\u00e7\u00e3o para Coordenadoras e Coordenadores de Cursos de Gradua\u00e7\u00e3o da UFPEL","author":"marcialopes","date":"17\/03\/2025","format":false,"excerpt":"Pensando nos desafios que envolvem o trabalho das Coordena\u00e7\u00f5es de Cursos, a Coordena\u00e7\u00e3o de Pedagogia Universit\u00e1ria, atrav\u00e9s do N\u00facleo de Forma\u00e7\u00e3o de Professores, realiza a presente Forma\u00e7\u00e3o. Com o objetivo de proporcionar uma experi\u00eancia acess\u00edvel e produtiva, a forma\u00e7\u00e3o \u00e9 realizada em\u00a0dois dias, permitindo a participa\u00e7\u00e3o de um maior n\u00famero\u2026","rel":"","context":"Post similar","block_context":{"text":"Post similar","link":""},"img":{"alt_text":"","src":"","width":0,"height":0},"classes":[]},{"id":1700,"url":"https:\/\/wp.ufpel.edu.br\/cpu\/formacao-para-ndes\/","url_meta":{"origin":1309,"position":5},"title":"Forma\u00e7\u00e3o para NDEs","author":"marcialopes","date":"04\/07\/2025","format":false,"excerpt":"PROPOSTA DE FORMA\u00c7\u00c3O PERMANENTE DOS N\u00daCLEOS DOCENTES ESTRUTURANTES (NDEs) DA UNIVERSIDADE FEDERAL DE PELOTAS (UFPEL) Justificativa Os N\u00facleos Docentes Estruturantes (NDEs) desempenham um papel fundamental na organiza\u00e7\u00e3o e no desenvolvimento dos cursos de gradua\u00e7\u00e3o, conforme estabelecido pela Resolu\u00e7\u00e3o n\u00ba 5\/2021 do Conselho Nacional de Educa\u00e7\u00e3o (CNE\/CES), que define as Diretrizes\u2026","rel":"","context":"Post similar","block_context":{"text":"Post similar","link":""},"img":{"alt_text":"","src":"","width":0,"height":0},"classes":[]}],"jetpack_sharing_enabled":true,"_links":{"self":[{"href":"https:\/\/wp.ufpel.edu.br\/cpu\/wp-json\/wp\/v2\/pages\/1309","targetHints":{"allow":["GET"]}}],"collection":[{"href":"https:\/\/wp.ufpel.edu.br\/cpu\/wp-json\/wp\/v2\/pages"}],"about":[{"href":"https:\/\/wp.ufpel.edu.br\/cpu\/wp-json\/wp\/v2\/types\/page"}],"author":[{"embeddable":true,"href":"https:\/\/wp.ufpel.edu.br\/cpu\/wp-json\/wp\/v2\/users\/1320"}],"replies":[{"embeddable":true,"href":"https:\/\/wp.ufpel.edu.br\/cpu\/wp-json\/wp\/v2\/comments?post=1309"}],"version-history":[{"count":4,"href":"https:\/\/wp.ufpel.edu.br\/cpu\/wp-json\/wp\/v2\/pages\/1309\/revisions"}],"predecessor-version":[{"id":1753,"href":"https:\/\/wp.ufpel.edu.br\/cpu\/wp-json\/wp\/v2\/pages\/1309\/revisions\/1753"}],"wp:attachment":[{"href":"https:\/\/wp.ufpel.edu.br\/cpu\/wp-json\/wp\/v2\/media?parent=1309"}],"curies":[{"name":"wp","href":"https:\/\/api.w.org\/{rel}","templated":true}]}}