{"id":8447,"date":"2026-04-13T19:48:58","date_gmt":"2026-04-13T22:48:58","guid":{"rendered":"https:\/\/wp.ufpel.edu.br\/cpted\/?page_id=8447"},"modified":"2026-04-13T20:18:16","modified_gmt":"2026-04-13T23:18:16","slug":"edital-clhd-04-2026-tutor-a-distancia","status":"publish","type":"page","link":"https:\/\/wp.ufpel.edu.br\/cpted\/editais\/edital-clhd-04-2026-tutor-a-distancia\/","title":{"rendered":"Edital CLHD 04\/2026 &#8211; Tutor a Dist\u00e2ncia"},"content":{"rendered":"<p style=\"text-aling:justify;\">A UFPel, por meio da UAB, est\u00e1 com inscri\u00e7\u00f5es abertas para o <strong>Edital CLHD n\u00ba 04\/2026<\/strong>, destinado \u00e0 sele\u00e7\u00e3o de <strong>Tutor a Dist\u00e2ncia<\/strong> para o Curso de Licenciatura em Hist\u00f3ria.<\/p>\n<p style=\"text-aling:justify;\">S\u00e3o ofertadas <strong>2 vagas + cadastro de reserva<\/strong>, com atua\u00e7\u00e3o predominantemente remota, vinculada \u00e0 sede do curso em Pelotas\/RS. Podem participar candidatos com <strong>Licenciatura em Hist\u00f3ria ou Ci\u00eancias Humanas<\/strong>, residentes a at\u00e9 <strong>100 km da sede<\/strong>.<\/p>\n<p style=\"text-aling:justify;\">\n&#8211; <strong>Inscri\u00e7\u00f5es:<\/strong> 13\/04\/2026 a 27\/04\/2026 (por e-mail)<br \/>\n&#8211; <strong>Bolsa:<\/strong> R$ 1.100,00<br \/>\n&#8211; <strong>Carga hor\u00e1ria:<\/strong> 20h semanais\n<\/p>\n<p style=\"text-aling:justify;\">A sele\u00e7\u00e3o ser\u00e1 por avalia\u00e7\u00e3o curricular. O edital tamb\u00e9m prev\u00ea <strong>vagas para a\u00e7\u00f5es afirmativas<\/strong>.<\/p>\n<p style=\"text-aling:justify;\">Confira o edital completo abaixo.<\/p>\n<table class=\"cpted-tables\" style=\"border-collapse: unset;width: 100%\" border=\"0\">\n<thead>\n<tr>\n<th style=\"text-align: left;\"><strong>NOME DO ARQUIVO<\/strong><\/th>\n<th style=\"text-align: center; width: 20%;\"><strong>DATA DE PUBLICA\u00c7\u00c3O<\/strong><\/th>\n<\/tr>\n<\/thead>\n<tbody>\n<tr>\n<td><a href=\"https:\/\/wp.ufpel.edu.br\/cpted\/files\/2026\/04\/Edital_CLHD_04_2026_Tutor_a_Distancia__Anexo_XIII_Ficha_de_Cadastro_de_Tutor.pdf\">Anexo XIII &#8211; Ficha de Cadastro de Tutor<\/td>\n<td style=\"text-align: center\">13\/04\/2026<\/td>\n<\/tr>\n<tr>\n<td><a href=\"https:\/\/wp.ufpel.edu.br\/cpted\/files\/2026\/04\/Edital_CLHD_04_2026_Tutor_a_Distancia__Anexo_XII_Declaracao_de_Disponibilidade_de_Horarios.pdf\">Anexo XII &#8211; Declara\u00e7\u00e3o de Disponibilidade de Hor\u00e1rios<\/td>\n<td style=\"text-align: center\">13\/04\/2026<\/td>\n<\/tr>\n<tr>\n<td><a href=\"https:\/\/wp.ufpel.edu.br\/cpted\/files\/2026\/04\/Edital_CLHD_04_2026_Tutor_a_Distancia__Anexo_XI_Termo_de_Compromisso.pdf\">Anexo XI &#8211; Termo de Compromisso<\/td>\n<td style=\"text-align: center\">13\/04\/2026<\/td>\n<\/tr>\n<tr>\n<td><a href=\"https:\/\/wp.ufpel.edu.br\/cpted\/files\/2026\/04\/Edital_CLHD_04_2026_Tutor_a_Distancia__Anexo_X_Ficha_de_Inscricao.pdf\">Anexo X &#8211; Ficha de Inscri\u00e7\u00e3o<\/td>\n<td style=\"text-align: center\">13\/04\/2026<\/td>\n<\/tr>\n<tr>\n<td><a href=\"https:\/\/wp.ufpel.edu.br\/cpted\/files\/2026\/04\/Edital_CLHD_04_2026_Tutor_a_Distancia__Anexo_IX_Formulario_de_Recursos.pdf\">Anexo IX &#8211; Formul\u00e1rio de Recursos<\/td>\n<td style=\"text-align: center\">13\/04\/2026<\/td>\n<\/tr>\n<tr>\n<td><a href=\"https:\/\/wp.ufpel.edu.br\/cpted\/files\/2026\/04\/Edital_CLHD_04_2026_Tutor_a_Distancia__Anexo_VIII_Formulario_de_Avaliacao_Curricular.pdf\">Anexo VIII &#8211; Formul\u00e1rio de Avalia\u00e7\u00e3o Curricular<\/td>\n<td style=\"text-align: center\">13\/04\/2026<\/td>\n<\/tr>\n<tr>\n<td><a href=\"https:\/\/wp.ufpel.edu.br\/cpted\/files\/2026\/04\/Edital_CLHD_04_2026_Tutor_a_Distancia__Anexo_VII_Declaracao_de_Pertencimento_Etnico_Indigena.pdf\">Anexo VII &#8211; Declara\u00e7\u00e3o de Pertencimento \u00c9tnico &#8211; Ind\u00edgena<\/td>\n<td style=\"text-align: center\">13\/04\/2026<\/td>\n<\/tr>\n<tr>\n<td><a href=\"https:\/\/wp.ufpel.edu.br\/cpted\/files\/2026\/04\/Edital_CLHD_04_2026_Tutor_a_Distancia__Anexo_VI_Declaracao_de_Pertencimento_Etnico_Quilombola.pdf\">Anexo VI &#8211; Declara\u00e7\u00e3o de Pertencimento \u00c9tnico &#8211; Quilombola<\/td>\n<td style=\"text-align: center\">13\/04\/2026<\/td>\n<\/tr>\n<tr>\n<td><a href=\"https:\/\/wp.ufpel.edu.br\/cpted\/files\/2026\/04\/Edital_CLHD_04_2026_Tutor_a_Distancia__Anexo_V_Formulario_de_Autodeclaracao_de_Identidade_Trans_Travesti_Transexual_Transgenero.pdf\">Anexo V &#8211; Formul\u00e1rio de Autodeclara\u00e7\u00e3o de Identidade Trans: Travesti, Transexual, Transgenero<\/td>\n<td style=\"text-align: center\">13\/04\/2026<\/td>\n<\/tr>\n<tr>\n<td><a href=\"https:\/\/wp.ufpel.edu.br\/cpted\/files\/2026\/04\/Edital_CLHD_04_2026_Tutor_a_Distancia__Anexo_IV_Formulario_de_Autodeclaracao_de_Pessoa_com_Deficiencia.pdf\">Anexo IV &#8211; Formul\u00e1rio de Autodeclara\u00e7\u00e3o de Pessoa com Defici\u00eancia<\/td>\n<td style=\"text-align: center\">13\/04\/2026<\/td>\n<\/tr>\n<tr>\n<td><a href=\"https:\/\/wp.ufpel.edu.br\/cpted\/files\/2026\/04\/Edital_CLHD_04_2026_Tutor_a_Distancia__Anexo_III_Formulario_de_Autodeclaracao_Etnico-Racial_Quilombola.pdf\">Anexo III &#8211; Formul\u00e1rio de Autodeclara\u00e7\u00e3o \u00c9tnico-Racial &#8211; Quilombola<\/td>\n<td style=\"text-align: center\">13\/04\/2026<\/td>\n<\/tr>\n<tr>\n<td><a href=\"https:\/\/wp.ufpel.edu.br\/cpted\/files\/2026\/04\/Edital_CLHD_04_2026_Tutor_a_Distancia__Anexo_II_Formulario_de_Autodeclaracao_Etnico-Racial_Indigena.pdf\">Anexo II &#8211; Formul\u00e1rio de Autodeclara\u00e7\u00e3o \u00c9tnico-Racial &#8211; Ind\u00edgena<\/td>\n<td style=\"text-align: center\">13\/04\/2026<\/td>\n<\/tr>\n<tr>\n<td><a href=\"https:\/\/wp.ufpel.edu.br\/cpted\/files\/2026\/04\/Edital_CLHD_04_2026_Tutor_a_Distancia__Anexo_I_Formulario_de-Autodeclaracao_Etnico-Racial_Negro.pdf\">Anexo I &#8211; Formul\u00e1rio de Auto Declara\u00e7\u00e3o \u00c9tnico-Racial &#8211; Negro<\/a><\/td>\n<td style=\"text-align: center\">13\/04\/2026<\/td>\n<\/tr>\n<tr>\n<td><a href=\"https:\/\/wp.ufpel.edu.br\/cpted\/files\/2026\/04\/Edital_CLHD_04_2026_Tutor_a_Distancia__Abertura.pdf\">Edital de Abertura<\/a><\/td>\n<td style=\"text-align: center\">13\/04\/2026<\/td>\n<\/tr>\n<\/tbody>\n<\/table>\n<p><\/p>\n<style>\n    .card {\n      border: 1px solid #f1aeb5;\n      border-radius: 12px;\n      padding: 1rem 1.25rem;\n      background: #fafafa;\n      margin: 1rem 0;\n    }\n    .danger {\n      border-left: 6px solid #f1aeb5;\n      background: #f8d7da;\n      color: #58151c;\n    }\n<\/style>\n","protected":false},"excerpt":{"rendered":"<p>A UFPel, por meio da UAB, est\u00e1 com inscri\u00e7\u00f5es abertas para o Edital CLHD n\u00ba 04\/2026, destinado \u00e0 sele\u00e7\u00e3o de Tutor a Dist\u00e2ncia para o Curso de Licenciatura em Hist\u00f3ria. S\u00e3o ofertadas 2 vagas + cadastro de reserva, com atua\u00e7\u00e3o predominantemente remota, vinculada \u00e0 sede do curso em Pelotas\/RS. Podem participar candidatos com Licenciatura em [&hellip;]<\/p>\n","protected":false},"author":1448,"featured_media":0,"parent":22,"menu_order":0,"comment_status":"closed","ping_status":"closed","template":"","meta":{"footnotes":""},"class_list":["post-8447","page","type-page","status-publish","hentry"],"_links":{"self":[{"href":"https:\/\/wp.ufpel.edu.br\/cpted\/wp-json\/wp\/v2\/pages\/8447","targetHints":{"allow":["GET"]}}],"collection":[{"href":"https:\/\/wp.ufpel.edu.br\/cpted\/wp-json\/wp\/v2\/pages"}],"about":[{"href":"https:\/\/wp.ufpel.edu.br\/cpted\/wp-json\/wp\/v2\/types\/page"}],"author":[{"embeddable":true,"href":"https:\/\/wp.ufpel.edu.br\/cpted\/wp-json\/wp\/v2\/users\/1448"}],"replies":[{"embeddable":true,"href":"https:\/\/wp.ufpel.edu.br\/cpted\/wp-json\/wp\/v2\/comments?post=8447"}],"version-history":[{"count":3,"href":"https:\/\/wp.ufpel.edu.br\/cpted\/wp-json\/wp\/v2\/pages\/8447\/revisions"}],"predecessor-version":[{"id":8465,"href":"https:\/\/wp.ufpel.edu.br\/cpted\/wp-json\/wp\/v2\/pages\/8447\/revisions\/8465"}],"up":[{"embeddable":true,"href":"https:\/\/wp.ufpel.edu.br\/cpted\/wp-json\/wp\/v2\/pages\/22"}],"wp:attachment":[{"href":"https:\/\/wp.ufpel.edu.br\/cpted\/wp-json\/wp\/v2\/media?parent=8447"}],"curies":[{"name":"wp","href":"https:\/\/api.w.org\/{rel}","templated":true}]}}

Edital CLHD 04/2026 &#8211; Tutor a Distância

<p style="text-aling:justify;">A UFPel, por meio da UAB, está com inscrições abertas para o <strong>Edital CLHD nº 04/2026</strong>, destinado à seleção de <strong>Tutor a Distância</strong> para o Curso de Licenciatura em História.</p>
<p style="text-aling:justify;">São ofertadas <strong>2 vagas + cadastro de reserva</strong>, com atuação predominantemente remota, vinculada à sede do curso em Pelotas/RS. Podem participar candidatos com <strong>Licenciatura em História ou Ciências Humanas</strong>, residentes a até <strong>100 km da sede</strong>.</p>
<p style="text-aling:justify;">
&#8211; <strong>Inscrições:</strong> 13/04/2026 a 27/04/2026 (por e-mail)<br />
&#8211; <strong>Bolsa:</strong> R$ 1.100,00<br />
&#8211; <strong>Carga horária:</strong> 20h semanais
</p>
<p style="text-aling:justify;">A seleção será por avaliação curricular. O edital também prevê <strong>vagas para ações afirmativas</strong>.</p>
<p style="text-aling:justify;">Confira o edital completo abaixo.</p>
<table class="cpted-tables" style="border-collapse: unset;width: 100%" border="0">
<thead>
<tr>
<th style="text-align: left;"><strong>NOME DO ARQUIVO</strong></th>
<th style="text-align: center; width: 20%;"><strong>DATA DE PUBLICAÇÃO</strong></th>
</tr>
</thead>
<tbody>
<tr>
<td><a href="https://wp.ufpel.edu.br/cpted/files/2026/04/Edital_CLHD_04_2026_Tutor_a_Distancia__Anexo_XIII_Ficha_de_Cadastro_de_Tutor.pdf">Anexo XIII &#8211; Ficha de Cadastro de Tutor</td>
<td style="text-align: center">13/04/2026</td>
</tr>
<tr>
<td><a href="https://wp.ufpel.edu.br/cpted/files/2026/04/Edital_CLHD_04_2026_Tutor_a_Distancia__Anexo_XII_Declaracao_de_Disponibilidade_de_Horarios.pdf">Anexo XII &#8211; Declaração de Disponibilidade de Horários</td>
<td style="text-align: center">13/04/2026</td>
</tr>
<tr>
<td><a href="https://wp.ufpel.edu.br/cpted/files/2026/04/Edital_CLHD_04_2026_Tutor_a_Distancia__Anexo_XI_Termo_de_Compromisso.pdf">Anexo XI &#8211; Termo de Compromisso</td>
<td style="text-align: center">13/04/2026</td>
</tr>
<tr>
<td><a href="https://wp.ufpel.edu.br/cpted/files/2026/04/Edital_CLHD_04_2026_Tutor_a_Distancia__Anexo_X_Ficha_de_Inscricao.pdf">Anexo X &#8211; Ficha de Inscrição</td>
<td style="text-align: center">13/04/2026</td>
</tr>
<tr>
<td><a href="https://wp.ufpel.edu.br/cpted/files/2026/04/Edital_CLHD_04_2026_Tutor_a_Distancia__Anexo_IX_Formulario_de_Recursos.pdf">Anexo IX &#8211; Formulário de Recursos</td>
<td style="text-align: center">13/04/2026</td>
</tr>
<tr>
<td><a href="https://wp.ufpel.edu.br/cpted/files/2026/04/Edital_CLHD_04_2026_Tutor_a_Distancia__Anexo_VIII_Formulario_de_Avaliacao_Curricular.pdf">Anexo VIII &#8211; Formulário de Avaliação Curricular</td>
<td style="text-align: center">13/04/2026</td>
</tr>
<tr>
<td><a href="https://wp.ufpel.edu.br/cpted/files/2026/04/Edital_CLHD_04_2026_Tutor_a_Distancia__Anexo_VII_Declaracao_de_Pertencimento_Etnico_Indigena.pdf">Anexo VII &#8211; Declaração de Pertencimento Étnico &#8211; Indígena</td>
<td style="text-align: center">13/04/2026</td>
</tr>
<tr>
<td><a href="https://wp.ufpel.edu.br/cpted/files/2026/04/Edital_CLHD_04_2026_Tutor_a_Distancia__Anexo_VI_Declaracao_de_Pertencimento_Etnico_Quilombola.pdf">Anexo VI &#8211; Declaração de Pertencimento Étnico &#8211; Quilombola</td>
<td style="text-align: center">13/04/2026</td>
</tr>
<tr>
<td><a href="https://wp.ufpel.edu.br/cpted/files/2026/04/Edital_CLHD_04_2026_Tutor_a_Distancia__Anexo_V_Formulario_de_Autodeclaracao_de_Identidade_Trans_Travesti_Transexual_Transgenero.pdf">Anexo V &#8211; Formulário de Autodeclaração de Identidade Trans: Travesti, Transexual, Transgenero</td>
<td style="text-align: center">13/04/2026</td>
</tr>
<tr>
<td><a href="https://wp.ufpel.edu.br/cpted/files/2026/04/Edital_CLHD_04_2026_Tutor_a_Distancia__Anexo_IV_Formulario_de_Autodeclaracao_de_Pessoa_com_Deficiencia.pdf">Anexo IV &#8211; Formulário de Autodeclaração de Pessoa com Deficiência</td>
<td style="text-align: center">13/04/2026</td>
</tr>
<tr>
<td><a href="https://wp.ufpel.edu.br/cpted/files/2026/04/Edital_CLHD_04_2026_Tutor_a_Distancia__Anexo_III_Formulario_de_Autodeclaracao_Etnico-Racial_Quilombola.pdf">Anexo III &#8211; Formulário de Autodeclaração Étnico-Racial &#8211; Quilombola</td>
<td style="text-align: center">13/04/2026</td>
</tr>
<tr>
<td><a href="https://wp.ufpel.edu.br/cpted/files/2026/04/Edital_CLHD_04_2026_Tutor_a_Distancia__Anexo_II_Formulario_de_Autodeclaracao_Etnico-Racial_Indigena.pdf">Anexo II &#8211; Formulário de Autodeclaração Étnico-Racial &#8211; Indígena</td>
<td style="text-align: center">13/04/2026</td>
</tr>
<tr>
<td><a href="https://wp.ufpel.edu.br/cpted/files/2026/04/Edital_CLHD_04_2026_Tutor_a_Distancia__Anexo_I_Formulario_de-Autodeclaracao_Etnico-Racial_Negro.pdf">Anexo I &#8211; Formulário de Auto Declaração Étnico-Racial &#8211; Negro</a></td>
<td style="text-align: center">13/04/2026</td>
</tr>
<tr>
<td><a href="https://wp.ufpel.edu.br/cpted/files/2026/04/Edital_CLHD_04_2026_Tutor_a_Distancia__Abertura.pdf">Edital de Abertura</a></td>
<td style="text-align: center">13/04/2026</td>
</tr>
</tbody>
</table>
<p></p>
<style>
    .card {
      border: 1px solid #f1aeb5;
      border-radius: 12px;
      padding: 1rem 1.25rem;
      background: #fafafa;
      margin: 1rem 0;
    }
    .danger {
      border-left: 6px solid #f1aeb5;
      background: #f8d7da;
      color: #58151c;
    }
</style>

<p>A UFPel, por meio da UAB, está com inscrições abertas para o Edital CLHD nº 04/2026, destinado à seleção de Tutor a Distância para o Curso de Licenciatura em História. São ofertadas 2 vagas + cadastro de reserva, com atuação predominantemente remota, vinculada à sede do curso em Pelotas/RS. Podem participar candidatos com Licenciatura em [&hellip;]</p>
