{"id":8243,"date":"2026-03-09T19:35:51","date_gmt":"2026-03-09T22:35:51","guid":{"rendered":"https:\/\/wp.ufpel.edu.br\/cpted\/?page_id=8243"},"modified":"2026-04-02T12:03:42","modified_gmt":"2026-04-02T15:03:42","slug":"edital-cled-01-2026-tutor-presencial","status":"publish","type":"page","link":"https:\/\/wp.ufpel.edu.br\/cpted\/editais\/edital-cled-01-2026-tutor-presencial\/","title":{"rendered":"Edital CLED 01\/2026 &#8211; Tutor Presencial"},"content":{"rendered":"<p align=\"justify\">A Coordena\u00e7\u00e3o Institucional da Universidade Aberta do Brasil (UAB\/UFPel) torna p\u00fablico o <strong>Edital de Sele\u00e7\u00e3o n\u00ba 01\/2026 \u2013 CLED \u2013 Tutor Presencial<\/strong>, destinado \u00e0 sele\u00e7\u00e3o de bolsistas para atua\u00e7\u00e3o como <strong>Tutor Presencial no Curso de Licenciatura em Letras Espanhol na modalidade a dist\u00e2ncia (EAD)<\/strong>.<\/p>\n<p align=\"justify\">Est\u00e3o sendo ofertadas <strong>2 vagas<\/strong>, al\u00e9m de <strong>cadastro de reserva<\/strong>, para atua\u00e7\u00e3o nos polos de <strong>Sapiranga\/RS<\/strong> e <strong>Picada Caf\u00e9\/RS<\/strong>, sendo exigida <strong>forma\u00e7\u00e3o superior em Letras com habilita\u00e7\u00e3o em L\u00edngua Espanhola<\/strong>.<\/p>\n<p align=\"justify\">As inscri\u00e7\u00f5es estar\u00e3o abertas de <strong>09 a 23 de mar\u00e7o de 2026<\/strong> e dever\u00e3o ser realizadas por meio do envio da documenta\u00e7\u00e3o exigida para o e-mail indicado no edital. A sele\u00e7\u00e3o ser\u00e1 realizada por <strong>avalia\u00e7\u00e3o curricular<\/strong>, considerando titula\u00e7\u00e3o, experi\u00eancia profissional, produ\u00e7\u00e3o acad\u00eamica e atividades formativas em educa\u00e7\u00e3o a dist\u00e2ncia.<\/p>\n<p align=\"justify\">Os tutores selecionados atuar\u00e3o com carga hor\u00e1ria de <strong>20 horas semanais<\/strong>, com bolsa no <strong>valor de R$ 1.100,00<\/strong>, conforme normativas da CAPES no \u00e2mbito do Sistema Universidade Aberta do Brasil.<\/p>\n<p align=\"justify\">O edital completo, cronograma e documentos necess\u00e1rios para inscri\u00e7\u00e3o est\u00e3o dispon\u00edveis abaixo.<\/p>\n<table class=\"cpted-tables\" style=\"border-collapse: unset;width: 100%\" border=\"0\">\n<thead>\n<tr>\n<th style=\"text-align: left;\"><strong>NOME DO ARQUIVO<\/strong><\/th>\n<th style=\"text-align: center; width: 20%;\"><strong>DATA DE PUBLICA\u00c7\u00c3O<\/strong><\/th>\n<\/tr>\n<\/thead>\n<tbody>\n<tr>\n<td><a href=\"https:\/\/wp.ufpel.edu.br\/cpted\/files\/2026\/04\/Edital_CLED_01_2026_Tutor_Presencial_Homologacao_Definitiva_Inscricoes.pdf\">Homologa\u00e7\u00e3o Definitiva das Inscri\u00e7\u00f5es<\/a><\/td>\n<td style=\"text-align: center\">01\/04\/2026<\/td>\n<\/tr>\n<tr>\n<td><a href=\"https:\/\/wp.ufpel.edu.br\/cpted\/files\/2026\/03\/Edital_CLED_01_2026_Tutor_Presencial_Homologacao_das_Inscricoes.pdf\">Homologa\u00e7\u00e3o das Inscri\u00e7\u00f5es<\/a><\/td>\n<td style=\"text-align: center\">27\/03\/2026<\/td>\n<\/tr>\n<tr>\n<td><a href=\"https:\/\/wp.ufpel.edu.br\/cpted\/files\/2026\/03\/Edital_CLED_01_2026_Tutor_Presencial_Anexo_XIII.pdf\">Anexo XIII &#8211; Ficha de Cadastramento \/ Termo de Compromisso do Bolsista<\/a><\/td>\n<td style=\"text-align: center\">26\/02\/2026<\/td>\n<\/tr>\n<tr>\n<td><a href=\"https:\/\/wp.ufpel.edu.br\/cpted\/files\/2026\/03\/Edital_CLED_01_2026_Tutor_Presencial_Anexo_XII.pdf\">Anexo XII &#8211; Declara\u00e7\u00e3o de Disponibilidade de Hor\u00e1rios<\/a><\/td>\n<td style=\"text-align: center\">09\/03\/2026<\/td>\n<\/tr>\n<tr>\n<td><a href=\"https:\/\/wp.ufpel.edu.br\/cpted\/files\/2026\/03\/Edital_CLED_01_2026_Tutor_Presencial_Anexo_XI.pdf\">Anexo XI &#8211; Termo de Compromisso<\/a><\/td>\n<td style=\"text-align: center\">09\/03\/2026<\/td>\n<\/tr>\n<tr>\n<td><a href=\"https:\/\/wp.ufpel.edu.br\/cpted\/files\/2026\/03\/Edital_CLED_01_2026_Tutor_Presencial_Anexo_X.pdf\">Anexo X &#8211; Ficha de Inscri\u00e7\u00e3o<\/a><\/td>\n<td style=\"text-align: center\">09\/03\/2026<\/td>\n<\/tr>\n<tr>\n<td><a href=\"https:\/\/wp.ufpel.edu.br\/cpted\/files\/2026\/03\/Edital_CLED_01_2026_Tutor_Presencial_Anexo_IX.pdf\">Anexo IX &#8211; Formul\u00e1rio de Recurso<\/a><\/td>\n<td style=\"text-align: center\">09\/03\/2026<\/td>\n<\/tr>\n<tr>\n<td><a href=\"https:\/\/wp.ufpel.edu.br\/cpted\/files\/2026\/03\/Edital_CLED_01_2026_Tutor_Presencial_Anexo_VIII.pdf\">Anexo VIII &#8211; Formul\u00e1rio de Avalia\u00e7\u00e3o Curricular<\/a><\/td>\n<td style=\"text-align: center\">09\/03\/2026<\/td>\n<\/tr>\n<tr>\n<td><a href=\"https:\/\/wp.ufpel.edu.br\/cpted\/files\/2026\/03\/Edital_CLED_01_2026_Tutor_Presencial_Anexo_VII.pdf\">Anexo VII &#8211; Declara\u00e7\u00e3o de Pertencimento \u00c9tnico &#8211; Ind\u00edgena<\/a><\/td>\n<td style=\"text-align: center\">09\/03\/2026<\/td>\n<\/tr>\n<tr>\n<td><a href=\"https:\/\/wp.ufpel.edu.br\/cpted\/files\/2026\/03\/Edital_CLED_01_2026_Tutor_Presencial_Anexo_VI.pdf\">Anexo VI &#8211; Declara\u00e7\u00e3o de Pertencimento \u00c9tnico &#8211; Quilombola<\/a><\/td>\n<td style=\"text-align: center\">09\/03\/2026<\/td>\n<\/tr>\n<tr>\n<td><a href=\"https:\/\/wp.ufpel.edu.br\/cpted\/files\/2026\/03\/Edital_CLED_01_2026_Tutor_Presencial_Anexo_V.pdf\">Anexo V &#8211; Formul\u00e1rio de Autodeclara\u00e7\u00e3o de Identidade Trans: Travesti, transexual, ou Transg\u00eanero<\/a><\/td>\n<td style=\"text-align: center\">09\/03\/2026<\/td>\n<\/tr>\n<tr>\n<td><a href=\"https:\/\/wp.ufpel.edu.br\/cpted\/files\/2026\/03\/Edital_CLED_01_2026_Tutor_Presencial_Anexo_IV.pdf\">Anexo IV &#8211; Formul\u00e1rio de Autodeclara\u00e7\u00e3o de Pessoa com Defici\u00eancia<\/a><\/td>\n<td style=\"text-align: center\">09\/03\/2026<\/td>\n<\/tr>\n<tr>\n<td><a href=\"https:\/\/wp.ufpel.edu.br\/cpted\/files\/2026\/03\/Edital_CLED_01_2026_Tutor_Presencial_Anexo_III.pdf\">Anexo III &#8211; Formul\u00e1rio de Autodeclara\u00e7\u00e3o \u00c9tnico-Racial &#8211; Quilombola<\/a><\/td>\n<td style=\"text-align: center\">09\/03\/2026<\/td>\n<\/tr>\n<tr>\n<td><a href=\"https:\/\/wp.ufpel.edu.br\/cpted\/files\/2026\/03\/Edital_CLED_01_2026_Tutor_Presencial_Anexo_II.pdf\">Anexo II &#8211; Formul\u00e1rio de Autodeclara\u00e7\u00e3o \u00c9tnico-Racial &#8211; Ind\u00edgena<\/a><\/td>\n<td style=\"text-align: center\">09\/03\/2026<\/td>\n<\/tr>\n<tr>\n<td><a href=\"https:\/\/wp.ufpel.edu.br\/cpted\/files\/2026\/03\/Edital_CLED_01_2026_Tutor_Presencial_Anexo_I.pdf\">Anexo I &#8211; Formul\u00e1rio de Autodeclara\u00e7\u00e3o \u00c9tnico-Racial &#8211; Negro(a)<\/a><\/td>\n<td style=\"text-align: center\">09\/03\/2026<\/td>\n<\/tr>\n<tr>\n<td><a href=\"https:\/\/wp.ufpel.edu.br\/cpted\/files\/2026\/03\/Edital_CLED_01_2026_Tutor_Presencial.pdf\">Edital de Abertura<\/a><\/td>\n<td style=\"text-align: center\">09\/03\/2026<\/td>\n<\/tr>\n<\/tbody>\n<\/table>\n<hr>\n<h3>Documentos do Edital<\/h3>\n<ul>\n<li><a href=\"https:\/\/wp.ufpel.edu.br\/cpted\/files\/2026\/04\/SEI_3765902_GR_UAB__Edital___Homologacao_das_Inscricoes-3.pdf\" target=\"_blank\" rel=\"noopener\">HOMOLOGA\u00c7\u00c3O DEFINITIVA DAS INSCRI\u00c7\u00d5ES<\/a><\/li>\n<\/ul>\n","protected":false},"excerpt":{"rendered":"<p>A Coordena\u00e7\u00e3o Institucional da Universidade Aberta do Brasil (UAB\/UFPel) torna p\u00fablico o Edital de Sele\u00e7\u00e3o n\u00ba 01\/2026 \u2013 CLED \u2013 Tutor Presencial, destinado \u00e0 sele\u00e7\u00e3o de bolsistas para atua\u00e7\u00e3o como Tutor Presencial no Curso de Licenciatura em Letras Espanhol na modalidade a dist\u00e2ncia (EAD). Est\u00e3o sendo ofertadas 2 vagas, al\u00e9m de cadastro de reserva, para [&hellip;]<\/p>\n","protected":false},"author":1448,"featured_media":0,"parent":22,"menu_order":0,"comment_status":"closed","ping_status":"closed","template":"","meta":{"footnotes":""},"class_list":["post-8243","page","type-page","status-publish","hentry"],"_links":{"self":[{"href":"https:\/\/wp.ufpel.edu.br\/cpted\/wp-json\/wp\/v2\/pages\/8243","targetHints":{"allow":["GET"]}}],"collection":[{"href":"https:\/\/wp.ufpel.edu.br\/cpted\/wp-json\/wp\/v2\/pages"}],"about":[{"href":"https:\/\/wp.ufpel.edu.br\/cpted\/wp-json\/wp\/v2\/types\/page"}],"author":[{"embeddable":true,"href":"https:\/\/wp.ufpel.edu.br\/cpted\/wp-json\/wp\/v2\/users\/1448"}],"replies":[{"embeddable":true,"href":"https:\/\/wp.ufpel.edu.br\/cpted\/wp-json\/wp\/v2\/comments?post=8243"}],"version-history":[{"count":3,"href":"https:\/\/wp.ufpel.edu.br\/cpted\/wp-json\/wp\/v2\/pages\/8243\/revisions"}],"predecessor-version":[{"id":8360,"href":"https:\/\/wp.ufpel.edu.br\/cpted\/wp-json\/wp\/v2\/pages\/8243\/revisions\/8360"}],"up":[{"embeddable":true,"href":"https:\/\/wp.ufpel.edu.br\/cpted\/wp-json\/wp\/v2\/pages\/22"}],"wp:attachment":[{"href":"https:\/\/wp.ufpel.edu.br\/cpted\/wp-json\/wp\/v2\/media?parent=8243"}],"curies":[{"name":"wp","href":"https:\/\/api.w.org\/{rel}","templated":true}]}}