{"id":8104,"date":"2026-02-19T12:35:28","date_gmt":"2026-02-19T15:35:28","guid":{"rendered":"https:\/\/wp.ufpel.edu.br\/cpted\/?page_id=8104"},"modified":"2026-02-19T21:59:11","modified_gmt":"2026-02-20T00:59:11","slug":"base-de-conhecimento","status":"publish","type":"page","link":"https:\/\/wp.ufpel.edu.br\/cpted\/uab\/base-de-conhecimento\/","title":{"rendered":"Base de Conhecimento"},"content":{"rendered":"<h4 class=\"cpted-title\">BASE DE CONHECIMENTO UAB\/UFPel<\/h4>\n<p class=\"cpted-align_justify\">O que \u00e9 a Base de Conhecimento?<\/p>\n<p class=\"cpted-align_justify\">\u00c9 um reposit\u00f3rio de arquivos que descreve o fluxo simplificado de cada processo do Sistema Eletr\u00f4nico de Informa\u00e7\u00f5es (SEI), a fim de orientar o usu\u00e1rio sobre a tramita\u00e7\u00e3o de documentos.<\/p>\n<p><a class=\"cpted-link\" href=\"https:\/\/drive.google.com\/drive\/folders\/1orFfD87_yjxuWF5fMz9s9h7cOFIuEYtn?usp=sharing\"><i class=\"fi fi-rr-folder-open\"><\/i> Acessar pasta com a documenta\u00e7\u00e3o<\/a><br \/>\n<small style=\"margin-left:20px;color:#666;\"><\/small><\/p>\n","protected":false},"excerpt":{"rendered":"<p>BASE DE CONHECIMENTO UAB\/UFPel O que \u00e9 a Base de Conhecimento? \u00c9 um reposit\u00f3rio de arquivos que descreve o fluxo simplificado de cada processo do Sistema Eletr\u00f4nico de Informa\u00e7\u00f5es (SEI), a fim de orientar o usu\u00e1rio sobre a tramita\u00e7\u00e3o de documentos. Acessar pasta com a documenta\u00e7\u00e3o<\/p>\n","protected":false},"author":1448,"featured_media":0,"parent":6591,"menu_order":0,"comment_status":"closed","ping_status":"closed","template":"","meta":{"footnotes":""},"class_list":["post-8104","page","type-page","status-publish","hentry"],"_links":{"self":[{"href":"https:\/\/wp.ufpel.edu.br\/cpted\/wp-json\/wp\/v2\/pages\/8104","targetHints":{"allow":["GET"]}}],"collection":[{"href":"https:\/\/wp.ufpel.edu.br\/cpted\/wp-json\/wp\/v2\/pages"}],"about":[{"href":"https:\/\/wp.ufpel.edu.br\/cpted\/wp-json\/wp\/v2\/types\/page"}],"author":[{"embeddable":true,"href":"https:\/\/wp.ufpel.edu.br\/cpted\/wp-json\/wp\/v2\/users\/1448"}],"replies":[{"embeddable":true,"href":"https:\/\/wp.ufpel.edu.br\/cpted\/wp-json\/wp\/v2\/comments?post=8104"}],"version-history":[{"count":2,"href":"https:\/\/wp.ufpel.edu.br\/cpted\/wp-json\/wp\/v2\/pages\/8104\/revisions"}],"predecessor-version":[{"id":8118,"href":"https:\/\/wp.ufpel.edu.br\/cpted\/wp-json\/wp\/v2\/pages\/8104\/revisions\/8118"}],"up":[{"embeddable":true,"href":"https:\/\/wp.ufpel.edu.br\/cpted\/wp-json\/wp\/v2\/pages\/6591"}],"wp:attachment":[{"href":"https:\/\/wp.ufpel.edu.br\/cpted\/wp-json\/wp\/v2\/media?parent=8104"}],"curies":[{"name":"wp","href":"https:\/\/api.w.org\/{rel}","templated":true}]}}