{"id":7720,"date":"2025-09-25T17:56:47","date_gmt":"2025-09-25T20:56:47","guid":{"rendered":"https:\/\/wp.ufpel.edu.br\/cpted\/?page_id=7720"},"modified":"2025-10-16T12:09:02","modified_gmt":"2025-10-16T15:09:02","slug":"edital-gepem-01-2025-cadastro-de-reserva-para-coordenadoria-do-curso","status":"publish","type":"page","link":"https:\/\/wp.ufpel.edu.br\/cpted\/editais\/edital-gepem-01-2025-cadastro-de-reserva-para-coordenadoria-do-curso\/","title":{"rendered":"Edital GEPEM 01\/2025 &#8211; Coordenadoria do Curso &#8211; Cadastro de Reserva"},"content":{"rendered":"<h4 class=\"cpted-title\">EDITAL CLED 01\/2025 &#8211; TUTOR A DIST\u00c2NCIA<\/h4>\n<p style=\"text-aling:justify;\">A Universidade Federal de Pelotas (UFPel), por meio da Coordena\u00e7\u00e3o Institucional da Universidade Aberta do Brasil (UAB\/UFPel) e da Faculdade de Educa\u00e7\u00e3o (FaE\/UFPel), torna p\u00fablica a abertura do <strong>Edital de Sele\u00e7\u00e3o GEPEM n\u00ba 01\/2025<\/strong> para <strong>cadastro de reserva de bolsista na fun\u00e7\u00e3o de Coordenadoria de Curso<\/strong> do <strong>Curso de P\u00f3s-Gradua\u00e7\u00e3o Lato Sensu em Gest\u00e3o da Escola P\u00fablica de Ensino M\u00e9dio \u2013 GEPEM<\/strong>.<\/p>\n<p style=\"text-aling:justify;\">O curso tem como objetivo formar equipes gestoras de escolas p\u00fablicas de Ensino M\u00e9dio em n\u00edvel de especializa\u00e7\u00e3o, fortalecendo a atua\u00e7\u00e3o qualificada de gestores escolares e contribuindo para a melhoria cont\u00ednua da qualidade da educa\u00e7\u00e3o, do acesso e da perman\u00eancia dos estudantes, bem como dos resultados de aprendizagem.<\/p>\n<p style=\"text-aling:justify;\">As inscri\u00e7\u00f5es estar\u00e3o abertas de <strong>25 de setembro a 10 de outubro de 2025<\/strong>, conforme condi\u00e7\u00f5es descritas no edital. O processo seletivo ser\u00e1 destinado a docentes do quadro permanente da UFPel, lotados na Faculdade de Educa\u00e7\u00e3o, com titula\u00e7\u00e3o m\u00ednima de doutorado em Educa\u00e7\u00e3o.<\/p>\n<p style=\"text-aling:justify;\">O edital completo, com todas as informa\u00e7\u00f5es, prazos e documentos necess\u00e1rios, est\u00e1 dispon\u00edvel logo abaixo.<\/p>\n<table class=\"cpted-tables\" style=\"border-collapse: unset;width: 100%\" border=\"0\">\n<thead>\n<tr>\n<th style=\"text-align: left;\"><strong>NOME DO ARQUIVO<\/strong><\/th>\n<th style=\"text-align: center; width: 20%;\"><strong>DATA DE PUBLICA\u00c7\u00c3O<\/strong><\/th>\n<\/tr>\n<\/thead>\n<tbody>\n<tr>\n<td><a href=\"https:\/\/wp.ufpel.edu.br\/cpted\/files\/2025\/10\/Edital_GEPEM_01_2025_Coordenadoria_de_Curso_Resultado_Final.pdf\">Portaria de Constitui\u00e7\u00e3o da Comiss\u00e3o de Avalia\u00e7\u00e3o<\/a><\/td>\n<td style=\"text-align: center\">16\/10\/2025<\/td>\n<\/tr>\n<tr>\n<td><a href=\"https:\/\/wp.ufpel.edu.br\/cpted\/files\/2025\/09\/Edital_GEPEM_01_2025_Portaria_Comissao_Avaliacao.pdf\">Portaria de Constitui\u00e7\u00e3o da Comiss\u00e3o de Avalia\u00e7\u00e3o<\/a><\/td>\n<td style=\"text-align: center\">29\/09\/2025<\/td>\n<\/tr>\n<tr>\n<tr>\n<td><a href=\"https:\/\/wp.ufpel.edu.br\/cpted\/files\/2025\/10\/Edital_GEPEM_01_2025_Coordenadoria_de_Curso_Homologacao_das_Inscricoes.pdf\">Homologa\u00e7\u00e3o da Inscri\u00e7\u00f5es<\/a><\/td>\n<td style=\"text-align: center\">13\/10\/2025<\/td>\n<\/tr>\n<td><a href=\"https:\/\/wp.ufpel.edu.br\/cpted\/files\/2025\/09\/Edital_GEPEM_01_2025_Coordenadoria_de_Curso_Abertura.pdf\">Edital de Abertura<\/a><\/td>\n<td style=\"text-align: center\">25\/09\/2025<\/td>\n<\/tr>\n<\/tbody>\n<\/table>\n<p><\/p>\n","protected":false},"excerpt":{"rendered":"<p>EDITAL CLED 01\/2025 &#8211; TUTOR A DIST\u00c2NCIA A Universidade Federal de Pelotas (UFPel), por meio da Coordena\u00e7\u00e3o Institucional da Universidade Aberta do Brasil (UAB\/UFPel) e da Faculdade de Educa\u00e7\u00e3o (FaE\/UFPel), torna p\u00fablica a abertura do Edital de Sele\u00e7\u00e3o GEPEM n\u00ba 01\/2025 para cadastro de reserva de bolsista na fun\u00e7\u00e3o de Coordenadoria de Curso do Curso [&hellip;]<\/p>\n","protected":false},"author":1448,"featured_media":0,"parent":22,"menu_order":0,"comment_status":"closed","ping_status":"closed","template":"","meta":{"footnotes":""},"class_list":["post-7720","page","type-page","status-publish","hentry"],"_links":{"self":[{"href":"https:\/\/wp.ufpel.edu.br\/cpted\/wp-json\/wp\/v2\/pages\/7720","targetHints":{"allow":["GET"]}}],"collection":[{"href":"https:\/\/wp.ufpel.edu.br\/cpted\/wp-json\/wp\/v2\/pages"}],"about":[{"href":"https:\/\/wp.ufpel.edu.br\/cpted\/wp-json\/wp\/v2\/types\/page"}],"author":[{"embeddable":true,"href":"https:\/\/wp.ufpel.edu.br\/cpted\/wp-json\/wp\/v2\/users\/1448"}],"replies":[{"embeddable":true,"href":"https:\/\/wp.ufpel.edu.br\/cpted\/wp-json\/wp\/v2\/comments?post=7720"}],"version-history":[{"count":3,"href":"https:\/\/wp.ufpel.edu.br\/cpted\/wp-json\/wp\/v2\/pages\/7720\/revisions"}],"predecessor-version":[{"id":7762,"href":"https:\/\/wp.ufpel.edu.br\/cpted\/wp-json\/wp\/v2\/pages\/7720\/revisions\/7762"}],"up":[{"embeddable":true,"href":"https:\/\/wp.ufpel.edu.br\/cpted\/wp-json\/wp\/v2\/pages\/22"}],"wp:attachment":[{"href":"https:\/\/wp.ufpel.edu.br\/cpted\/wp-json\/wp\/v2\/media?parent=7720"}],"curies":[{"name":"wp","href":"https:\/\/api.w.org\/{rel}","templated":true}]}}