{"id":6915,"date":"2025-05-21T11:34:23","date_gmt":"2025-05-21T14:34:23","guid":{"rendered":"https:\/\/wp.ufpel.edu.br\/cpted\/?page_id=6915"},"modified":"2025-05-21T14:49:34","modified_gmt":"2025-05-21T17:49:34","slug":"especializacao-em-artes-visuais","status":"publish","type":"page","link":"https:\/\/wp.ufpel.edu.br\/cpted\/uab\/cursos\/especializacao-em-artes-visuais\/","title":{"rendered":"Especializa\u00e7\u00e3o em Artes Visuais"},"content":{"rendered":"<h4>ESPECIALIZA\u00c7\u00c3O EM ARTES VISUAIS<\/h4>\n<p align=\"justify\">O curso de Especializa\u00e7\u00e3o em Artes EAD proporciona uma forma\u00e7\u00e3o abrangente e flex\u00edvel, permitindo aos alunos explorar diversas manifesta\u00e7\u00f5es art\u00edsticas. Com uma metodologia inovadora, o curso abrange teoria e pr\u00e1tica, incluindo disciplinas como hist\u00f3ria da arte, t\u00e9cnicas contempor\u00e2neas e projetos criativos. Ideal para profissionais que buscam aprofundar seus conhecimentos e desenvolver novas habilidades no campo das artes, com a comodidade do ensino a dist\u00e2ncia.<\/p>\n<ul class=\"infobox\">\n<li>\n    <i class=\"fi fi-rr-site-alt\"><\/i><\/p>\n<div>\n      <strong>Site:<\/strong><br \/>\n      <a href=\"https:\/\/wp.ufpel.edu.br\/artesead\/\">https:\/\/wp.ufpel.edu.br\/artesead\/<\/a>\n    <\/div>\n<\/li>\n<li class=\"divisor\"><\/li>\n<li>\n    <i class=\"fi fi-rr-clock-three\"><\/i><\/p>\n<div>\n      <strong>Dura\u00e7\u00e3o:<\/strong><br \/>\n      <span>374 horas<\/span>\n    <\/div>\n<\/li>\n<li class=\"divisor\"><\/li>\n<li>\n    <i class=\"fi fi-rr-computer\"><\/i><\/p>\n<div>\n      <strong>Modalidade:<\/strong><br \/>\n      <span>EaD<\/span>\n    <\/div>\n<\/li>\n<li class=\"divisor\"><\/li>\n<li>\n    <i class=\"fi fi-rr-graduation-cap\"><\/i><\/p>\n<div>\n      <strong>N\u00edvel:<\/strong><br \/>\n      <span>P\u00f3s-gradua\u00e7\u00e3o<\/span>\n    <\/div>\n<\/li>\n<\/ul>\n<ul class=\"nav nav-tabs\" id=\"myTab\" role=\"tablist\" style=\"margin-left:0;\">\n<li class=\"nav-item\" role=\"presentation\">\n    <button class=\"nav-link active\" id=\"about-tab\" data-bs-toggle=\"tab\" data-bs-target=\"#course_about\" type=\"button\" role=\"tab\" aria-controls=\"about\" aria-selected=\"true\">Sobre<\/button>\n  <\/li>\n<li class=\"nav-item\" role=\"presentation\">\n    <button class=\"nav-link\" id=\"structure-tab\" data-bs-toggle=\"tab\" data-bs-target=\"#course_structure\" type=\"button\" role=\"tab\" aria-controls=\"structure\" aria-selected=\"false\">Estrutura<\/button>\n  <\/li>\n<li class=\"nav-item\" role=\"presentation\">\n    <button class=\"nav-link\" id=\"teachers-tab\" data-bs-toggle=\"tab\" data-bs-target=\"#course_teachers\" type=\"button\" role=\"tab\" aria-controls=\"teachers\" aria-selected=\"false\">Professores<\/button>\n  <\/li>\n<\/ul>\n<div class=\"tab-content\" id=\"myTabContent\">\n<div class=\"tab-pane fade show active\" id=\"course_about\" role=\"tabpanel\" aria-labelledby=\"about-tab\">\n<p align=\"justify\">No final de 2017 recebemos pedido de algumas cidades do Rio Grande do Sul informando a demanda e a necessidade de um curso \u00e0 dist\u00e2ncia em Artes. Compreendendo e atendendo as necessidades criamos este curso de especializa\u00e7\u00e3o \u00e0 dist\u00e2ncia para contribuir com a capacita\u00e7\u00e3o docente como forma\u00e7\u00e3o continuada.<\/p>\n<p align=\"justify\">A cria\u00e7\u00e3o do curso de especializa\u00e7\u00e3o em Artes \u2013 modalidade \u00e0 dist\u00e2ncia ter\u00e1 uma carga hor\u00e1ria de (374 h\/a), computo exigido pela Pr\u00f3-Reitoria de Pesquisa e P\u00f3s-Gradua\u00e7\u00e3o da UFPel para o funcionamento do curso. Respondendo \u00e0s normas da Universidade e constituindo um Curso de Especializa\u00e7\u00e3o mais r\u00e1pido e introdut\u00f3rio para os profissionais interessados em dar continuidade \u00e0s suas pesquisas em Programas de P\u00f3s-Gradua\u00e7\u00e3o que contemplem esta ampla \u00e1rea de investiga\u00e7\u00e3o.<\/p>\n<p align=\"justify\">A somat\u00f3ria total de horas\/aula \u00e9 efetuada em tr\u00eas semestres, e a monografia \u00e9 finalizada no quarto semestre do Curso. Sendo assim, poder\u00edamos realizar sele\u00e7\u00e3o de candidatos a cada ano letivo. O grande n\u00famero de professores da rede de ensino com necessidade de forma\u00e7\u00e3o continuada estimulou a cria\u00e7\u00e3o de uma nova terminalidade, voltada ao ensino, ao fazer e \u00e0 pesquisa em artes, respondendo tamb\u00e9m \u00e0 demanda dos alunos egressos dos Cursos de Artes da UFPel, e de outras Universidades do Estado do Rio Grande do Sul.<\/p>\n<p align=\"justify\"><strong>Coordenador(a):<\/strong><br \/>\nRICARDO HENRIQUE AYRES ALVESO<\/p>\n<\/p><\/div>\n<div class=\"tab-pane fade\" id=\"course_structure\" role=\"tabpanel\" aria-labelledby=\"structure-tab\">\n    <table class=\"dados-cobalto tabela-disciplinas cobalto-tabela-zebrada\"><tr><th colspan=\"5\" class=\"tabela-quebra\">1\u00ba Semestre<\/th><\/tr><tr><th>C\u00f3digo<\/th><th>Disciplina<\/th><th>Car\u00e1ter<\/th><th>Cr.<\/th><th>Horas<\/th><\/tr><tr><td>05002099<\/td><td><a href=\"https:\/\/institucional.ufpel.edu.br\/disciplinas\/id\/52552\" target=\"_blank\">ARTE E CULTURA NA AM\u00c9RICA<\/a><\/td><td>Optativa<\/td><td><\/td><td>68<\/td><\/tr><tr><td>05002093<\/td><td><a href=\"https:\/\/institucional.ufpel.edu.br\/disciplinas\/id\/52546\" target=\"_blank\">AUDIOVISUAL CONTEMPOR\u00c2NEO E AS TECNOLOGIAS DIGITAIS<\/a><\/td><td>Optativa<\/td><td><\/td><td>68<\/td><\/tr><tr><td>05002094<\/td><td><a href=\"https:\/\/institucional.ufpel.edu.br\/disciplinas\/id\/52547\" target=\"_blank\">CINEMA E EDUCA\u00c7\u00c3O<\/a><\/td><td>Optativa<\/td><td><\/td><td>68<\/td><\/tr><tr><td>05002095<\/td><td><a href=\"https:\/\/institucional.ufpel.edu.br\/disciplinas\/id\/52548\" target=\"_blank\">DESIGN E SOCIEDADE<\/a><\/td><td>Optativa<\/td><td><\/td><td>68<\/td><\/tr><tr><td>05002100<\/td><td><a href=\"https:\/\/institucional.ufpel.edu.br\/disciplinas\/id\/52553\" target=\"_blank\">FILOSOFIA, ARTE E EDUCA\u00c7\u00c3O<\/a><\/td><td>Optativa<\/td><td><\/td><td>68<\/td><\/tr><tr><td>05002096<\/td><td><a href=\"https:\/\/institucional.ufpel.edu.br\/disciplinas\/id\/52549\" target=\"_blank\">FOTOGRAFIA E DESIGN<\/a><\/td><td>Optativa<\/td><td><\/td><td>68<\/td><\/tr><tr><td>05002089<\/td><td><a href=\"https:\/\/institucional.ufpel.edu.br\/disciplinas\/id\/52542\" target=\"_blank\">METODOLOGIA DA PESQUISA VOLTADA PARA AS \u00c1REAS ART\u00cdSTICAS OU CULTURAIS<\/a><\/td><td>Obrigat\u00f3ria<\/td><td><\/td><td>34<\/td><\/tr><tr><td>05002098<\/td><td><a href=\"https:\/\/institucional.ufpel.edu.br\/disciplinas\/id\/52551\" target=\"_blank\">NOVAS TECNOLOGIAS E M\u00cdDIAS CONTEMPOR\u00c2NEAS<\/a><\/td><td>Optativa<\/td><td><\/td><td>68<\/td><\/tr><tr><td>05002092<\/td><td><a href=\"https:\/\/institucional.ufpel.edu.br\/disciplinas\/id\/52545\" target=\"_blank\">PERCURSOS PO\u00c9TICOS<\/a><\/td><td>Obrigat\u00f3ria<\/td><td><\/td><td>68<\/td><\/tr><tr><td>05002090<\/td><td><a href=\"https:\/\/institucional.ufpel.edu.br\/disciplinas\/id\/52543\" target=\"_blank\">SEMIN\u00c1RIO DE ORIENTA\u00c7\u00c3O<\/a><\/td><td>Obrigat\u00f3ria<\/td><td><\/td><td>68<\/td><\/tr><tr><td>05002097<\/td><td><a href=\"https:\/\/institucional.ufpel.edu.br\/disciplinas\/id\/52550\" target=\"_blank\">SEMI\u00d3TICA, COMUNICA\u00c7\u00c3O E ARTE<\/a><\/td><td>Optativa<\/td><td><\/td><td>68<\/td><\/tr><tr><td>05002091<\/td><td><a href=\"https:\/\/institucional.ufpel.edu.br\/disciplinas\/id\/52544\" target=\"_blank\">TRABALHO DOCENTE E TEND\u00caNCIAS CONTEMPOR\u00c2NEAS NO ENSINO DAS ARTES<\/a><\/td><td>Obrigat\u00f3ria<\/td><td><\/td><td>68<\/td><\/tr><\/table>\n  <\/div>\n<div class=\"tab-pane fade\" id=\"course_teachers\" role=\"tabpanel\" aria-labelledby=\"teachers-tab\">\n    <div class=\"dados-cobalto cobalto-lista-servidores\"><table class=\"tabela-grid\"><tr><td><div class=\"servidor-foto\"><a href=\"https:\/\/institucional.ufpel.edu.br\/servidores\/id\/33857\"><\/a><\/div><a href=\"https:\/\/institucional.ufpel.edu.br\/servidores\/id\/33857\"><span class=\"tabela-detalhe-titulo\">ALEXANDRA GONCALVES DIAS<\/span><\/td><\/tr><tr><td><div class=\"servidor-foto\"><a href=\"https:\/\/institucional.ufpel.edu.br\/servidores\/id\/145798\"><img decoding=\"async\" src=\"https:\/\/institucional.ufpel.edu.br\/cache\/imagens\/18aebb93-69fe-489b-821d-12cb094def38.png\"><\/a><\/div><a href=\"https:\/\/institucional.ufpel.edu.br\/servidores\/id\/145798\"><span class=\"tabela-detalhe-titulo\">FERNANDA VIEIRA FERNANDES<\/span><\/td><\/tr><tr><td><div class=\"servidor-foto\"><a href=\"https:\/\/institucional.ufpel.edu.br\/servidores\/id\/3895\"><img decoding=\"async\" src=\"https:\/\/institucional.ufpel.edu.br\/cache\/imagens\/cb0b03e9-81f2-435d-bfad-5ee23138820e.jpg\"><\/a><\/div><a href=\"https:\/\/institucional.ufpel.edu.br\/servidores\/id\/3895\"><span class=\"tabela-detalhe-titulo\">ISADORA EBERSOL CRUZ<\/span><\/td><\/tr><tr><td><div class=\"servidor-foto\"><a href=\"https:\/\/institucional.ufpel.edu.br\/servidores\/id\/32153\"><img decoding=\"async\" src=\"https:\/\/institucional.ufpel.edu.br\/cache\/imagens\/0a466221-ee48-460f-832c-ed320d96a4b6.jpg\"><\/a><\/div><a href=\"https:\/\/institucional.ufpel.edu.br\/servidores\/id\/32153\"><span class=\"tabela-detalhe-titulo\">JULIANA CORREA HERMES ANGELI<\/span><\/td><\/tr><tr><td><div class=\"servidor-foto\"><a href=\"https:\/\/institucional.ufpel.edu.br\/servidores\/id\/35897\"><\/a><\/div><a href=\"https:\/\/institucional.ufpel.edu.br\/servidores\/id\/35897\"><span class=\"tabela-detalhe-titulo\">KELLY WENDT<\/span><\/td><\/tr><tr><td><div class=\"servidor-foto\"><a href=\"https:\/\/institucional.ufpel.edu.br\/servidores\/id\/28611\"><img decoding=\"async\" src=\"https:\/\/institucional.ufpel.edu.br\/cache\/imagens\/9812b889-f951-4dbc-a1b1-1685b779533d.jpg\"><\/a><\/div><a href=\"https:\/\/institucional.ufpel.edu.br\/servidores\/id\/28611\"><span class=\"tabela-detalhe-titulo\">LAUER ALVES NUNES DOS SANTOS<\/span><\/td><\/tr><tr><td><div class=\"servidor-foto\"><a href=\"https:\/\/institucional.ufpel.edu.br\/servidores\/id\/1718\"><img decoding=\"async\" src=\"https:\/\/institucional.ufpel.edu.br\/cache\/imagens\/071e1920-fda3-45d2-aad8-6f8f7b0d3781.jpg\"><\/a><\/div><a href=\"https:\/\/institucional.ufpel.edu.br\/servidores\/id\/1718\"><span class=\"tabela-detalhe-titulo\">PAULA GARCIA LIMA<\/span><\/td><\/tr><tr><td><div class=\"servidor-foto\"><a href=\"https:\/\/institucional.ufpel.edu.br\/servidores\/id\/3616\"><\/a><\/div><a href=\"https:\/\/institucional.ufpel.edu.br\/servidores\/id\/3616\"><span class=\"tabela-detalhe-titulo\">REBECA DA CUNHA RECUERO<\/span><\/td><\/tr><tr><td><div class=\"servidor-foto\"><a href=\"https:\/\/institucional.ufpel.edu.br\/servidores\/id\/193754\"><img decoding=\"async\" src=\"https:\/\/institucional.ufpel.edu.br\/cache\/imagens\/$2b$10$5hEWbqSsKivh1YTi5V_4ZOMP__s3yPFoYLIOF8aRLff877SpivqtsK.png\"><\/a><\/div><a href=\"https:\/\/institucional.ufpel.edu.br\/servidores\/id\/193754\"><span class=\"tabela-detalhe-titulo\">RICARDO HENRIQUE AYRES ALVES<\/span><\/td><\/tr><tr><td><div class=\"servidor-foto\"><a href=\"https:\/\/institucional.ufpel.edu.br\/servidores\/id\/37793\"><img decoding=\"async\" src=\"https:\/\/institucional.ufpel.edu.br\/cache\/imagens\/df2a0d67-8130-4731-9e06-9ebd33b5947b.jpg\"><\/a><\/div><a href=\"https:\/\/institucional.ufpel.edu.br\/servidores\/id\/37793\"><span class=\"tabela-detalhe-titulo\">ROBERTA COELHO BARROS<\/span><\/td><\/tr><tr><td><div class=\"servidor-foto\"><a href=\"https:\/\/institucional.ufpel.edu.br\/servidores\/id\/36000\"><\/a><\/div><a href=\"https:\/\/institucional.ufpel.edu.br\/servidores\/id\/36000\"><span class=\"tabela-detalhe-titulo\">ROBERTO HEIDEN<\/span><\/td><\/tr><\/table><\/div>\n  <\/div>\n<\/div>\n<hr class=\"cpted-divisor\" \/>\n<style>\na {\n  text-decoration: none !important;\n}\n.vl-container {\n  padding: 0 20px !important;\n}\n.tab-content {\n    padding: 20px 0 !important;\n}\n.infobox {\n  display: flex;\n  padding: 16px 34px 16px 24px;\n  border: 1px solid #dedede;\n  -moz-border-radius: 16px;\n  border-radius: 10px;\n  -webkit-box-shadow: 0 4px 8px rgba(51, 51, 51, .08);\n  -moz-box-shadow: 0 4px 8px rgba(51,51,51,.08);\n  box-shadow: 0 4px 8px rgba(51, 51, 51, .08);\n  flex-direction: column;\n  flex-wrap: wrap;\n  align-content: center;\n  justify-content: space-between;\n  align-items: center;\n  list-style: none;\n  margin-left: 0;\n  margin-bottom: 50px;\n}\n.infobox li {\n  display: flex;\n  flex-direction: row;\n  flex-wrap: nowrap;\n  align-content: center;\n  justify-content: center;\n  align-items: center;\n}\n.infobox li i {\n  font-size: 28px;\n  margin-right: 10px;\n  color: #00529f;\n}\n.infobox li.divisor {\n  min-width: 100%;\n  background: #dedede;\n  height: 1px;\n  margin: 10px auto;\n}\n.tabela-disciplinas .tabela-quebra {\n  border: 0;\n  text-transform: uppercase;\n}\n.tabela-disciplinas .tabela-quebra:before {\n    content: ' ';\n    width: 100%;\n    height: 30px;\n    display: block;\n}\n.tabela-disciplinas tbody tr th {\n  border-bottom: 0 !important;\n  border-left: 1px dashed #b9b9b9 !important;\n  border-top: 0;\n  padding: 5px 10px !important;\n  font-size: 11px;\n}\n.tabela-disciplinas tbody tr th:not(.tabela-quebra) {\n  background-color: #cfcfcf;\n}\n.tabela-disciplinas tbody tr th:first-child {\n  border-left: 0 !important;\n  border-radius: 5px 0 0 0;\n}\n.tabela-disciplinas tbody tr th:last-child {\n  border-radius: 0 5px 0 0;\n}\n.tabela-disciplinas tbody tr td {\n  border-width: 0px 0px !important;\n  border-bottom: 1px dotted #ccc !important;\n  border-left: 1px dashed #ccc !important;\n  padding: 2px 2px !important;\n  font-size: 11px;\n}\n.tabela-disciplinas tbody tr td:first-child {\n  border-left: 0 !important;\n}\n.tabela-disciplinas tbody tr th:nth-child(1),\n.tabela-disciplinas tbody tr th:nth-child(3),\n.tabela-disciplinas tbody tr th:nth-child(4),\n.tabela-disciplinas tbody tr th:nth-child(5),\n.tabela-disciplinas tbody tr td:nth-child(1),\n.tabela-disciplinas tbody tr td:nth-child(3),\n.tabela-disciplinas tbody tr td:nth-child(4),\n.tabela-disciplinas tbody tr td:nth-child(5) {\n  text-align: center;\n}\n#course_poles ul {\n  list-style: none;\n}\n#course_poles ul li {\n  border-bottom: 1px dotted #ccc;\n  padding: 5px 10px;\n}\n#course_poles ul li:nth-child(even) {\n  background-color: #f1f1f1;\n}\n.cobalto-lista-servidores .tabela-grid tr {\n  width: 33%;\n}\n.cobalto-lista-servidores .servidor-foto {\n    border: 0px solid #8888;\n    border-radius: 10px;\n}\n@media screen and (min-width: 480px) {\n  .vl-container {\n    padding: 0 50px !important;\n  }\n  .tab-content {\n    padding: 20px !important;\n  }\n  .tabela-disciplinas tbody tr th {\n    font-size: 12px;\n  }\n  .tabela-disciplinas tbody tr td {\n    padding: 5px 10px !important;\n    font-size: 12px;\n  }\n  .cobalto-lista-servidores .tabela-grid tr {\n    width: 25%;\n  }\n}\n@media screen and (min-width: 720px) {\n  .infobox {\n    flex-direction: row;\n  }\n  .infobox li.divisor {\n    min-width: 1px;\n    background: #dedede;\n    height: 40px;\n  }\n}\n<\/style>\n<p><script src=\"https:\/\/cdn.jsdelivr.net\/npm\/bootstrap@5.0.2\/dist\/js\/bootstrap.bundle.min.js\" integrity=\"sha384-MrcW6ZMFYlzcLA8Nl+NtUVF0sA7MsXsP1UyJoMp4YLEuNSfAP+JcXn\/tWtIaxVXM\" crossorigin=\"anonymous\"><\/script>\n<link href=\"https:\/\/cdn.jsdelivr.net\/npm\/bootstrap@5.0.2\/dist\/css\/bootstrap.min.css\" rel=\"stylesheet\" integrity=\"sha384-EVSTQN3\/azprG1Anm3QDgpJLIm9Nao0Yz1ztcQTwFspd3yD65VohhpuuCOmLASjC\" crossorigin=\"anonymous\">\n","protected":false},"excerpt":{"rendered":"<p>ESPECIALIZA\u00c7\u00c3O EM ARTES VISUAIS O curso de Especializa\u00e7\u00e3o em Artes EAD proporciona uma forma\u00e7\u00e3o abrangente e flex\u00edvel, permitindo aos alunos explorar diversas manifesta\u00e7\u00f5es art\u00edsticas. Com uma metodologia inovadora, o curso abrange teoria e pr\u00e1tica, incluindo disciplinas como hist\u00f3ria da arte, t\u00e9cnicas contempor\u00e2neas e projetos criativos. Ideal para profissionais que buscam aprofundar seus conhecimentos e desenvolver [&hellip;]<\/p>\n","protected":false},"author":1448,"featured_media":0,"parent":6623,"menu_order":0,"comment_status":"closed","ping_status":"closed","template":"","meta":{"footnotes":""},"class_list":["post-6915","page","type-page","status-publish","hentry"],"_links":{"self":[{"href":"https:\/\/wp.ufpel.edu.br\/cpted\/wp-json\/wp\/v2\/pages\/6915","targetHints":{"allow":["GET"]}}],"collection":[{"href":"https:\/\/wp.ufpel.edu.br\/cpted\/wp-json\/wp\/v2\/pages"}],"about":[{"href":"https:\/\/wp.ufpel.edu.br\/cpted\/wp-json\/wp\/v2\/types\/page"}],"author":[{"embeddable":true,"href":"https:\/\/wp.ufpel.edu.br\/cpted\/wp-json\/wp\/v2\/users\/1448"}],"replies":[{"embeddable":true,"href":"https:\/\/wp.ufpel.edu.br\/cpted\/wp-json\/wp\/v2\/comments?post=6915"}],"version-history":[{"count":1,"href":"https:\/\/wp.ufpel.edu.br\/cpted\/wp-json\/wp\/v2\/pages\/6915\/revisions"}],"predecessor-version":[{"id":6917,"href":"https:\/\/wp.ufpel.edu.br\/cpted\/wp-json\/wp\/v2\/pages\/6915\/revisions\/6917"}],"up":[{"embeddable":true,"href":"https:\/\/wp.ufpel.edu.br\/cpted\/wp-json\/wp\/v2\/pages\/6623"}],"wp:attachment":[{"href":"https:\/\/wp.ufpel.edu.br\/cpted\/wp-json\/wp\/v2\/media?parent=6915"}],"curies":[{"name":"wp","href":"https:\/\/api.w.org\/{rel}","templated":true}]}}