{"id":63,"date":"2025-04-30T12:42:42","date_gmt":"2025-04-30T15:42:42","guid":{"rendered":"https:\/\/wp.ufpel.edu.br\/cpted\/?page_id=63"},"modified":"2026-02-19T23:46:23","modified_gmt":"2026-02-20T02:46:23","slug":"orcamento","status":"publish","type":"page","link":"https:\/\/wp.ufpel.edu.br\/cpted\/uab\/orcamento\/","title":{"rendered":"Or\u00e7amento"},"content":{"rendered":"<h4 class=\"cpted-title\">RECURSOS<\/h4>\n<p class=\"cpted-align_justify\">\u200bValores descentralizados pela CAPES \u00e0 UAB\/UFPel, por meio de Termos de Execu\u00e7\u00e3o Descentralizada (TEDs). Esses repasses est\u00e3o diretamente vinculados \u00e0 quantidade de vagas ofertadas pelos cursos no \u00e2mbito do Sistema Universidade Aberta do Brasil (UAB), sendo destinados ao custeio das atividades acad\u00eamicas e administrativas necess\u00e1rias \u00e0 execu\u00e7\u00e3o do programa na institui\u00e7\u00e3o.<\/p>\n<p class=\"cpted-align_justify\">\u200bRecursos concedidos de forma complementar para atender demandas espec\u00edficas, como expans\u00e3o de polos, aquisi\u00e7\u00e3o de equipamentos, desenvolvimento de materiais did\u00e1ticos ou outras a\u00e7\u00f5es estrat\u00e9gicas definidas em parceria com a CAPES.<\/p>\n<p><a class=\"cpted-link\" href=\"https:\/\/drive.google.com\/drive\/folders\/1Llfc2qiaUMg59sQ5Dz-00NxAuN7cAzuj?usp=sharing\"><i class=\"fi fi-rr-folder-open\"><\/i> Termos de Execu\u00e7\u00e3o Descentralizada (TEDs)<\/a><\/p>\n<hr class=\"cpted-divisor\" \/>\n<h4 class=\"cpted-title\">APLICA\u00c7\u00d5ES<\/h4>\n<p class=\"cpted-align_justify\">Despesas essenciais ao funcionamento das atividades da UAB\/UFPel, como di\u00e1rias, passagens, e combust\u00edvel para deslocamentos oficiais, aquisi\u00e7\u00e3o de materiais de consumo, contrata\u00e7\u00e3o de servi\u00e7os terceirizados, entre outras despesas.<\/p>\n<p><a class=\"cpted-link\" href=\"https:\/\/drive.google.com\/drive\/folders\/1BqeXwtCcsNy3yFR4BzJbSbhQGcAWBKTQ?usp=sharing\"><i class=\"fi fi-rr-folder-open\"><\/i> Demonstrativo dos recursos e aplica\u00e7\u00f5es<\/a><\/p>\n<h6>Empenhos<\/h6>\n<p><a class=\"cpted-link\" href=\"https:\/\/drive.google.com\/drive\/folders\/1SLz1EIZDb5TxYIGWmE332oj9vnu16Tof?usp=sharing\"><i class=\"fi fi-rr-folder-open\"><\/i> Acessar pasta com a documenta\u00e7\u00e3o<\/a><br \/>\n<small style=\"margin-left:20px;color:#666;\">Nesta pasta est\u00e3o organizados os empenhos efetuados, que correspondem \u00e0 reserva or\u00e7ament\u00e1ria para a execu\u00e7\u00e3o despesas.<\/small><\/p>\n<h6>Transfer\u00eancias<\/h6>\n<p><a class=\"cpted-link\" href=\"https:\/\/drive.google.com\/drive\/folders\/1QMRER2lsX7r5gWWfJq9hDlzkslm1Hqrm?usp=sharing\"><i class=\"fi fi-rr-folder-open\"><\/i> Acessar pasta com a documenta\u00e7\u00e3o<\/a><br \/>\n<small style=\"margin-left:20px;color:#666;\">Nesta pasta est\u00e3o organizados os comprovantes e registros das transfer\u00eancias.<\/small><\/p>\n<h6>Despesas com Bolsistas<\/h6>\n<p><a class=\"cpted-link\" href=\"https:\/\/drive.google.com\/drive\/folders\/1m-9Q7ZNMp1neTzxU7OLiKUc_XmUuBlyh?usp=sharing\"><i class=\"fi fi-rr-folder-open\"><\/i> Acessar pasta com a documenta\u00e7\u00e3o<\/a><br \/>\n<small style=\"margin-left:20px;color:#666;\">Lista mensal dos bolsistas da UFPel atuando no Sistema Universidade Aberta do Brasil.<\/small><\/p>\n<p><!--\n\n\n<div class=\"cpted-collapse\">\n[expand title=\"Documentos de 2025\" togglegroup=\"docs-highlander\"]\n<a class=\"cpted-link\" href=\"https:\/\/wp.ufpel.edu.br\/cpted\/files\/2025\/06\/Despesas-Bolsistas-01-2025.pdf\">Jan<\/a>\n<a class=\"cpted-link\" href=\"https:\/\/wp.ufpel.edu.br\/cpted\/files\/2025\/06\/Despesas-Bolsistas-02-2025.pdf\">Fev<\/a>\n<a class=\"cpted-link\" href=\"https:\/\/wp.ufpel.edu.br\/cpted\/files\/2025\/06\/Despesas-Bolsistas-03-2025.pdf\">Mar<\/a>\n<a class=\"cpted-link\" href=\"https:\/\/wp.ufpel.edu.br\/cpted\/files\/2025\/06\/Despesas-Bolsistas-04-2025.pdf\">Abr<\/a>\n<a class=\"cpted-link\" href=\"https:\/\/wp.ufpel.edu.br\/cpted\/files\/2025\/08\/Despesas-Bolsistas-05-2025.pdf\">Mai<\/a>\n<a class=\"cpted-link\" href=\"https:\/\/wp.ufpel.edu.br\/cpted\/files\/2025\/08\/Despesas-Bolsistas-06-2025.pdf\">Jun<\/a>\n<a class=\"cpted-link\" href=\"#\">Jul<\/a>\n<a class=\"cpted-link\" href=\"#\">Ago<\/a>\n<a class=\"cpted-link\" href=\"#\">Set<\/a>\n<a class=\"cpted-link\" href=\"#\">Out<\/a>\n<a class=\"cpted-link\" href=\"#\">Nov<\/a>\n<a class=\"cpted-link\" href=\"#\">Dez<\/a>\n[\/expand]\n[expand title=\"Documentos de 2024\" togglegroup=\"docs-highlander\"]\n<a class=\"cpted-link\" href=\"https:\/\/wp.ufpel.edu.br\/cpted\/files\/2025\/06\/Despesas-Bolsistas-01-2024.pdf\">Jan<\/a>\n<a class=\"cpted-link\" href=\"https:\/\/wp.ufpel.edu.br\/cpted\/files\/2025\/06\/Despesas-Bolsistas-02-2024.pdf\">Fev<\/a>\n<a class=\"cpted-link\" href=\"https:\/\/wp.ufpel.edu.br\/cpted\/files\/2025\/06\/Despesas-Bolsistas-03-2024.pdf\">Mar<\/a>\n<a class=\"cpted-link\" href=\"https:\/\/wp.ufpel.edu.br\/cpted\/files\/2025\/06\/Despesas-Bolsistas-04-2024.pdf\">Abr<\/a>\n<a class=\"cpted-link\" href=\"https:\/\/wp.ufpel.edu.br\/cpted\/files\/2025\/06\/Despesas-Bolsistas-05-2024.pdf\">Mai<\/a>\n<a class=\"cpted-link\" href=\"https:\/\/wp.ufpel.edu.br\/cpted\/files\/2025\/06\/Despesas-Bolsistas-06-2024.pdf\">Jun<\/a>\n<a class=\"cpted-link\" href=\"https:\/\/wp.ufpel.edu.br\/cpted\/files\/2025\/06\/Despesas-Bolsistas-07-2024.pdf\">Jul<\/a>\n<a class=\"cpted-link\" href=\"https:\/\/wp.ufpel.edu.br\/cpted\/files\/2025\/06\/Despesas-Bolsistas-08-2024.pdf\">Ago<\/a>\n<a class=\"cpted-link\" href=\"https:\/\/wp.ufpel.edu.br\/cpted\/files\/2025\/06\/Despesas-Bolsistas-09-2024.pdf\">Set<\/a>\n<a class=\"cpted-link\" href=\"https:\/\/wp.ufpel.edu.br\/cpted\/files\/2025\/06\/Despesas-Bolsistas-10-2024.pdf\">Out<\/a>\n<a class=\"cpted-link\" href=\"https:\/\/wp.ufpel.edu.br\/cpted\/files\/2025\/06\/Despesas-Bolsistas-11-2024.pdf\">Nov<\/a>\n<a class=\"cpted-link\" href=\"https:\/\/wp.ufpel.edu.br\/cpted\/files\/2025\/06\/Despesas-Bolsistas-12-2024.pdf\">Dez<\/a>\n[\/expand]\n--><\/p>\n<p><!--\n\n\n<h4 class=\"cpted-title\">DESPESAS GERAIS<\/h4>\n\n\n\n\n<p class=\"cpted-align_justify\">\u200bAs despesas gerais da Universidade Aberta do Brasil (UAB) na Universidade Federal de Pelotas (UFPel), gerenciadas pela Coordena\u00e7\u00e3o de Pol\u00edticas e Tecnologias para EaD (CPTED), s\u00e3o organizadas conforme um planejamento financeiro detalhado. Esse planejamento visa atender aos diversos programas de trabalho relacionados \u00e0 Educa\u00e7\u00e3o a Dist\u00e2ncia.<\/p>\n\n\n\n\n\n<div class=\"cpted-margin_left_50\">\n\n\n<h6>Or\u00e7amento<\/h6>\n\n\n\n\n<p class=\"cpted-align_justify\"><a class=\"cpted-link\" href=\"https:\/\/docs.google.com\/document\/d\/1E0bwVGADIx1yEh3yPdwzsfCFx9SMzrrn\/edit?tab=t.0#bookmark=id.4f2eod73w75v\">\n<i class=\"fi fi-rr-file\"><\/i> Visualizar documento\n<\/a>\nEste documento apresenta a previs\u00e3o or\u00e7ament\u00e1ria dos programas da Universidade Aberta do Brasil (UAB) na UFPel, contendo a estimativa de recursos financeiros destinados \u00e0s a\u00e7\u00f5es de educa\u00e7\u00e3o a dist\u00e2ncia. Nele, s\u00e3o detalhados os valores liberados, a distribui\u00e7\u00e3o por natureza de despesa e a finalidade dos investimentos planejados.<\/p>\n\n\n\n\n\n<h6>Transfer\u00eancias<\/h6>\n\n\n\n\n<p align=\"justify\"><a class=\"cpted-link\" href=\"https:\/\/drive.google.com\/drive\/folders\/1mXaTGy0hQ6GeLSM-R9RH4kd6CM3_qs3K\">\n<i class=\"fi fi-rr-folder-open\"><\/i> Acessar pasta no Google Drive<\/a>\nNesta pasta est\u00e3o organizados os comprovantes e registros das transfer\u00eancias de recursos realizadas no \u00e2mbito dos programas UAB. Os arquivos documentam a movimenta\u00e7\u00e3o financeira entre institui\u00e7\u00f5es e a\u00e7\u00f5es espec\u00edficas, assegurando a transpar\u00eancia na aplica\u00e7\u00e3o dos recursos.<\/p>\n\n\n\n\n\n\n<h6>Empenhos<\/h6>\n\n\n\n\n<p class=\"cpted-align_justify\"><a class=\"cpted-link\" href=\"https:\/\/drive.google.com\/drive\/folders\/1jqlc-f7sr1Hzhxn8iXIi1HxwD3NMXMCt\"><i class=\"fi fi-rr-folder-open\"><\/i> Acessar pasta no Google Drive<\/a>\nA pasta cont\u00e9m documentos relacionados aos empenhos efetuados, que correspondem \u00e0 reserva or\u00e7ament\u00e1ria para o pagamento de despesas. Os arquivos demonstram o comprometimento dos valores com fornecedores, servi\u00e7os ou a\u00e7\u00f5es vinculadas \u00e0 execu\u00e7\u00e3o dos programas de EaD.<\/p>\n\n\n\n<\/div>\n\n\n\n\n\n<hr class=\"cpted-divisor\" \/>\n\n\n\n<h4 class=\"cpted-title\">DESPESAS COM BOLSISTAS<\/h4>\n\n\n\n\n<p class=\"cpted-align_justify\">Nesta se\u00e7\u00e3o, disponibilizamos os documentos referentes \u00e0s despesas com bolsistas vinculados \u00e0s atividades da CPTED (Coordena\u00e7\u00e3o de Pol\u00edtica e Tecnologias para EaD). Esses registros t\u00eam como objetivo garantir a transpar\u00eancia na aplica\u00e7\u00e3o de recursos, permitindo o acompanhamento detalhado dos pagamentos realizados aos bolsistas ao longo dos per\u00edodos de vig\u00eancia dos projetos.<\/p>\n\n\n\n\n<p class=\"cpted-align_justify\">Os documentos est\u00e3o organizados por ano e incluem informa\u00e7\u00f5es como nomes dos bolsistas, valores pagos, datas e fontes de financiamento. A atualiza\u00e7\u00e3o peri\u00f3dica desta p\u00e1gina assegura o compromisso da CPTED com a \u00e9tica, a responsabilidade administrativa e a gest\u00e3o p\u00fablica participativa.<\/p>\n\n\n\n\n\n<div class=\"cpted-collapse\">[expand title=\"Documentos de 2025\" togglegroup=\"docs-highlander\"]\n<a class=\"cpted-link\" href=\"#\">Jan<\/a>\n<a class=\"cpted-link\" href=\"#\">Fev<\/a>\n<a class=\"cpted-link\" href=\"#\">Mar<\/a>\n<a class=\"cpted-link\" href=\"#\">Abr<\/a>\n<a class=\"cpted-link\" href=\"#\">Mai<\/a>\n<a class=\"cpted-link\" href=\"#\">Jun<\/a>\n<a class=\"cpted-link\" href=\"#\">Jul<\/a>\n<a class=\"cpted-link\" href=\"#\">Ago<\/a>\n<a class=\"cpted-link\" href=\"#\">Set<\/a>\n<a class=\"cpted-link\" href=\"#\">Out<\/a>\n<a class=\"cpted-link\" href=\"#\">Nov<\/a>\n<a class=\"cpted-link\" href=\"#\">Dez<\/a>\n[\/expand]<\/div>\n\n\n[expand title=\"Documentos de 2024\" togglegroup=\"docs-highlander\"]\n<a class=\"cpted-link\" href=\"#\">Jan<\/a>\n<a class=\"cpted-link\" href=\"#\">Fev<\/a>\n<a class=\"cpted-link\" href=\"#\">Mar<\/a>\n<a class=\"cpted-link\" href=\"#\">Abr<\/a>\n<a class=\"cpted-link\" href=\"#\">Mai<\/a>\n<a class=\"cpted-link\" href=\"#\">Jun<\/a>\n<a class=\"cpted-link\" href=\"#\">Jul<\/a>\n<a class=\"cpted-link\" href=\"#\">Ago<\/a>\n<a class=\"cpted-link\" href=\"#\">Set<\/a>\n<a class=\"cpted-link\" href=\"#\">Out<\/a>\n<a class=\"cpted-link\" href=\"#\">Nov<\/a>\n<a class=\"cpted-link\" href=\"#\">Dez<\/a>\n[\/expand]\n\n--><\/p>\n","protected":false},"excerpt":{"rendered":"<p>RECURSOS \u200bValores descentralizados pela CAPES \u00e0 UAB\/UFPel, por meio de Termos de Execu\u00e7\u00e3o Descentralizada (TEDs). Esses repasses est\u00e3o diretamente vinculados \u00e0 quantidade de vagas ofertadas pelos cursos no \u00e2mbito do Sistema Universidade Aberta do Brasil (UAB), sendo destinados ao custeio das atividades acad\u00eamicas e administrativas necess\u00e1rias \u00e0 execu\u00e7\u00e3o do programa na institui\u00e7\u00e3o. \u200bRecursos concedidos de [&hellip;]<\/p>\n","protected":false},"author":1448,"featured_media":0,"parent":6591,"menu_order":0,"comment_status":"closed","ping_status":"closed","template":"","meta":{"footnotes":""},"class_list":["post-63","page","type-page","status-publish","hentry"],"_links":{"self":[{"href":"https:\/\/wp.ufpel.edu.br\/cpted\/wp-json\/wp\/v2\/pages\/63","targetHints":{"allow":["GET"]}}],"collection":[{"href":"https:\/\/wp.ufpel.edu.br\/cpted\/wp-json\/wp\/v2\/pages"}],"about":[{"href":"https:\/\/wp.ufpel.edu.br\/cpted\/wp-json\/wp\/v2\/types\/page"}],"author":[{"embeddable":true,"href":"https:\/\/wp.ufpel.edu.br\/cpted\/wp-json\/wp\/v2\/users\/1448"}],"replies":[{"embeddable":true,"href":"https:\/\/wp.ufpel.edu.br\/cpted\/wp-json\/wp\/v2\/comments?post=63"}],"version-history":[{"count":4,"href":"https:\/\/wp.ufpel.edu.br\/cpted\/wp-json\/wp\/v2\/pages\/63\/revisions"}],"predecessor-version":[{"id":8123,"href":"https:\/\/wp.ufpel.edu.br\/cpted\/wp-json\/wp\/v2\/pages\/63\/revisions\/8123"}],"up":[{"embeddable":true,"href":"https:\/\/wp.ufpel.edu.br\/cpted\/wp-json\/wp\/v2\/pages\/6591"}],"wp:attachment":[{"href":"https:\/\/wp.ufpel.edu.br\/cpted\/wp-json\/wp\/v2\/media?parent=63"}],"curies":[{"name":"wp","href":"https:\/\/api.w.org\/{rel}","templated":true}]}}