{"id":6017,"date":"2025-03-26T10:43:32","date_gmt":"2025-03-26T13:43:32","guid":{"rendered":"https:\/\/wp.ufpel.edu.br\/nuped\/?page_id=6017"},"modified":"2025-05-10T01:13:56","modified_gmt":"2025-05-10T04:13:56","slug":"edital-clmd-04-2025-tutoria-presencial-e-a-distancia","status":"publish","type":"page","link":"https:\/\/wp.ufpel.edu.br\/cpted\/editais\/edital-clmd-04-2025-tutoria-presencial-e-a-distancia\/","title":{"rendered":"Edital CLMD 04\/2025 \u2013 Tutoria Presencial e a Dist\u00e2ncia"},"content":{"rendered":"<h4 class=\"cpted-title\">EDITAL CLMD 04\/2025 &#8211; TUTORIA PRESENCIAL E A DIST\u00c2NCIA<\/h4>\n<p align=\"justify\">A Universidade Federal de Pelotas (UFPel), por meio da Coordena\u00e7\u00e3o Institucional da Universidade Aberta do Brasil (UAB-UFPel), torna p\u00fablico o Edital CLMD 04\/2025, que estabelece as normas para o processo seletivo de bolsistas UAB\/CAPES para as fun\u00e7\u00f5es de Tutoria Presencial e Tutoria a Dist\u00e2ncia no Curso de Licenciatura em Matem\u00e1tica a Dist\u00e2ncia (CLMD).<\/p>\n<p align=\"justify\">Este processo visa selecionar tutores para atuar no suporte acad\u00eamico e pedag\u00f3gico dos estudantes do CLMD, garantindo o acompanhamento das atividades educacionais, media\u00e7\u00e3o did\u00e1tica e apoio \u00e0s a\u00e7\u00f5es de ensino desenvolvidas no curso.<\/p>\n<p align=\"justify\">As vagas disponibilizadas s\u00e3o destinadas a diferentes polos de apoio presencial e ao cadastro de reserva para tutoria a dist\u00e2ncia. A sele\u00e7\u00e3o ser\u00e1 conduzida conforme os crit\u00e9rios estabelecidos pela <b>Portaria CAPES n\u00ba 309\/2024<\/b>, <b>Portaria CAPES n\u00ba 33\/2023<\/b> e demais regulamenta\u00e7\u00f5es aplic\u00e1veis.<\/p>\n<p align=\"justify\">Os interessados devem observar atentamente os <b>requisitos<\/b> e <b>prazos<\/b> descritos no edital, bem como a documenta\u00e7\u00e3o necess\u00e1ria para inscri\u00e7\u00e3o. A atua\u00e7\u00e3o como tutor exige comprometimento com a rotina acad\u00eamica do curso, disponibilidade de <b>20 horas semanais<\/b> e <b>experi\u00eancia com ambientes virtuais de aprendizagem (Moodle ou similar)<\/b>.<\/p>\n<p align=\"justify\">E para mais detalhes sobre o processo seletivo, os crit\u00e9rios de participa\u00e7\u00e3o e a documenta\u00e7\u00e3o necess\u00e1ria, consulte os arquivos abaixo.<\/p>\n<table class=\"cpted-tables\" style=\"border-collapse: unset;width: 100%\" border=\"0\">\n<thead>\n<tr>\n<th style=\"text-align: left;\"><strong>NOME DO ARQUIVO<\/strong><\/th>\n<th style=\"text-align: center; width: 20%;\"><strong>DATA DE PUBLICA\u00c7\u00c3O<\/strong><\/th>\n<\/tr>\n<\/thead>\n<tbody>\n<tr onclick=\"location.href = 'https:\/\/wp.ufpel.edu.br\/cpted\/files\/2025\/04\/SEI_3048803_Edital_CLMD_04_2025.pdf';\" style=\"cursor: pointer;\">\n<td>Resultado Final<\/td>\n<td style=\"text-align: center\">30\/04\/2025<\/td>\n<\/tr>\n<tr onclick=\"location.href = 'https:\/\/wp.ufpel.edu.br\/cpted\/files\/2025\/04\/SEI_3025583_Ata___Homologacao_de_Inscricoes.pdf';\" style=\"cursor: pointer;\">\n<td>Resultado Parcial da An\u00e1lise dos Curr\u00edculos<\/td>\n<td style=\"text-align: center\">23\/04\/2025<\/td>\n<\/tr>\n<tr onclick=\"location.href = 'https:\/\/wp.ufpel.edu.br\/cpted\/files\/2025\/02\/SEI_2943296_Edital_01_2025.pdf';\" style=\"cursor: pointer;\">\n<td>Homologa\u00e7\u00e3o das Inscri\u00e7\u00f5es<\/td>\n<td style=\"text-align: center\">25\/03\/2025<\/td>\n<\/tr>\n<tr onclick=\"location.href = 'https:\/\/wp.ufpel.edu.br\/cpted\/files\/2025\/03\/SEI_3000922_Edital_CLMD_04_2025.pdf';\" style=\"cursor: pointer;\">\n<td>Edital de Abertura<\/td>\n<td style=\"text-align: center\">25\/03\/2025<\/td>\n<\/tr>\n<\/tbody>\n<\/table>\n<p><\/p>\n","protected":false},"excerpt":{"rendered":"<p>EDITAL CLMD 04\/2025 &#8211; TUTORIA PRESENCIAL E A DIST\u00c2NCIA A Universidade Federal de Pelotas (UFPel), por meio da Coordena\u00e7\u00e3o Institucional da Universidade Aberta do Brasil (UAB-UFPel), torna p\u00fablico o Edital CLMD 04\/2025, que estabelece as normas para o processo seletivo de bolsistas UAB\/CAPES para as fun\u00e7\u00f5es de Tutoria Presencial e Tutoria a Dist\u00e2ncia no Curso [&hellip;]<\/p>\n","protected":false},"author":1448,"featured_media":0,"parent":22,"menu_order":0,"comment_status":"closed","ping_status":"closed","template":"","meta":{"footnotes":""},"class_list":["post-6017","page","type-page","status-publish","hentry"],"_links":{"self":[{"href":"https:\/\/wp.ufpel.edu.br\/cpted\/wp-json\/wp\/v2\/pages\/6017","targetHints":{"allow":["GET"]}}],"collection":[{"href":"https:\/\/wp.ufpel.edu.br\/cpted\/wp-json\/wp\/v2\/pages"}],"about":[{"href":"https:\/\/wp.ufpel.edu.br\/cpted\/wp-json\/wp\/v2\/types\/page"}],"author":[{"embeddable":true,"href":"https:\/\/wp.ufpel.edu.br\/cpted\/wp-json\/wp\/v2\/users\/1448"}],"replies":[{"embeddable":true,"href":"https:\/\/wp.ufpel.edu.br\/cpted\/wp-json\/wp\/v2\/comments?post=6017"}],"version-history":[{"count":3,"href":"https:\/\/wp.ufpel.edu.br\/cpted\/wp-json\/wp\/v2\/pages\/6017\/revisions"}],"predecessor-version":[{"id":6411,"href":"https:\/\/wp.ufpel.edu.br\/cpted\/wp-json\/wp\/v2\/pages\/6017\/revisions\/6411"}],"up":[{"embeddable":true,"href":"https:\/\/wp.ufpel.edu.br\/cpted\/wp-json\/wp\/v2\/pages\/22"}],"wp:attachment":[{"href":"https:\/\/wp.ufpel.edu.br\/cpted\/wp-json\/wp\/v2\/media?parent=6017"}],"curies":[{"name":"wp","href":"https:\/\/api.w.org\/{rel}","templated":true}]}}