{"id":1228,"date":"2022-03-11T11:14:13","date_gmt":"2022-03-11T14:14:13","guid":{"rendered":"https:\/\/wp.ufpel.edu.br\/cppd\/?page_id=1228"},"modified":"2022-03-11T11:14:13","modified_gmt":"2022-03-11T14:14:13","slug":"resolucoes-2021-2022","status":"publish","type":"page","link":"https:\/\/wp.ufpel.edu.br\/cppd\/resolucoes-2021-2022\/","title":{"rendered":"Resolu\u00e7\u00f5es 2021-2022"},"content":{"rendered":"<p><a href=\"https:\/\/wp.ufpel.edu.br\/cppd\/files\/2022\/03\/resolucao-64-consun.pdf\">resolu\u00e7\u00e3o 64 consun<\/a> <a href=\"https:\/\/wp.ufpel.edu.br\/cppd\/files\/2022\/03\/resolucao-37-consun.pdf\">resolu\u00e7\u00e3o 37 consun<\/a> <a href=\"https:\/\/wp.ufpel.edu.br\/cppd\/files\/2022\/03\/resolucao-18-cocepe-2021.pdf\">resolu\u00e7\u00e3o 18 cocepe 2021<\/a><\/p>\n","protected":false},"excerpt":{"rendered":"<p>resolu\u00e7\u00e3o 64 consun resolu\u00e7\u00e3o 37 consun resolu\u00e7\u00e3o 18 cocepe 2021<\/p>\n","protected":false},"author":154,"featured_media":0,"parent":0,"menu_order":0,"comment_status":"closed","ping_status":"closed","template":"","meta":{"jetpack_post_was_ever_published":false,"footnotes":""},"class_list":["post-1228","page","type-page","status-publish","hentry"],"jetpack_sharing_enabled":true,"_links":{"self":[{"href":"https:\/\/wp.ufpel.edu.br\/cppd\/wp-json\/wp\/v2\/pages\/1228","targetHints":{"allow":["GET"]}}],"collection":[{"href":"https:\/\/wp.ufpel.edu.br\/cppd\/wp-json\/wp\/v2\/pages"}],"about":[{"href":"https:\/\/wp.ufpel.edu.br\/cppd\/wp-json\/wp\/v2\/types\/page"}],"author":[{"embeddable":true,"href":"https:\/\/wp.ufpel.edu.br\/cppd\/wp-json\/wp\/v2\/users\/154"}],"replies":[{"embeddable":true,"href":"https:\/\/wp.ufpel.edu.br\/cppd\/wp-json\/wp\/v2\/comments?post=1228"}],"version-history":[{"count":1,"href":"https:\/\/wp.ufpel.edu.br\/cppd\/wp-json\/wp\/v2\/pages\/1228\/revisions"}],"predecessor-version":[{"id":1229,"href":"https:\/\/wp.ufpel.edu.br\/cppd\/wp-json\/wp\/v2\/pages\/1228\/revisions\/1229"}],"wp:attachment":[{"href":"https:\/\/wp.ufpel.edu.br\/cppd\/wp-json\/wp\/v2\/media?parent=1228"}],"curies":[{"name":"wp","href":"https:\/\/api.w.org\/{rel}","templated":true}]}}