{"id":13,"date":"2014-08-11T10:29:52","date_gmt":"2014-08-11T13:29:52","guid":{"rendered":"https:\/\/wp.ufpel.edu.br\/cppart\/?page_id=13"},"modified":"2014-08-11T10:29:52","modified_gmt":"2014-08-11T13:29:52","slug":"equipe","status":"publish","type":"page","link":"https:\/\/wp.ufpel.edu.br\/cppart\/equipe\/","title":{"rendered":"Equipe"},"content":{"rendered":"<p><strong>Coordena\u00e7\u00e3o de Processos Participativos (CPPart)<\/strong><\/p>\n<p>S\u00e9rgio Barum Cassal (Coordenador)<\/p>\n<p><strong>Se\u00e7\u00e3o de Rela\u00e7\u00f5es Comunit\u00e1rias<\/strong><\/p>\n<p>Andria Caroline Angelo Santin (Administradora)<\/p>\n<p>Di\u00e2ngeli Strada de Almeida (Bolsista)<\/p>\n<p><strong>Se\u00e7\u00e3o de Acompanhamento e Avalia\u00e7\u00e3o\u00a0<\/strong><\/p>\n<p>Andria Caroline Angelo Santin (Administradora)<\/p>\n<p>Di\u00e2ngeli Strada de Almeida (Bolsista)<\/p>\n","protected":false},"excerpt":{"rendered":"<p>Coordena\u00e7\u00e3o de Processos Participativos (CPPart) S\u00e9rgio Barum Cassal (Coordenador) Se\u00e7\u00e3o de Rela\u00e7\u00f5es Comunit\u00e1rias Andria Caroline Angelo Santin (Administradora) Di\u00e2ngeli Strada de Almeida (Bolsista) Se\u00e7\u00e3o de Acompanhamento e Avalia\u00e7\u00e3o\u00a0 Andria Caroline Angelo Santin (Administradora) Di\u00e2ngeli Strada de Almeida (Bolsista)<\/p>\n","protected":false},"author":428,"featured_media":0,"parent":0,"menu_order":0,"comment_status":"closed","ping_status":"closed","template":"","meta":{"footnotes":""},"class_list":["post-13","page","type-page","status-publish","hentry"],"_links":{"self":[{"href":"https:\/\/wp.ufpel.edu.br\/cppart\/wp-json\/wp\/v2\/pages\/13","targetHints":{"allow":["GET"]}}],"collection":[{"href":"https:\/\/wp.ufpel.edu.br\/cppart\/wp-json\/wp\/v2\/pages"}],"about":[{"href":"https:\/\/wp.ufpel.edu.br\/cppart\/wp-json\/wp\/v2\/types\/page"}],"author":[{"embeddable":true,"href":"https:\/\/wp.ufpel.edu.br\/cppart\/wp-json\/wp\/v2\/users\/428"}],"replies":[{"embeddable":true,"href":"https:\/\/wp.ufpel.edu.br\/cppart\/wp-json\/wp\/v2\/comments?post=13"}],"version-history":[{"count":1,"href":"https:\/\/wp.ufpel.edu.br\/cppart\/wp-json\/wp\/v2\/pages\/13\/revisions"}],"predecessor-version":[{"id":14,"href":"https:\/\/wp.ufpel.edu.br\/cppart\/wp-json\/wp\/v2\/pages\/13\/revisions\/14"}],"wp:attachment":[{"href":"https:\/\/wp.ufpel.edu.br\/cppart\/wp-json\/wp\/v2\/media?parent=13"}],"curies":[{"name":"wp","href":"https:\/\/api.w.org\/{rel}","templated":true}]}}