{"id":76,"date":"2013-09-23T14:50:06","date_gmt":"2013-09-23T17:50:06","guid":{"rendered":"https:\/\/wp.ufpel.edu.br\/cppad\/?page_id=76"},"modified":"2023-08-31T17:08:17","modified_gmt":"2023-08-31T20:08:17","slug":"documentos","status":"publish","type":"page","link":"https:\/\/wp.ufpel.edu.br\/cppad\/documentos\/","title":{"rendered":"Documentos"},"content":{"rendered":"<p><strong>LEIS<\/strong><\/p>\n<ul>\n<li>8.112\/1990 &#8211; Disp\u00f5e sobre o regime jur\u00eddico dos servidores p\u00fablicos civis da Uni\u00e3o, das autarquias e das funda\u00e7\u00f5es p\u00fablicas federais &#8211;\u00a0<a href=\"https:\/\/www.planalto.gov.br\/ccivil_03\/LEIS\/L8112cons.htm\">https:\/\/www.planalto.gov.br\/ccivil_03\/LEIS\/L8112cons.htm<\/a><\/li>\n<li>9.784\/1999 &#8211; Regula o processo administrativo no \u00e2mbito da Administra\u00e7\u00e3o P\u00fablica Federal &#8211;\u00a0<a href=\"https:\/\/www.planalto.gov.br\/ccivil_03\/LEIS\/L9784.htm\">https:\/\/www.planalto.gov.br\/ccivil_03\/LEIS\/L9784.htm<\/a><\/li>\n<\/ul>\n<p>&nbsp;<\/p>\n<p><strong>NORMATIVAS<\/strong><\/p>\n<div class=\"page\" title=\"Page 1\">\n<div class=\"layoutArea\">\n<div class=\"column\">\n<ul>\n<li>Disponibilizac\u0327a\u0303o de acesso aos processos administrativos disciplinares finalizados &#8211;<\/li>\n<\/ul>\n<\/div>\n<\/div>\n<\/div>\n<p><a href=\"https:\/\/wp.ufpel.edu.br\/cppad\/files\/2023\/08\/SEI_CGU-2890460-Nota-Te\u0301cnica.pdf\">SEI_CGU &#8211; 2890460 &#8211; Nota Te\u0301cnica<\/a><\/p>\n","protected":false},"excerpt":{"rendered":"<p>LEIS 8.112\/1990 &#8211; Disp\u00f5e sobre o regime jur\u00eddico dos servidores p\u00fablicos civis da Uni\u00e3o, das autarquias e das funda\u00e7\u00f5es p\u00fablicas federais &#8211;\u00a0https:\/\/www.planalto.gov.br\/ccivil_03\/LEIS\/L8112cons.htm 9.784\/1999 &#8211; Regula o processo administrativo no \u00e2mbito da Administra\u00e7\u00e3o P\u00fablica Federal &#8211;\u00a0https:\/\/www.planalto.gov.br\/ccivil_03\/LEIS\/L9784.htm &nbsp; NORMATIVAS Disponibilizac\u0327a\u0303o de acesso aos processos administrativos disciplinares finalizados &#8211; SEI_CGU &#8211; 2890460 &#8211; Nota Te\u0301cnica<\/p>\n","protected":false},"author":285,"featured_media":0,"parent":0,"menu_order":2,"comment_status":"closed","ping_status":"closed","template":"","meta":{"footnotes":""},"class_list":["post-76","page","type-page","status-publish","hentry"],"jetpack_sharing_enabled":true,"_links":{"self":[{"href":"https:\/\/wp.ufpel.edu.br\/cppad\/wp-json\/wp\/v2\/pages\/76","targetHints":{"allow":["GET"]}}],"collection":[{"href":"https:\/\/wp.ufpel.edu.br\/cppad\/wp-json\/wp\/v2\/pages"}],"about":[{"href":"https:\/\/wp.ufpel.edu.br\/cppad\/wp-json\/wp\/v2\/types\/page"}],"author":[{"embeddable":true,"href":"https:\/\/wp.ufpel.edu.br\/cppad\/wp-json\/wp\/v2\/users\/285"}],"replies":[{"embeddable":true,"href":"https:\/\/wp.ufpel.edu.br\/cppad\/wp-json\/wp\/v2\/comments?post=76"}],"version-history":[{"count":24,"href":"https:\/\/wp.ufpel.edu.br\/cppad\/wp-json\/wp\/v2\/pages\/76\/revisions"}],"predecessor-version":[{"id":539,"href":"https:\/\/wp.ufpel.edu.br\/cppad\/wp-json\/wp\/v2\/pages\/76\/revisions\/539"}],"wp:attachment":[{"href":"https:\/\/wp.ufpel.edu.br\/cppad\/wp-json\/wp\/v2\/media?parent=76"}],"curies":[{"name":"wp","href":"https:\/\/api.w.org\/{rel}","templated":true}]}}