{"id":59,"date":"2014-07-07T10:34:27","date_gmt":"2014-07-07T13:34:27","guid":{"rendered":"https:\/\/wp.ufpel.edu.br\/cpp\/?page_id=59"},"modified":"2014-09-29T10:43:34","modified_gmt":"2014-09-29T13:43:34","slug":"bolsas-de-projeto-de-ensino","status":"publish","type":"page","link":"https:\/\/wp.ufpel.edu.br\/cpp\/bolsas\/bolsas-de-projeto-de-ensino\/","title":{"rendered":"BOLSAS DE PROJETO DE ENSINO"},"content":{"rendered":"<p style=\"color: #666666;text-align: justify\">Os Projetos de Ensino regidos pela Resolu\u00e7\u00e3o n\u00ba 01\/2008 e 20\/2013, do COCEPE, poder\u00e3o ser contemplados com bolsas do Programa de Bolsas Acad\u00eamicas (PBA) da UFPEL, na modalidade inicia\u00e7\u00e3o ao ensino.<\/p>\n<p style=\"color: #666666;text-align: justify\">Os Projetos de Ensino constituem um conjunto de atividades de car\u00e1ter\u00a0tempor\u00e1rio que visam \u00e0 reflex\u00e3o e melhoria do processo de ensino\/aprendizagem nos\u00a0cursos de gradua\u00e7\u00e3o.<\/p>\n<h2>Normas<\/h2>\n<p><a href=\"https:\/\/wp.ufpel.edu.br\/cpp\/files\/2014\/07\/Resolu\u00e7\u00e3o-COCEPE-05-de-03-de-abril-de-2014-Cria-o-PBA1.pdf\">Resolu\u00e7\u00e3o COCEPE 05 de 03 de abril de 2014 Cria o PBA<\/a><\/p>\n<p>&nbsp;<\/p>\n<h2 style=\"color: #666666\">Sele\u00e7\u00e3o 2014<\/h2>\n<p><a href=\"https:\/\/wp.ufpel.edu.br\/cpp\/files\/2014\/07\/Edital-PRG-001-14-Bolsas-de-Inicia\u00e7\u00e3o-ao-Ensino-Modalidade-PROJETOS-DE-ENSINO1-1.doc\">Edital PRG 001 14 Bolsas de Inicia\u00e7\u00e3o ao Ensino Modalidade PROJETOS DE ENSINO<\/a><\/p>\n<p><a href=\"https:\/\/wp.ufpel.edu.br\/cpp\/files\/2014\/07\/Resultado-Selecao-Bolsas-Projetos-de-Ensino-Edital-PRG-001-14.pdf\">Resultado Sele\u00e7\u00e3o Bolsas Projetos de Ensino Edital PRG 001 14<\/a><\/p>\n<p><a href=\"https:\/\/wp.ufpel.edu.br\/cpp\/files\/2014\/07\/Formul\u00e1rio-de-Inscri\u00e7\u00e3o-de-Projeto-de-Ensino-Edital-001-2014-Anexo-011.doc\">Formul\u00e1rio de Inscri\u00e7\u00e3o de Projeto de Ensino Edital 001 2014 Anexo 011<\/a><\/p>\n<p><a href=\"https:\/\/wp.ufpel.edu.br\/cpp\/files\/2014\/07\/Formul\u00e1rio-Inscri\u00e7\u00e3o-Discente-Bolsista-PBA-Modalidade-Projeto-de-Ensino-Edital-001-2014-Anexo-02-2.docx\">Formul\u00e1rio Inscri\u00e7\u00e3o Discente Bolsista PBA Modalidade Projeto de Ensino Edital 001 2014 Anexo 02 <\/a><\/p>\n<p><a href=\"https:\/\/wp.ufpel.edu.br\/cpp\/files\/2014\/07\/Termo-de-Compromisso-Bolsista-PBA-Modalidade-Projeto-de-Ensino-Edital-001-2014-Anexo-03.docx\">Termo de Compromisso Bolsista PBA Modalidade Projeto de Ensino Edital 001 2014 Anexo 03<\/a><\/p>\n<p><a href=\"https:\/\/wp.ufpel.edu.br\/cpp\/files\/2014\/07\/Termo-de-Desist\u00eancia-Bolsas-de-Projeto-de-Ensino1.doc\"> Termo de Desist\u00eancia Bolsas de Projeto de Ensino<\/a><\/p>\n<p><a href=\"https:\/\/wp.ufpel.edu.br\/cpp\/files\/2014\/07\/Modelo-de-Edital-de-Sele\u00e7\u00e3o-de-Bolsistas-Projeto-de-Ensino.doc\">Modelo de Edital de Sele\u00e7\u00e3o de Bolsistas Projeto de Ensino<\/a><\/p>\n<p><a href=\"https:\/\/wp.ufpel.edu.br\/cpp\/files\/2014\/07\/Modelo-de-Ata-de-Sele\u00e7\u00e3o-Bolsista-de-Projeto-de-Ensino.doc\">Modelo de Ata de Sele\u00e7\u00e3o Bolsista de Projeto de Ensino<\/a><\/p>\n<p>&nbsp;<\/p>\n<p>&nbsp;<\/p>\n","protected":false},"excerpt":{"rendered":"<p>Os Projetos de Ensino regidos pela Resolu\u00e7\u00e3o n\u00ba 01\/2008 e 20\/2013, do COCEPE, poder\u00e3o ser contemplados com bolsas do Programa de Bolsas Acad\u00eamicas (PBA) da UFPEL, na modalidade inicia\u00e7\u00e3o ao ensino. Os Projetos de Ensino constituem um conjunto de atividades de car\u00e1ter\u00a0tempor\u00e1rio que visam \u00e0 reflex\u00e3o e melhoria do processo de ensino\/aprendizagem nos\u00a0cursos de gradua\u00e7\u00e3o. [&hellip;]<\/p>\n","protected":false},"author":174,"featured_media":0,"parent":2,"menu_order":0,"comment_status":"closed","ping_status":"closed","template":"","meta":{"footnotes":""},"class_list":["post-59","page","type-page","status-publish","hentry"],"_links":{"self":[{"href":"https:\/\/wp.ufpel.edu.br\/cpp\/wp-json\/wp\/v2\/pages\/59","targetHints":{"allow":["GET"]}}],"collection":[{"href":"https:\/\/wp.ufpel.edu.br\/cpp\/wp-json\/wp\/v2\/pages"}],"about":[{"href":"https:\/\/wp.ufpel.edu.br\/cpp\/wp-json\/wp\/v2\/types\/page"}],"author":[{"embeddable":true,"href":"https:\/\/wp.ufpel.edu.br\/cpp\/wp-json\/wp\/v2\/users\/174"}],"replies":[{"embeddable":true,"href":"https:\/\/wp.ufpel.edu.br\/cpp\/wp-json\/wp\/v2\/comments?post=59"}],"version-history":[{"count":3,"href":"https:\/\/wp.ufpel.edu.br\/cpp\/wp-json\/wp\/v2\/pages\/59\/revisions"}],"predecessor-version":[{"id":115,"href":"https:\/\/wp.ufpel.edu.br\/cpp\/wp-json\/wp\/v2\/pages\/59\/revisions\/115"}],"up":[{"embeddable":true,"href":"https:\/\/wp.ufpel.edu.br\/cpp\/wp-json\/wp\/v2\/pages\/2"}],"wp:attachment":[{"href":"https:\/\/wp.ufpel.edu.br\/cpp\/wp-json\/wp\/v2\/media?parent=59"}],"curies":[{"name":"wp","href":"https:\/\/api.w.org\/{rel}","templated":true}]}}