{"id":137,"date":"2014-10-01T17:30:06","date_gmt":"2014-10-01T20:30:06","guid":{"rendered":"https:\/\/wp.ufpel.edu.br\/cpp\/?page_id=137"},"modified":"2014-10-01T17:56:37","modified_gmt":"2014-10-01T20:56:37","slug":"mobilidade-academica-nacional-alunos-da-ufpel-para-outras-ies-privadas-estaduais","status":"publish","type":"page","link":"https:\/\/wp.ufpel.edu.br\/cpp\/programas\/mobilidade-academica\/mobilidade-academica-nacional-alunos-da-ufpel-para-outras-ies-privadas-estaduais\/","title":{"rendered":"MOBILIDADE ACAD\u00caMICA NACIONAL \u2013 ALUNOS DA UFPEL PARA OUTRAS IES (PRIVADAS, ESTADUAIS)"},"content":{"rendered":"<p style=\"color: #666666;text-align: justify\">Discentes de gradua\u00e7\u00e3o da UFPEL que pretendam realizar mobilidade acad\u00eamica em outras Institui\u00e7\u00f5es de Ensino Superior (IES) nacionais (estaduais, privadas, etc.):<\/p>\n<p style=\"color: #666666;text-align: justify\">O\/a discente dever\u00e1 verificar junto a Coordena\u00e7\u00e3o de Conv\u00eanios da UFPEL (<a style=\"font-weight: inherit;font-style: inherit;color: #666666\" href=\"https:\/\/wp.ufpel.edu.br\/convenios\/\">https:\/\/wp.ufpel.edu.br\/convenios\/<\/a>) a exist\u00eancia de Conv\u00eanio com a institui\u00e7\u00e3o receptora, que permita a realiza\u00e7\u00e3o de mobilidade acad\u00eamica. Havendo conv\u00eanio que permita a mobilidade, o\/a discente dever\u00e1 atender \u00e0s seguintes disposi\u00e7\u00f5es:<\/p>\n<p style=\"color: #666666;text-align: justify\">&#8211; estar regularmente matriculado em curso de gradua\u00e7\u00e3o da UFPEL;<\/p>\n<p style=\"color: #666666;text-align: justify\">&#8211; ter integralizado, no m\u00ednimo, todas as atividades curriculares do primeiro ano ou 1\u00ba e 2\u00ba semestres letivos do curso;<\/p>\n<p style=\"color: #666666;text-align: justify\">&#8211; ter, no m\u00e1ximo, uma (1) reprova\u00e7\u00e3o por per\u00edodo letivo (ano ou semestre).<\/p>\n<p style=\"color: #666666;text-align: justify\">O\/a discente da UFPEL dever\u00e1, juntamente com o\/a Coordenador\/a do seu curso de origem (UFPEL), com base na avalia\u00e7\u00e3o dos planos e ementas oficiais das atividades curriculares obtidas junto \u00e0 Institui\u00e7\u00e3o receptora, elaborar o Plano de Estudos a ser cursado na mesma. Este Plano de Estudos \u00e9 absolutamente necess\u00e1rio para subsidiar a posterior e obrigat\u00f3ria concess\u00e3o de equival\u00eancia, em caso de aprova\u00e7\u00e3o do\/a discente nas atividades objeto da mobilidade. No formul\u00e1rio eletr\u00f4nico espec\u00edfico\u00a0<span style=\"font-weight: inherit;font-style: inherit\">j\u00e1 h\u00e1 campo destinado ao preenchimento do Plano de Estudos<\/span>.<\/p>\n<p style=\"color: #666666;text-align: justify\">Ap\u00f3s, o\/a discente dever\u00e1 protocolar requerimento de mobilidade junto \u00e0 CPP\/PRG, com a seguinte documenta\u00e7\u00e3o e nos prazos estabelecidos pela mesma:<\/p>\n<p style=\"color: #666666;text-align: justify\"><a href=\"https:\/\/wp.ufpel.edu.br\/cpp\/files\/2014\/10\/Requerimento-Mobilidade-Acad\u00eamica-alunos-da-UFPEL-p-outras-IES4.doc\">Requerimento Mobilidade Acad\u00eamica alunos da UFPEL para outras IES<\/a>\u00a0devidamente preenchido, com a obrigat\u00f3ria assinatura e carimbo do\/a Coordenador\/a de Curso;<\/p>\n<p style=\"text-align: justify\">&#8211; Atestado de Matr\u00edcula e Hist\u00f3rico Escolar obtido junto \u00e0 Coordena\u00e7\u00e3o de Registros Acad\u00eamicos (CRA\/PRG)<span style=\"font-weight: inherit;font-style: inherit\">ou<\/span>\u00a0no Cobalto;<\/p>\n<p style=\"text-align: justify\">&#8211; C\u00f3pia do RG e do CPF;<\/p>\n<p style=\"text-align: justify\">&#8211; Requerimento espec\u00edfico solicitado pela Institui\u00e7\u00e3o receptora devidamente preenchido, caso exista est\u00e1 previs\u00e3o, a qual dever\u00e1 ser verificada pelo\/a discente junto a Institui\u00e7\u00e3o receptora.<\/p>\n<p style=\"text-align: justify\">Ap\u00f3s a an\u00e1lise, a CPP\/PRG encaminhar\u00e1 a documenta\u00e7\u00e3o completa ao Conselho Coordenador do Ensino, Pesquisa e Extens\u00e3o (COCEPE), para verificar a possibilidade de deferimento da solicita\u00e7\u00e3o. No caso de deferimento, a UFPEL expedir\u00e1 Carta de Apresenta\u00e7\u00e3o do\/a discente \u00e0 IFES receptora. A mobilidade somente se efetivar\u00e1 ap\u00f3s o envio do Atestado de Matr\u00edcula pela Institui\u00e7\u00e3o receptora.<\/p>\n<p style=\"text-align: justify\">Cabe a\/ao discente acompanhar a tramita\u00e7\u00e3o do processo junto \u00e0 CPP\/PRG.<\/p>\n<p style=\"text-align: justify\">A UFPEL n\u00e3o ser responsabiliza pelas despesas advindas da realiza\u00e7\u00e3o da mobilidade.<\/p>\n<p>&nbsp;<\/p>\n<p>&nbsp;<\/p>\n<p>&nbsp;<\/p>\n<p>&nbsp;<\/p>\n","protected":false},"excerpt":{"rendered":"<p>Discentes de gradua\u00e7\u00e3o da UFPEL que pretendam realizar mobilidade acad\u00eamica em outras Institui\u00e7\u00f5es de Ensino Superior (IES) nacionais (estaduais, privadas, etc.): O\/a discente dever\u00e1 verificar junto a Coordena\u00e7\u00e3o de Conv\u00eanios da UFPEL (https:\/\/wp.ufpel.edu.br\/convenios\/) a exist\u00eancia de Conv\u00eanio com a institui\u00e7\u00e3o receptora, que permita a realiza\u00e7\u00e3o de mobilidade acad\u00eamica. Havendo conv\u00eanio que permita a mobilidade, o\/a [&hellip;]<\/p>\n","protected":false},"author":174,"featured_media":0,"parent":44,"menu_order":0,"comment_status":"closed","ping_status":"closed","template":"","meta":{"footnotes":""},"class_list":["post-137","page","type-page","status-publish","hentry"],"_links":{"self":[{"href":"https:\/\/wp.ufpel.edu.br\/cpp\/wp-json\/wp\/v2\/pages\/137","targetHints":{"allow":["GET"]}}],"collection":[{"href":"https:\/\/wp.ufpel.edu.br\/cpp\/wp-json\/wp\/v2\/pages"}],"about":[{"href":"https:\/\/wp.ufpel.edu.br\/cpp\/wp-json\/wp\/v2\/types\/page"}],"author":[{"embeddable":true,"href":"https:\/\/wp.ufpel.edu.br\/cpp\/wp-json\/wp\/v2\/users\/174"}],"replies":[{"embeddable":true,"href":"https:\/\/wp.ufpel.edu.br\/cpp\/wp-json\/wp\/v2\/comments?post=137"}],"version-history":[{"count":3,"href":"https:\/\/wp.ufpel.edu.br\/cpp\/wp-json\/wp\/v2\/pages\/137\/revisions"}],"predecessor-version":[{"id":142,"href":"https:\/\/wp.ufpel.edu.br\/cpp\/wp-json\/wp\/v2\/pages\/137\/revisions\/142"}],"up":[{"embeddable":true,"href":"https:\/\/wp.ufpel.edu.br\/cpp\/wp-json\/wp\/v2\/pages\/44"}],"wp:attachment":[{"href":"https:\/\/wp.ufpel.edu.br\/cpp\/wp-json\/wp\/v2\/media?parent=137"}],"curies":[{"name":"wp","href":"https:\/\/api.w.org\/{rel}","templated":true}]}}