{"id":10,"date":"2014-07-03T14:24:59","date_gmt":"2014-07-03T17:24:59","guid":{"rendered":"https:\/\/wp.ufpel.edu.br\/cpp\/?page_id=10"},"modified":"2014-09-26T10:23:30","modified_gmt":"2014-09-26T13:23:30","slug":"pet","status":"publish","type":"page","link":"https:\/\/wp.ufpel.edu.br\/cpp\/programas\/pet\/","title":{"rendered":"PET"},"content":{"rendered":"<p style=\"color: #666666\">O Programa de Educa\u00e7\u00e3o Tutorial foi oficialmente institu\u00eddo pela Lei 11.180\/2005 e regulamentado pelas Portarias n\u00ba 976\/2010 e n\u00ba 343\/2013. A regulamenta\u00e7\u00e3o do PET define como o programa deve funcionar, qual a constitui\u00e7\u00e3o administrativa e acad\u00eamica, al\u00e9m de estabelecer as normas e a periodicidade do processo de avalia\u00e7\u00e3o nacional dos grupos.<\/p>\n<p style=\"color: #666666\">O Programa PET da UFPel est\u00e1 institucionalizado por aprova\u00e7\u00e3o no COCEPE, fazendo parte dos PROGRAMAS DE INTEGRA\u00c7\u00c3O da Pr\u00f3-Reitoria de Gradua\u00e7\u00e3o.<\/p>\n<p style=\"color: #666666\">Grupos e tutores do Programa de Educa\u00e7\u00e3o Tutorial da UFPel:<\/p>\n<table style=\"color: #666666\" border=\"0\">\n<tbody style=\"font-weight: inherit;font-style: inherit\">\n<tr style=\"font-weight: inherit;font-style: inherit\">\n<td style=\"font-style: inherit;color: #666666\"><span style=\"font-weight: inherit;font-style: inherit\">Grupo PET de A\u00e7\u00e3o e Pesquisa em Educa\u00e7\u00e3o Popular<\/span><\/td>\n<td style=\"font-style: inherit;color: #666666\"><span style=\"font-weight: inherit;font-style: inherit\"><strong style=\"font-style: inherit\">Prof. Francisco dos Santos Kieling\u00a0<\/strong><\/span><\/td>\n<\/tr>\n<tr style=\"font-weight: inherit;font-style: inherit\">\n<td style=\"font-style: inherit;color: #666666\"><span style=\"font-weight: inherit;font-style: inherit\">Grupo PET Agronomia<\/span><\/td>\n<td style=\"font-style: inherit;color: #666666\"><span style=\"font-weight: inherit;font-style: inherit\"><strong style=\"font-style: inherit\">Prof. Paulo Roberto Grolli<\/strong><\/span><\/td>\n<\/tr>\n<tr style=\"font-weight: inherit;font-style: inherit\">\n<td style=\"font-style: inherit;color: #666666\"><span style=\"font-weight: inherit;font-style: inherit\">Grupo PET Arquitetura<\/span><\/td>\n<td style=\"font-style: inherit;color: #666666\"><span style=\"font-weight: inherit;font-style: inherit\"><strong style=\"font-style: inherit\">Prof. Ana Paula Faria<\/strong><\/span><\/td>\n<\/tr>\n<tr style=\"font-weight: inherit;font-style: inherit\">\n<td style=\"font-style: inherit;color: #666666\"><span style=\"font-weight: inherit;font-style: inherit\">Grupo PET Artes Visuais<\/span><\/td>\n<td style=\"font-style: inherit;color: #666666\"><span style=\"font-weight: inherit;font-style: inherit\"><strong style=\"font-style: inherit\">Prof. Jo\u00e3o Fernando Igansi Nunes<\/strong><\/span><\/td>\n<\/tr>\n<tr style=\"font-weight: inherit;font-style: inherit\">\n<td style=\"font-style: inherit;color: #666666\"><span style=\"font-weight: inherit;font-style: inherit\">Grupo PET Computa\u00e7\u00e3o<\/span><\/td>\n<td style=\"font-style: inherit;color: #666666\"><span style=\"font-weight: inherit;font-style: inherit\"><strong style=\"font-style: inherit\">Prof. Leomar Soares da Rosa Junior<\/strong><\/span><\/td>\n<\/tr>\n<tr style=\"font-weight: inherit;font-style: inherit\">\n<td style=\"font-style: inherit;color: #666666\"><span style=\"font-weight: inherit;font-style: inherit\">Grupo PET Conserva\u00e7\u00e3o e Restauro<\/span><\/td>\n<td style=\"font-style: inherit;color: #666666\"><span style=\"font-weight: inherit;font-style: inherit\"><strong style=\"font-style: inherit\">Prof\u00aa. Francisca Ferreira Michelon<\/strong><\/span><\/td>\n<\/tr>\n<tr style=\"font-weight: inherit;font-style: inherit\">\n<td style=\"font-style: inherit;color: #666666\"><span style=\"font-weight: inherit;font-style: inherit\">Grupo PET Educa\u00e7\u00e3o F\u00edsica<\/span><\/td>\n<td style=\"font-style: inherit;color: #666666\"><span style=\"font-weight: inherit;font-style: inherit\"><strong style=\"font-style: inherit\">Prof. Marcelo Cozzensa da Silva<\/strong><\/span><\/td>\n<\/tr>\n<tr style=\"font-weight: inherit;font-style: inherit\">\n<td style=\"font-style: inherit;color: #666666\"><span style=\"font-weight: inherit;font-style: inherit\">Grupo PET Engenharia Agr\u00edcola<\/span><\/td>\n<td style=\"font-style: inherit;color: #666666\"><span style=\"font-weight: inherit;font-style: inherit\"><strong style=\"font-style: inherit\">Prof. Carlos Ant\u00f4nio da Costa Tillmann<\/strong><\/span><\/td>\n<\/tr>\n<tr style=\"font-weight: inherit;font-style: inherit\">\n<td style=\"font-style: inherit;color: #666666\"><span style=\"font-weight: inherit;font-style: inherit\">Grupo PET Engenharia H\u00eddrica<\/span><\/td>\n<td style=\"font-style: inherit;color: #666666\"><span style=\"font-weight: inherit;font-style: inherit\"><strong style=\"font-style: inherit\">Prof. Mauricio Dai Pr\u00e1<\/strong><\/span><\/td>\n<\/tr>\n<tr style=\"font-weight: inherit;font-style: inherit\">\n<td style=\"font-style: inherit;color: #666666\"><span style=\"font-weight: inherit;font-style: inherit\">Grupo PET Diversidade e Toler\u00e2ncia<\/span><\/td>\n<td style=\"font-style: inherit;color: #666666\"><span style=\"font-weight: inherit;font-style: inherit\"><strong style=\"font-style: inherit\">Prof\u00aa. Lorena Almeida Gill<\/strong><\/span><\/td>\n<\/tr>\n<tr style=\"font-weight: inherit;font-style: inherit\">\n<td style=\"font-style: inherit;color: #666666\"><span style=\"font-weight: inherit;font-style: inherit\">Grupo PET F\u00edsica<\/span><\/td>\n<td style=\"font-style: inherit;color: #666666\"><span style=\"font-weight: inherit;font-style: inherit\"><strong style=\"font-style: inherit\">Prof. \u00c1lvaro Leonardi Ayala Filho<\/strong><\/span><\/td>\n<\/tr>\n<tr style=\"font-weight: inherit;font-style: inherit\">\n<td style=\"font-style: inherit;color: #666666\"><span style=\"font-weight: inherit;font-style: inherit\">Grupo PET Meteorologia<\/span><\/td>\n<td style=\"font-style: inherit;color: #666666\"><span style=\"font-weight: inherit;font-style: inherit\"><strong style=\"font-style: inherit\">Prof. Jo\u00e3o Carlos Torres Vianna<\/strong><\/span><\/td>\n<\/tr>\n<tr style=\"font-weight: inherit;font-style: inherit\">\n<td style=\"font-style: inherit;color: #666666\"><span style=\"font-weight: inherit;font-style: inherit\">Grupo PET Odontologia<\/span><\/td>\n<td style=\"font-style: inherit;color: #666666\"><span style=\"font-weight: inherit;font-style: inherit\"><strong style=\"font-style: inherit\">Prof. Josu\u00e9 Martos<\/strong><\/span><\/td>\n<\/tr>\n<tr style=\"font-weight: inherit;font-style: inherit\">\n<td style=\"font-style: inherit;color: #666666\"><span style=\"font-weight: inherit;font-style: inherit\">Grupo PET Pedagogia<\/span><\/td>\n<td style=\"font-style: inherit;color: #666666\"><span style=\"font-weight: inherit;font-style: inherit\"><strong style=\"font-style: inherit\">Prof\u00aa. Gilsenira de Alcina Rangel<\/strong><\/span><\/td>\n<\/tr>\n<tr style=\"font-weight: inherit;font-style: inherit\">\n<td style=\"font-style: inherit;color: #666666\" colspan=\"1\"><span style=\"font-weight: inherit;font-style: inherit\">Grupo PET Saberes Populares<\/span><\/td>\n<td style=\"font-style: inherit;color: #666666\" colspan=\"1\"><span style=\"font-weight: inherit;font-style: inherit\"><strong style=\"font-style: inherit\">Prof\u00aa. Denise Bussoletti<\/p>\n<p><\/strong><\/span><\/td>\n<\/tr>\n<\/tbody>\n<\/table>\n<p style=\"text-align: justify\"><strong>Documentos:<\/strong><\/p>\n<p style=\"text-align: justify\"><a href=\"https:\/\/wp.ufpel.edu.br\/cpp\/files\/2014\/07\/Documenta\u00e7\u00e3o-necess\u00e1ria-para-efetiva\u00e7\u00e3o-de-alunos-e-tutores.doc\">Documenta\u00e7\u00e3o necess\u00e1ria para efetiva\u00e7\u00e3o de alunos e tutores<\/a><\/p>\n<p style=\"text-align: justify\"><a href=\"https:\/\/wp.ufpel.edu.br\/cpp\/files\/2014\/07\/Formularios_de_cadastros_de_bolsistas_PET.zip\">Formul\u00e1rios de cadastros de bolsistas PET<\/a><\/p>\n<p style=\"text-align: justify\"><a href=\"https:\/\/wp.ufpel.edu.br\/cpp\/files\/2014\/07\/pet_-_termos_de_compromisso.zip\">PET termos de compromisso<\/a><\/p>\n<p style=\"text-align: justify\"><a href=\"https:\/\/wp.ufpel.edu.br\/cpp\/files\/2014\/07\/SOLICITACAO-de-Certificado-PET-2013.doc\">SOLICITA\u00c7\u00c3O de Certificado PET\/2013<\/a><\/p>\n","protected":false},"excerpt":{"rendered":"<p>O Programa de Educa\u00e7\u00e3o Tutorial foi oficialmente institu\u00eddo pela Lei 11.180\/2005 e regulamentado pelas Portarias n\u00ba 976\/2010 e n\u00ba 343\/2013. A regulamenta\u00e7\u00e3o do PET define como o programa deve funcionar, qual a constitui\u00e7\u00e3o administrativa e acad\u00eamica, al\u00e9m de estabelecer as normas e a periodicidade do processo de avalia\u00e7\u00e3o nacional dos grupos. O Programa PET da [&hellip;]<\/p>\n","protected":false},"author":174,"featured_media":0,"parent":7,"menu_order":0,"comment_status":"closed","ping_status":"closed","template":"","meta":{"footnotes":""},"class_list":["post-10","page","type-page","status-publish","hentry"],"_links":{"self":[{"href":"https:\/\/wp.ufpel.edu.br\/cpp\/wp-json\/wp\/v2\/pages\/10","targetHints":{"allow":["GET"]}}],"collection":[{"href":"https:\/\/wp.ufpel.edu.br\/cpp\/wp-json\/wp\/v2\/pages"}],"about":[{"href":"https:\/\/wp.ufpel.edu.br\/cpp\/wp-json\/wp\/v2\/types\/page"}],"author":[{"embeddable":true,"href":"https:\/\/wp.ufpel.edu.br\/cpp\/wp-json\/wp\/v2\/users\/174"}],"replies":[{"embeddable":true,"href":"https:\/\/wp.ufpel.edu.br\/cpp\/wp-json\/wp\/v2\/comments?post=10"}],"version-history":[{"count":3,"href":"https:\/\/wp.ufpel.edu.br\/cpp\/wp-json\/wp\/v2\/pages\/10\/revisions"}],"predecessor-version":[{"id":73,"href":"https:\/\/wp.ufpel.edu.br\/cpp\/wp-json\/wp\/v2\/pages\/10\/revisions\/73"}],"up":[{"embeddable":true,"href":"https:\/\/wp.ufpel.edu.br\/cpp\/wp-json\/wp\/v2\/pages\/7"}],"wp:attachment":[{"href":"https:\/\/wp.ufpel.edu.br\/cpp\/wp-json\/wp\/v2\/media?parent=10"}],"curies":[{"name":"wp","href":"https:\/\/api.w.org\/{rel}","templated":true}]}}