{"id":540,"date":"2018-03-05T18:09:18","date_gmt":"2018-03-05T21:09:18","guid":{"rendered":"https:\/\/wp.ufpel.edu.br\/cpi\/?page_id=540"},"modified":"2023-04-27T15:47:55","modified_gmt":"2023-04-27T18:47:55","slug":"cursos-com-processos-de-reconhecimento-ou-renovacao-de-reconhecimento-aberto-a-espera-de-agendamento-de-visita-in-loco","status":"publish","type":"page","link":"https:\/\/wp.ufpel.edu.br\/cpi\/nrc\/agenda-avaliacao-in-loco\/cursos-com-processos-de-reconhecimento-ou-renovacao-de-reconhecimento-aberto-a-espera-de-agendamento-de-visita-in-loco\/","title":{"rendered":"Cursos com processos de Autoriza\u00e7\u00e3o, Reconhecimento ou Renova\u00e7\u00e3o de reconhecimento abertos"},"content":{"rendered":"<p>&nbsp;<\/p>\n<table style=\"width: 626px;\" width=\"642\">\n<tbody>\n<tr style=\"height: 96px;\">\n<td style=\"text-align: center; width: 78px; height: 96px;\" width=\"236\">\n<p><strong>C\u00f3digo <\/strong><\/p>\n<p><strong>e-MEC<\/strong><\/td>\n<td style=\"text-align: center; width: 138px; height: 96px;\" width=\"236\"><strong>Curso<\/strong><\/td>\n<td style=\"text-align: center; width: 96px; height: 96px;\" width=\"82\"><strong>Data Protocolo<\/strong><\/td>\n<td style=\"text-align: center; width: 89px; height: 96px;\" width=\"96\"><strong>N\u00famero Processo<\/strong><\/td>\n<td style=\"text-align: center; width: 123px; height: 96px;\" width=\"122\"><strong>Andamento<\/strong><\/td>\n<td style=\"text-align: center; width: 102px; height: 96px;\" width=\"106\"><strong>Data \u00daltimo Andamento<\/strong><\/td>\n<\/tr>\n<tr style=\"height: 120px;\">\n<td style=\"font-weight: 400; text-align: center; width: 78px; height: 120px;\"><span style=\"color: #000000;\">113641<\/span><\/td>\n<td style=\"font-weight: 400; text-align: center; width: 138px; height: 120px;\">\n<p><span style=\"color: #000000;\">Teatro (noturno)<\/span><\/p>\n<p><span style=\"color: #000000;\"><strong>(Instrumento 2015)<\/strong><\/span><\/td>\n<td style=\"font-weight: 400; text-align: center; width: 96px; height: 120px;\"><span style=\"color: #000000;\">31\/05\/2019<\/span><\/td>\n<td style=\"font-weight: 400; text-align: center; width: 89px; height: 120px;\"><span style=\"color: #000000;\">201616912<\/span><\/td>\n<td style=\"font-weight: 400; text-align: center; width: 123px; height: 120px;\"><span style=\"color: #000000;\">INEP &#8211;\u00a0 Avalia\u00e7\u00e3o &#8211; visita in loco de 21 a 26\/06\/2023<\/span><\/td>\n<td style=\"font-weight: 400; text-align: center; width: 102px; height: 120px;\"><span style=\"color: #000000;\">28\/03\/2022<\/span><\/td>\n<\/tr>\n<tr style=\"height: 120px;\">\n<td style=\"font-weight: 400; text-align: center; width: 78px; height: 120px;\" width=\"236\"><span style=\"color: #000000;\">113575<\/span><\/td>\n<td style=\"font-weight: 400; text-align: center; width: 138px; height: 120px;\" width=\"236\">\n<p><span style=\"color: #000000;\">ANTROPOLOGIA<\/span><\/p>\n<p><span style=\"color: #000000;\"><strong>(Instrumento 2017)<\/strong><\/span><\/td>\n<td style=\"font-weight: 400; text-align: center; width: 96px; height: 120px;\" width=\"82\"><span style=\"color: #000000;\">18\/12\/2017<\/span><\/td>\n<td style=\"font-weight: 400; text-align: center; width: 89px; height: 120px;\" width=\"96\"><span style=\"color: #000000;\">201721896<\/span><\/td>\n<td style=\"font-weight: 400; text-align: center; width: 123px; height: 120px;\" width=\"122\"><span style=\"color: #000000;\">INEP &#8211; avalia\u00e7\u00e3o &#8211; FE<\/span><\/td>\n<td style=\"font-weight: 400; text-align: center; width: 102px; height: 120px;\" width=\"106\"><span style=\"color: #000000;\">10\/09\/2022<\/span><\/td>\n<\/tr>\n<tr style=\"height: 144px;\">\n<td style=\"font-weight: 400; text-align: center; width: 78px; height: 144px;\" width=\"236\"><span style=\"color: #000000;\">1162040<\/span><\/td>\n<td style=\"font-weight: 400; text-align: center; width: 138px; height: 144px;\" width=\"236\">\n<p><span style=\"color: #000000;\">CINEMA DE ANIMA\u00c7\u00c3O<\/span><\/p>\n<p><span style=\"color: #000000;\"><strong>(Instrumento 2017)<\/strong><\/span><\/td>\n<td style=\"font-weight: 400; text-align: center; width: 96px; height: 144px;\" width=\"82\"><span style=\"color: #000000;\">18\/12\/2017<\/span><\/td>\n<td style=\"font-weight: 400; text-align: center; width: 89px; height: 144px;\" width=\"96\"><span style=\"color: #000000;\">201721898<\/span><\/td>\n<td style=\"font-weight: 400; text-align: center; width: 123px; height: 144px;\" width=\"122\"><span style=\"color: #000000;\">INEP &#8211; avalia\u00e7\u00e3o &#8211; FE<\/span><\/td>\n<td style=\"font-weight: 400; text-align: center; width: 102px; height: 144px;\" width=\"106\"><span style=\"color: #000000;\">10\/09\/2022<\/span><\/td>\n<\/tr>\n<tr style=\"height: 216px;\">\n<td style=\"font-weight: 400; text-align: center; width: 78px; height: 216px;\" width=\"236\"><span style=\"color: #000000;\">1113654<\/span><\/td>\n<td style=\"font-weight: 400; text-align: center; width: 138px; height: 216px;\" width=\"236\">\n<p><span style=\"color: #000000;\">CONSERVA\u00c7\u00c3O E RESTAURA\u00c7\u00c3O DE BENS CULTURAIS M\u00d3VEIS<\/span><\/p>\n<p><span style=\"color: #000000;\"><strong>(Instrumento 2017)<\/strong><\/span><\/td>\n<td style=\"font-weight: 400; text-align: center; width: 96px; height: 216px;\" width=\"82\"><span style=\"color: #000000;\">18\/12\/2017<\/span><\/td>\n<td style=\"font-weight: 400; text-align: center; width: 89px; height: 216px;\" width=\"96\"><span style=\"color: #000000;\">201721900<\/span><\/td>\n<td style=\"font-weight: 400; text-align: center; width: 123px; height: 216px;\" width=\"122\"><span style=\"color: #000000;\">INEP &#8211; avalia\u00e7\u00e3o &#8211; Visita in loco de 14 a 16\/06\/2023<\/span><\/td>\n<td style=\"font-weight: 400; text-align: center; width: 102px; height: 216px;\" width=\"106\"><span style=\"color: #000000;\">08\/04\/2023<\/span><\/td>\n<\/tr>\n<tr style=\"height: 120px;\">\n<td style=\"font-weight: 400; text-align: center; width: 78px; height: 120px;\" width=\"236\"><span style=\"color: #000000;\">14975<\/span><\/td>\n<td style=\"font-weight: 400; text-align: center; width: 138px; height: 120px;\" width=\"236\">\n<p><span style=\"color: #000000;\">MEDICINA<\/span><\/p>\n<p><span style=\"color: #000000;\"><strong>(Instrumento 2017)<\/strong><\/span><\/td>\n<td style=\"font-weight: 400; text-align: center; width: 96px; height: 120px;\" width=\"82\"><span style=\"color: #000000;\">11\/05\/2018<\/span><\/td>\n<td style=\"font-weight: 400; text-align: center; width: 89px; height: 120px;\" width=\"96\"><span style=\"color: #000000;\">201810665<\/span><\/td>\n<td style=\"font-weight: 400; text-align: center; width: 123px; height: 120px;\" width=\"122\"><span style=\"color: #000000;\">INEP &#8211; Avalia\u00e7\u00e3o &#8211; FE<\/span><\/td>\n<td style=\"font-weight: 400; text-align: center; width: 102px; height: 120px;\" width=\"106\"><span style=\"color: #000000;\">16\/10\/2018<\/span><\/td>\n<\/tr>\n<tr style=\"height: 144px;\">\n<td style=\"font-weight: 400; width: 78px; height: 144px;\"><span style=\"color: #000000;\">1105230<\/span><\/td>\n<td style=\"font-weight: 400; text-align: center; width: 138px; height: 144px;\">\n<p><span style=\"color: #000000;\">TERAPIA OCUPACIONAL<\/span><\/p>\n<p><span style=\"color: #000000;\"><strong>(Instrumento 2017)<\/strong><\/span><\/td>\n<td style=\"font-weight: 400; text-align: center; width: 96px; height: 144px;\"><span style=\"color: #000000;\">19\/10\/2018<\/span><\/td>\n<td style=\"font-weight: 400; text-align: center; width: 89px; height: 144px;\"><span style=\"color: #000000;\">201822681<\/span><\/td>\n<td style=\"font-weight: 400; text-align: center; width: 123px; height: 144px;\"><span style=\"color: #000000;\">INEP &#8211; Avalia\u00e7\u00e3o &#8211; FE<\/span><\/td>\n<td style=\"font-weight: 400; text-align: center; width: 102px; height: 144px;\"><span style=\"color: #000000;\">10\/09\/2022<br \/>\n<\/span><\/td>\n<\/tr>\n<tr style=\"height: 96px;\">\n<td style=\"font-weight: 400; width: 78px; height: 96px;\"><span style=\"color: #000000;\">113606<\/span><\/td>\n<td style=\"font-weight: 400; text-align: center; width: 138px; height: 96px;\"><span style=\"color: #000000;\">GEOGRAFIA (Bacharelado) <strong>(Instrumento 2017)<\/strong><\/span><\/td>\n<td style=\"font-weight: 400; text-align: center; width: 96px; height: 96px;\"><span style=\"color: #000000;\">16\/04\/2019<\/span><\/td>\n<td style=\"font-weight: 400; text-align: center; width: 89px; height: 96px;\"><span style=\"color: #000000;\">201908933<\/span><\/td>\n<td style=\"font-weight: 400; text-align: center; width: 123px; height: 96px;\">\n<p><span style=\"color: #000000;\">INEP &#8211; Visita in loco Virtual<\/span><\/p>\n<p><span style=\"color: #000000;\">de 03 a 05\/05\/2023\u00a0<\/span><\/td>\n<td style=\"font-weight: 400; text-align: center; width: 102px; height: 96px;\"><span style=\"color: #000000;\">03\/02\/2023<\/span><\/td>\n<\/tr>\n<tr style=\"height: 144px;\">\n<td style=\"font-weight: 400; width: 78px; height: 144px;\"><span style=\"color: #000000;\">1128121<\/span><\/td>\n<td style=\"font-weight: 400; text-align: center; width: 138px; height: 144px;\">\n<p><span style=\"color: #000000;\">TRANSPORTE TERRESTRE<\/span><\/p>\n<p><span style=\"color: #000000;\"><strong>(Instrumento 2017)<\/strong><\/span><\/td>\n<td style=\"font-weight: 400; text-align: center; width: 96px; height: 144px;\"><span style=\"color: #000000;\">18\/09\/2019<\/span><\/td>\n<td style=\"font-weight: 400; text-align: center; width: 89px; height: 144px;\"><span style=\"color: #000000;\">201921540<\/span><\/td>\n<td style=\"font-weight: 400; text-align: center; width: 123px; height: 144px;\"><span style=\"color: #000000;\">INEP &#8211; Avalia\u00e7\u00e3o &#8211; FE<\/span><\/td>\n<td style=\"font-weight: 400; text-align: center; width: 102px; height: 144px;\"><span style=\"color: #000000;\">16\/03\/2020<\/span><\/td>\n<\/tr>\n<tr style=\"height: 56px;\">\n<td style=\"font-weight: 400; text-align: center; width: 78px; height: 56px;\"><span style=\"color: #000000;\">103270<\/span><\/td>\n<td style=\"font-weight: 400; text-align: center; width: 138px; height: 56px;\">\n<p><span style=\"color: #000000;\">Museologia<\/span><\/p>\n<p><span style=\"color: #000000;\"><strong>(Instrumento 2017)<\/strong><\/span><\/td>\n<td style=\"font-weight: 400; text-align: center; width: 96px; height: 56px;\"><span style=\"color: #000000;\">08\/01\/2021<\/span><\/td>\n<td style=\"font-weight: 400; text-align: center; width: 89px; height: 56px;\"><span style=\"color: #000000;\">202030352<\/span><\/td>\n<td style=\"font-weight: 400; text-align: center; width: 123px; height: 56px;\"><span style=\"color: #000000;\">INEP &#8211; Avalia\u00e7\u00e3o &#8211; FE<\/span><\/td>\n<td style=\"font-weight: 400; text-align: center; width: 102px; height: 56px;\"><span style=\"color: #000000;\">11\/02\/2021<\/span><\/td>\n<\/tr>\n<tr style=\"height: 168px;\">\n<td style=\"font-weight: 400; text-align: center; width: 78px; height: 168px;\"><span style=\"color: #000000;\">1265854<\/span><\/td>\n<td style=\"font-weight: 400; text-align: center; width: 138px; height: 168px;\">\n<p><span style=\"color: #000000;\">Medicina Veterin\u00e1ria &#8211; Turma Especial<\/span><\/p>\n<p><span style=\"color: #000000;\"><strong>(Instrumento 2017)<\/strong><\/span><\/td>\n<td style=\"font-weight: 400; text-align: center; width: 96px; height: 168px;\"><span style=\"color: #000000;\">20\/06\/2022<\/span><\/td>\n<td style=\"font-weight: 400; text-align: center; width: 89px; height: 168px;\"><span style=\"color: #000000;\">202206732<\/span><\/td>\n<td style=\"font-weight: 400; text-align: center; width: 123px; height: 168px;\"><span style=\"color: #000000;\">INEP &#8211; V isita in loco Virtual<\/span><\/td>\n<td style=\"font-weight: 400; text-align: center; width: 102px; height: 168px;\"><span style=\"color: #000000;\">24\/04\/2023<\/span><\/td>\n<\/tr>\n<tr style=\"height: 144px;\">\n<td style=\"font-weight: 400; text-align: center; width: 78px; height: 144px;\"><span style=\"color: #000000;\">122366<\/span><\/td>\n<td style=\"font-weight: 400; text-align: center; width: 138px; height: 144px;\">\n<p><span style=\"color: #000000;\">Engenharia de Petr\u00f3leo<\/span><\/p>\n<p><span style=\"color: #000000;\"><strong>(Instrumento 2017)<\/strong><\/span><\/td>\n<td style=\"font-weight: 400; text-align: center; width: 96px; height: 144px;\"><span style=\"color: #000000;\">08\/07\/2022<\/span><\/td>\n<td style=\"width: 89px; height: 144px;\">202209587<\/td>\n<td style=\"font-weight: 400; text-align: center; width: 123px; height: 144px;\"><span style=\"color: #000000;\">INEP &#8211; Avalia\u00e7\u00e3o<\/span><\/td>\n<td style=\"font-weight: 400; text-align: center; width: 102px; height: 144px;\"><span style=\"color: #000000;\">24\/02\/2023<\/span><\/td>\n<\/tr>\n<tr style=\"height: 120px;\">\n<td style=\"font-weight: 400; text-align: center; width: 78px; height: 120px;\"><span style=\"color: #000000;\">\u00a01515611<\/span><\/td>\n<td style=\"font-weight: 400; text-align: center; width: 138px; height: 120px;\">\n<p><span style=\"color: #000000;\">Arqueologia\u00a0<\/span><\/p>\n<p><span style=\"color: #000000;\"><strong>(Instrumento 2017)<\/strong><\/span><\/td>\n<td style=\"font-weight: 400; text-align: center; width: 96px; height: 120px;\"><span style=\"color: #000000;\">24\/08\/2022<\/span><\/td>\n<td style=\"width: 89px; height: 120px;\">202212825<\/td>\n<td style=\"font-weight: 400; text-align: center; width: 123px; height: 120px;\"><span style=\"color: #000000;\">INEP &#8211; Avalia\u00e7\u00e3o<\/span><\/td>\n<td style=\"font-weight: 400; text-align: center; width: 102px; height: 120px;\"><span style=\"color: #000000;\">15\/02\/2023<\/span><\/td>\n<\/tr>\n<tr style=\"height: 120px;\">\n<td style=\"font-weight: 400; text-align: center; width: 78px; height: 120px;\"><span style=\"color: #000000;\">1500806<\/span><\/td>\n<td style=\"font-weight: 400; text-align: center; width: 138px; height: 120px;\">\n<p><span style=\"color: #000000;\">Teatro<\/span><\/p>\n<p><span style=\"color: #000000;\"><strong>(Instrumento 2017)<\/strong><\/span><\/td>\n<td style=\"font-weight: 400; text-align: center; width: 96px; height: 120px;\"><span style=\"color: #000000;\">23\/08\/2022<\/span><\/td>\n<td style=\"width: 89px; height: 120px;\">202212826<\/td>\n<td style=\"font-weight: 400; text-align: center; width: 123px; height: 120px;\"><span style=\"color: #000000;\">INEP &#8211; Avalia\u00e7\u00e3o &#8211; FE<\/span><\/td>\n<td style=\"font-weight: 400; text-align: center; width: 102px; height: 120px;\"><span style=\"color: #000000;\">18\/04\/2023<\/span><\/td>\n<\/tr>\n<tr style=\"height: 144px;\">\n<td style=\"font-weight: 400; text-align: center; width: 78px; height: 144px;\">1184817<\/td>\n<td style=\"font-weight: 400; text-align: center; width: 138px; height: 144px;\">\n<p><span style=\"color: #000000;\">CST em Gest\u00e3o Ambiental<\/span><\/p>\n<p><span style=\"color: #000000;\"><strong>(Instrumento 2017)<\/strong><\/span><\/td>\n<td style=\"font-weight: 400; text-align: center; width: 96px; height: 144px;\"><span style=\"color: #000000;\">09\/11\/2022\u00a0<\/span><\/td>\n<td style=\"font-weight: 400; text-align: center; width: 89px; height: 144px;\"><span style=\"color: #000000;\">202215532\u00a0<\/span><\/td>\n<td style=\"font-weight: 400; text-align: center; width: 123px; height: 144px;\"><span style=\"color: #000000;\">INEP &#8211; Avalia\u00e7\u00e3o<\/span><\/td>\n<td style=\"font-weight: 400; text-align: center; width: 102px; height: 144px;\"><span style=\"color: #000000;\">\u00a026\/03\/2023<\/span><\/td>\n<\/tr>\n<tr style=\"height: 168px;\">\n<td style=\"font-weight: 400; text-align: center; width: 78px; height: 168px;\">96805<\/td>\n<td style=\"font-weight: 400; text-align: center; width: 138px; height: 168px;\">\n<p><span style=\"color: #000000;\">Engenharia Industrial e Madeireira<\/span><\/p>\n<p><span style=\"color: #000000;\"><strong>(Instrumento 2017)<\/strong><\/span><\/td>\n<td style=\"font-weight: 400; text-align: center; width: 96px; height: 168px;\"><span style=\"color: #000000;\">21\/10\/2022\u00a0<\/span><\/td>\n<td style=\"font-weight: 400; text-align: center; width: 89px; height: 168px;\"><span style=\"color: #000000;\">202216007\u00a0<\/span><\/td>\n<td style=\"font-weight: 400; text-align: center; width: 123px; height: 168px;\"><span style=\"color: #000000;\">INEP &#8211; Avalia\u00e7\u00e3o<\/span><\/td>\n<td style=\"font-weight: 400; text-align: center; width: 102px; height: 168px;\"><span style=\"color: #000000;\">26\/03\/2023<\/span><\/td>\n<\/tr>\n<tr style=\"height: 144px;\">\n<td style=\"font-weight: 400; text-align: center; width: 78px; height: 144px;\"><span style=\"color: #000000;\">118324<\/span><\/td>\n<td style=\"font-weight: 400; text-align: center; width: 138px; height: 144px;\">\n<p><span style=\"color: #000000;\">Engenharia de Materiais<\/span><\/p>\n<p><span style=\"color: #000000;\"><strong>(Instrumento 2017)<\/strong><\/span><\/td>\n<td style=\"font-weight: 400; text-align: center; width: 96px; height: 144px;\"><span style=\"color: #000000;\">\u00a008\/12\/2022<\/span><\/td>\n<td style=\"font-weight: 400; text-align: center; width: 89px; height: 144px;\"><span style=\"color: #000000;\">202218722\u00a0<\/span><\/td>\n<td style=\"font-weight: 400; text-align: center; width: 123px; height: 144px;\"><span style=\"color: #000000;\">INEP &#8211; Avalia\u00e7\u00e3o<\/span><\/td>\n<td style=\"font-weight: 400; text-align: center; width: 102px; height: 144px;\"><span style=\"color: #000000;\">\u00a013\/04\/2023<\/span><\/td>\n<\/tr>\n<tr style=\"height: 120px;\">\n<td style=\"font-weight: 400; text-align: center; width: 78px; height: 120px;\"><span style=\"color: #000000;\">1515612\u00a0<\/span><\/td>\n<td style=\"font-weight: 400; text-align: center; width: 138px; height: 120px;\">\n<p><span style=\"color: #000000;\">Fisioterapia<\/span><\/p>\n<p><span style=\"color: #000000;\"><strong>(Instrumento 2017)<\/strong><\/span><\/td>\n<td style=\"font-weight: 400; text-align: center; width: 96px; height: 120px;\"><span style=\"color: #000000;\">13\/01\/2023<\/span><\/td>\n<td style=\"font-weight: 400; text-align: center; width: 89px; height: 120px;\"><span style=\"color: #000000;\">202300590<\/span><\/td>\n<td style=\"font-weight: 400; text-align: center; width: 123px; height: 120px;\"><span style=\"color: #000000;\">INEP &#8211; Avalia\u00e7\u00e3o<\/span><\/td>\n<td style=\"font-weight: 400; text-align: center; width: 102px; height: 120px;\"><span style=\"color: #000000;\">15\/04\/2023<\/span><\/td>\n<\/tr>\n<tr style=\"height: 144px;\">\n<td style=\"font-weight: 400; text-align: center; width: 78px; height: 144px;\"><span style=\"color: #000000;\">14976<\/span><\/td>\n<td style=\"font-weight: 400; text-align: center; width: 138px; height: 144px;\">\n<p><span style=\"color: #000000;\">Engenharia Agr\u00edcola<\/span><\/p>\n<p><span style=\"color: #000000;\"><strong>(Instrumento 2017)<\/strong><\/span><\/td>\n<td style=\"font-weight: 400; text-align: center; width: 96px; height: 144px;\"><span style=\"color: #000000;\">15\/02\/2023<\/span><\/td>\n<td style=\"font-weight: 400; text-align: center; width: 89px; height: 144px;\"><span style=\"color: #000000;\">202302870<\/span><\/td>\n<td style=\"font-weight: 400; text-align: center; width: 123px; height: 144px;\"><span style=\"color: #000000;\">Secretaria &#8211; An\u00e1lise Despacho Saneador<\/span><\/td>\n<td style=\"font-weight: 400; text-align: center; width: 102px; height: 144px;\"><span style=\"color: #000000;\">11\/04\/2023<\/span><\/td>\n<\/tr>\n<tr>\n<td style=\"font-weight: 400; text-align: center; width: 78px;\"><span style=\"color: #000000;\">1536203<\/span><\/td>\n<td style=\"font-weight: 400; text-align: center; width: 138px;\">\n<p><span style=\"color: #000000;\">Hist\u00f3ria EaD<\/span><\/p>\n<p><span style=\"color: #000000;\"><strong>(Instrumento 2017)<\/strong><\/span><\/td>\n<td style=\"font-weight: 400; text-align: center; width: 96px;\"><span style=\"color: #000000;\">19\/04\/2023<\/span><\/td>\n<td style=\"font-weight: 400; text-align: center; width: 89px;\"><span style=\"color: #000000;\">202307648<\/span><\/td>\n<td style=\"font-weight: 400; text-align: center; width: 123px;\"><span style=\"color: #000000;\">Em preenchimento<\/span><\/td>\n<td style=\"font-weight: 400; text-align: center; width: 102px;\"><span style=\"color: #000000;\">19\/04\/2023<\/span><\/td>\n<\/tr>\n<\/tbody>\n<\/table>\n<p>&nbsp;<\/p>\n","protected":false},"excerpt":{"rendered":"<p>&nbsp; C\u00f3digo e-MEC Curso Data Protocolo N\u00famero Processo Andamento Data \u00daltimo Andamento 113641 Teatro (noturno) (Instrumento 2015) 31\/05\/2019 201616912 INEP &#8211;\u00a0 Avalia\u00e7\u00e3o &#8211; visita in loco de 21 a 26\/06\/2023 28\/03\/2022 113575 ANTROPOLOGIA (Instrumento 2017) 18\/12\/2017 201721896 INEP &#8211; avalia\u00e7\u00e3o &#8211; FE 10\/09\/2022 1162040 CINEMA DE ANIMA\u00c7\u00c3O (Instrumento 2017) 18\/12\/2017 201721898 INEP &#8211; avalia\u00e7\u00e3o &#8211; [&hellip;]<\/p>\n","protected":false},"author":799,"featured_media":0,"parent":564,"menu_order":0,"comment_status":"closed","ping_status":"closed","template":"","meta":{"footnotes":""},"class_list":["post-540","page","type-page","status-publish","hentry"],"_links":{"self":[{"href":"https:\/\/wp.ufpel.edu.br\/cpi\/wp-json\/wp\/v2\/pages\/540","targetHints":{"allow":["GET"]}}],"collection":[{"href":"https:\/\/wp.ufpel.edu.br\/cpi\/wp-json\/wp\/v2\/pages"}],"about":[{"href":"https:\/\/wp.ufpel.edu.br\/cpi\/wp-json\/wp\/v2\/types\/page"}],"author":[{"embeddable":true,"href":"https:\/\/wp.ufpel.edu.br\/cpi\/wp-json\/wp\/v2\/users\/799"}],"replies":[{"embeddable":true,"href":"https:\/\/wp.ufpel.edu.br\/cpi\/wp-json\/wp\/v2\/comments?post=540"}],"version-history":[{"count":83,"href":"https:\/\/wp.ufpel.edu.br\/cpi\/wp-json\/wp\/v2\/pages\/540\/revisions"}],"predecessor-version":[{"id":1800,"href":"https:\/\/wp.ufpel.edu.br\/cpi\/wp-json\/wp\/v2\/pages\/540\/revisions\/1800"}],"up":[{"embeddable":true,"href":"https:\/\/wp.ufpel.edu.br\/cpi\/wp-json\/wp\/v2\/pages\/564"}],"wp:attachment":[{"href":"https:\/\/wp.ufpel.edu.br\/cpi\/wp-json\/wp\/v2\/media?parent=540"}],"curies":[{"name":"wp","href":"https:\/\/api.w.org\/{rel}","templated":true}]}}