{"id":537,"date":"2018-03-05T18:04:45","date_gmt":"2018-03-05T21:04:45","guid":{"rendered":"https:\/\/wp.ufpel.edu.br\/cpi\/?page_id=537"},"modified":"2023-04-27T15:49:03","modified_gmt":"2023-04-27T18:49:03","slug":"cursos-com-visitas-agendadas-para-2023","status":"publish","type":"page","link":"https:\/\/wp.ufpel.edu.br\/cpi\/nrc\/agenda-avaliacao-in-loco\/cursos-com-visitas-agendadas-para-2023\/","title":{"rendered":"Cursos com visitas agendadas para 2023"},"content":{"rendered":"<p>Gest\u00e3o Ambiental (Bacharelado) &#8211; de 17 a 19 de abril<\/p>\n<p>Engenharia Geol\u00f3gica &#8211; de 26 a 28 de abril<\/p>\n<p>Geografia (Bacharelado) &#8211; de 03 a 05 de maio<\/p>\n<p>Conserva\u00e7\u00e3o e Restaura\u00e7\u00e3o de Bens Culturais M\u00f3veis &#8211; de 14 a 16 de junho<\/p>\n<p>Teatro (noturno) &#8211; de 21 a 23 de junho<\/p>\n<p>Medicina Veterin\u00e1ria (Turma Especial) &#8211; de 21 a 23 de junho<\/p>\n","protected":false},"excerpt":{"rendered":"<p>Gest\u00e3o Ambiental (Bacharelado) &#8211; de 17 a 19 de abril Engenharia Geol\u00f3gica &#8211; de 26 a 28 de abril Geografia (Bacharelado) &#8211; de 03 a 05 de maio Conserva\u00e7\u00e3o e Restaura\u00e7\u00e3o de Bens Culturais M\u00f3veis &#8211; de 14 a 16 de junho Teatro (noturno) &#8211; de 21 a 23 de junho Medicina Veterin\u00e1ria (Turma Especial) [&hellip;]<\/p>\n","protected":false},"author":799,"featured_media":0,"parent":564,"menu_order":0,"comment_status":"closed","ping_status":"closed","template":"","meta":{"footnotes":""},"class_list":["post-537","page","type-page","status-publish","hentry"],"_links":{"self":[{"href":"https:\/\/wp.ufpel.edu.br\/cpi\/wp-json\/wp\/v2\/pages\/537","targetHints":{"allow":["GET"]}}],"collection":[{"href":"https:\/\/wp.ufpel.edu.br\/cpi\/wp-json\/wp\/v2\/pages"}],"about":[{"href":"https:\/\/wp.ufpel.edu.br\/cpi\/wp-json\/wp\/v2\/types\/page"}],"author":[{"embeddable":true,"href":"https:\/\/wp.ufpel.edu.br\/cpi\/wp-json\/wp\/v2\/users\/799"}],"replies":[{"embeddable":true,"href":"https:\/\/wp.ufpel.edu.br\/cpi\/wp-json\/wp\/v2\/comments?post=537"}],"version-history":[{"count":36,"href":"https:\/\/wp.ufpel.edu.br\/cpi\/wp-json\/wp\/v2\/pages\/537\/revisions"}],"predecessor-version":[{"id":1801,"href":"https:\/\/wp.ufpel.edu.br\/cpi\/wp-json\/wp\/v2\/pages\/537\/revisions\/1801"}],"up":[{"embeddable":true,"href":"https:\/\/wp.ufpel.edu.br\/cpi\/wp-json\/wp\/v2\/pages\/564"}],"wp:attachment":[{"href":"https:\/\/wp.ufpel.edu.br\/cpi\/wp-json\/wp\/v2\/media?parent=537"}],"curies":[{"name":"wp","href":"https:\/\/api.w.org\/{rel}","templated":true}]}}