{"id":1549,"date":"2021-04-22T18:49:13","date_gmt":"2021-04-22T21:49:13","guid":{"rendered":"https:\/\/wp.ufpel.edu.br\/cpi\/?page_id=1549"},"modified":"2021-04-22T18:49:13","modified_gmt":"2021-04-22T21:49:13","slug":"ano-iii-evolucao-cpc-2015-e-2018","status":"publish","type":"page","link":"https:\/\/wp.ufpel.edu.br\/cpi\/ano-iii-evolucao-cpc-2015-e-2018\/","title":{"rendered":"Ano III &#8211; Evolu\u00e7\u00e3o CPC &#8211; 2015 e 2018"},"content":{"rendered":"<table style=\"height: 432px\" width=\"638\">\n<tbody>\n<tr style=\"height: 18px\">\n<td style=\"height: 63px;text-align: center\" rowspan=\"2\" width=\"64\"><strong>C\u00f3digo e-MEC<\/strong><\/td>\n<td style=\"height: 18px;text-align: center\" width=\"190\"><\/td>\n<td style=\"height: 18px;text-align: center\" colspan=\"3\" width=\"192\"><strong>2015<\/strong><\/td>\n<td style=\"height: 18px;text-align: center\" colspan=\"3\" width=\"192\"><strong>2018<\/strong><\/td>\n<\/tr>\n<tr style=\"height: 45px\">\n<td style=\"height: 45px;text-align: center\"><strong>Curso<\/strong><\/td>\n<td style=\"height: 45px;text-align: center\"><strong>Enade<\/strong><\/td>\n<td style=\"height: 45px;text-align: center\" width=\"64\"><strong>CPC Cont\u00ednuo<\/strong><\/td>\n<td style=\"height: 45px;text-align: center\"><strong>CPC<\/strong><\/td>\n<td style=\"height: 45px;text-align: center\"><strong>Enade<\/strong><\/td>\n<td style=\"height: 45px;text-align: center\" width=\"64\"><strong>CPC Cont\u00ednuo<\/strong><\/td>\n<td style=\"height: 45px;text-align: center\"><strong>CPC<\/strong><\/td>\n<\/tr>\n<tr style=\"height: 45px\">\n<td style=\"height: 45px\">1101544<\/td>\n<td style=\"height: 45px\">ADMINISTRA\u00c7\u00c3O &#8211; Vespertino<\/td>\n<td style=\"height: 45px\">4<\/td>\n<td style=\"height: 45px\">2,9125<\/td>\n<td style=\"height: 45px\">3<\/td>\n<td style=\"height: 45px\">4<\/td>\n<td style=\"height: 45px\">2,9760<\/td>\n<td style=\"height: 45px\">4<\/td>\n<\/tr>\n<tr style=\"height: 45px\">\n<td style=\"height: 45px\">1101544<\/td>\n<td style=\"height: 45px\">ADMINISTRA\u00c7\u00c3O &#8211; Noturno<\/td>\n<td style=\"height: 45px\">4<\/td>\n<td style=\"height: 45px\">2,8852<\/td>\n<td style=\"height: 45px\">3<\/td>\n<td style=\"height: 45px\">4<\/td>\n<td style=\"height: 45px\">2,9760<\/td>\n<td style=\"height: 45px\">4<\/td>\n<\/tr>\n<tr style=\"height: 21px\">\n<td style=\"height: 21px\">1113667<\/td>\n<td style=\"height: 21px\">CI\u00caNCIAS ECON\u00d4MICAS<\/td>\n<td style=\"height: 21px\">3<\/td>\n<td style=\"height: 21px\">2,7507<\/td>\n<td style=\"height: 21px\">3<\/td>\n<td style=\"height: 21px\">3<\/td>\n<td style=\"height: 21px\">3,0037<\/td>\n<td style=\"height: 21px\">4<\/td>\n<\/tr>\n<tr style=\"height: 21px\">\n<td style=\"height: 21px\">113627<\/td>\n<td style=\"height: 21px\">DESIGN DIGITAL<\/td>\n<td style=\"height: 21px\">4<\/td>\n<td style=\"height: 21px\">3,2087<\/td>\n<td style=\"height: 21px\">4<\/td>\n<td style=\"height: 21px\">3<\/td>\n<td style=\"height: 21px\">2,8503<\/td>\n<td style=\"height: 21px\">3<\/td>\n<\/tr>\n<tr style=\"height: 21px\">\n<td style=\"height: 21px\">31368<\/td>\n<td style=\"height: 21px\">DESIGN GR\u00c1FICO<\/td>\n<td style=\"height: 21px\">4<\/td>\n<td style=\"height: 21px\">3,6844<\/td>\n<td style=\"height: 21px\">4<\/td>\n<td style=\"height: 21px\">4<\/td>\n<td style=\"height: 21px\">3,0147<\/td>\n<td style=\"height: 21px\">4<\/td>\n<\/tr>\n<tr style=\"height: 21px\">\n<td style=\"height: 21px\">14972<\/td>\n<td style=\"height: 21px\">DIREITO<\/td>\n<td style=\"height: 21px\">4<\/td>\n<td style=\"height: 21px\">2,6751<\/td>\n<td style=\"height: 21px\">3<\/td>\n<td style=\"height: 21px\">4<\/td>\n<td style=\"height: 21px\">2,8187<\/td>\n<td style=\"height: 21px\">3<\/td>\n<\/tr>\n<tr style=\"height: 21px\">\n<td style=\"height: 21px\">5000132<\/td>\n<td style=\"height: 21px\">GASTRONOMIA<\/td>\n<td style=\"height: 21px\">4<\/td>\n<td style=\"height: 21px\">2,6600<\/td>\n<td style=\"height: 21px\">3<\/td>\n<td style=\"height: 21px\">3<\/td>\n<td style=\"height: 21px\">2,5702<\/td>\n<td style=\"height: 21px\">3<\/td>\n<\/tr>\n<tr style=\"height: 21px\">\n<td style=\"height: 21px\">120803<\/td>\n<td style=\"height: 21px\">GEST\u00c3O P\u00daBLICA<\/td>\n<td style=\"height: 21px\">3<\/td>\n<td style=\"height: 21px\">2,3523<\/td>\n<td style=\"height: 21px\">3<\/td>\n<td style=\"height: 21px\">3<\/td>\n<td style=\"height: 21px\">2,7611<\/td>\n<td style=\"height: 21px\">3<\/td>\n<\/tr>\n<tr style=\"height: 21px\">\n<td style=\"height: 21px\">1102184<\/td>\n<td style=\"height: 21px\">JORNALISMO<\/td>\n<td style=\"height: 21px\">3<\/td>\n<td style=\"height: 21px\">2,9604<\/td>\n<td style=\"height: 21px\">4<\/td>\n<td style=\"height: 21px\">4<\/td>\n<td style=\"height: 21px\">2,9446<\/td>\n<td style=\"height: 21px\">3<\/td>\n<\/tr>\n<tr style=\"height: 45px\">\n<td style=\"height: 45px\">1127951<\/td>\n<td style=\"height: 45px\">PROCESSOS GERENCIAIS<\/td>\n<td style=\"height: 45px\">4<\/td>\n<td style=\"height: 45px\">3,0933<\/td>\n<td style=\"height: 45px\">4<\/td>\n<td style=\"height: 45px\">3<\/td>\n<td style=\"height: 45px\">2,6261<\/td>\n<td style=\"height: 45px\">3<\/td>\n<\/tr>\n<tr style=\"height: 21px\">\n<td style=\"height: 21px\">1102064<\/td>\n<td style=\"height: 21px\">PSICOLOGIA<\/td>\n<td style=\"height: 21px\">4<\/td>\n<td style=\"height: 21px\">3,1783<\/td>\n<td style=\"height: 21px\">4<\/td>\n<td style=\"height: 21px\">4<\/td>\n<td style=\"height: 21px\">3,2591<\/td>\n<td style=\"height: 21px\">4<\/td>\n<\/tr>\n<tr style=\"height: 45px\">\n<td style=\"height: 45px\">1102999<\/td>\n<td style=\"height: 45px\">RELA\u00c7\u00d5ES INTERNACIONAIS<\/td>\n<td style=\"height: 45px\">4<\/td>\n<td style=\"height: 45px\">2,8675<\/td>\n<td style=\"height: 45px\">3<\/td>\n<td style=\"height: 45px\">3<\/td>\n<td style=\"height: 45px\">2,8389<\/td>\n<td style=\"height: 45px\">3<\/td>\n<\/tr>\n<tr style=\"height: 21px\">\n<td style=\"height: 21px\">45157<\/td>\n<td style=\"height: 21px\">TURISMO<\/td>\n<td style=\"height: 21px\">4<\/td>\n<td style=\"height: 21px\">2,8558<\/td>\n<td style=\"height: 21px\">3<\/td>\n<td style=\"height: 21px\">4<\/td>\n<td style=\"height: 21px\">2,9311<\/td>\n<td style=\"height: 21px\">3<\/td>\n<\/tr>\n<\/tbody>\n<\/table>\n<p><\/p>\n","protected":false},"excerpt":{"rendered":"<p>C\u00f3digo e-MEC 2015 2018 Curso Enade CPC Cont\u00ednuo CPC Enade CPC Cont\u00ednuo CPC 1101544 ADMINISTRA\u00c7\u00c3O &#8211; Vespertino 4 2,9125 3 4 2,9760 4 1101544 ADMINISTRA\u00c7\u00c3O &#8211; Noturno 4 2,8852 3 4 2,9760 4 1113667 CI\u00caNCIAS ECON\u00d4MICAS 3 2,7507 3 3 3,0037 4 113627 DESIGN DIGITAL 4 3,2087 4 3 2,8503 3 31368 DESIGN GR\u00c1FICO 4 [&hellip;]<\/p>\n","protected":false},"author":799,"featured_media":0,"parent":0,"menu_order":0,"comment_status":"closed","ping_status":"closed","template":"","meta":{"footnotes":""},"class_list":["post-1549","page","type-page","status-publish","hentry"],"_links":{"self":[{"href":"https:\/\/wp.ufpel.edu.br\/cpi\/wp-json\/wp\/v2\/pages\/1549","targetHints":{"allow":["GET"]}}],"collection":[{"href":"https:\/\/wp.ufpel.edu.br\/cpi\/wp-json\/wp\/v2\/pages"}],"about":[{"href":"https:\/\/wp.ufpel.edu.br\/cpi\/wp-json\/wp\/v2\/types\/page"}],"author":[{"embeddable":true,"href":"https:\/\/wp.ufpel.edu.br\/cpi\/wp-json\/wp\/v2\/users\/799"}],"replies":[{"embeddable":true,"href":"https:\/\/wp.ufpel.edu.br\/cpi\/wp-json\/wp\/v2\/comments?post=1549"}],"version-history":[{"count":1,"href":"https:\/\/wp.ufpel.edu.br\/cpi\/wp-json\/wp\/v2\/pages\/1549\/revisions"}],"predecessor-version":[{"id":1551,"href":"https:\/\/wp.ufpel.edu.br\/cpi\/wp-json\/wp\/v2\/pages\/1549\/revisions\/1551"}],"wp:attachment":[{"href":"https:\/\/wp.ufpel.edu.br\/cpi\/wp-json\/wp\/v2\/media?parent=1549"}],"curies":[{"name":"wp","href":"https:\/\/api.w.org\/{rel}","templated":true}]}}