{"id":1544,"date":"2021-04-22T18:47:36","date_gmt":"2021-04-22T21:47:36","guid":{"rendered":"https:\/\/wp.ufpel.edu.br\/cpi\/?page_id=1544"},"modified":"2021-04-22T18:47:50","modified_gmt":"2021-04-22T21:47:50","slug":"ano-ii-evolucao-cpc-2014-e-2017","status":"publish","type":"page","link":"https:\/\/wp.ufpel.edu.br\/cpi\/ano-ii-evolucao-cpc-2014-e-2017\/","title":{"rendered":"Ano II &#8211; Evolu\u00e7\u00e3o CPC &#8211; 2014 e 2017"},"content":{"rendered":"<table style=\"height: 673px\" width=\"832\">\n<tbody>\n<tr style=\"height: 19px\">\n<td style=\"height: 64px;text-align: center\" rowspan=\"2\" width=\"64\"><strong>C\u00f3digo e-MEC<\/strong><\/td>\n<td style=\"height: 19px;text-align: center\" width=\"384\"><\/td>\n<td style=\"height: 19px;text-align: center\" colspan=\"3\" width=\"192\"><strong>2014<\/strong><\/td>\n<td style=\"height: 19px;text-align: center\" colspan=\"3\" width=\"192\"><strong>2017<\/strong><\/td>\n<\/tr>\n<tr style=\"height: 45px\">\n<td style=\"height: 45px;text-align: center\"><strong>Curso<\/strong><\/td>\n<td style=\"height: 45px;text-align: center\"><strong>Enade<\/strong><\/td>\n<td style=\"height: 45px;text-align: center\" width=\"64\"><strong>CPC Cont\u00ednuo<\/strong><\/td>\n<td style=\"height: 45px;text-align: center\"><strong>CPC<\/strong><\/td>\n<td style=\"height: 45px;text-align: center\"><strong>Enade<\/strong><\/td>\n<td style=\"height: 45px;text-align: center\" width=\"64\"><strong>CPC Cont\u00ednuo<\/strong><\/td>\n<td style=\"height: 45px;text-align: center\"><strong>CPC<\/strong><\/td>\n<\/tr>\n<tr style=\"height: 21px\">\n<td style=\"height: 21px\">31978<\/td>\n<td style=\"height: 21px\">ARTES VISUAIS (LICENCIATURA)<\/td>\n<td style=\"height: 21px\">3<\/td>\n<td style=\"height: 21px\">2,6888<\/td>\n<td style=\"height: 21px\">3<\/td>\n<td style=\"height: 21px\">3<\/td>\n<td style=\"height: 21px\">3,2615<\/td>\n<td style=\"height: 21px\">4<\/td>\n<\/tr>\n<tr style=\"height: 21px\">\n<td style=\"height: 21px\">113737<\/td>\n<td style=\"height: 21px\">CI\u00caNCIAS BIOL\u00d3GICAS (BACHARELADO)<\/td>\n<td style=\"height: 21px\">4<\/td>\n<td style=\"height: 21px\">3,6258<\/td>\n<td style=\"height: 21px\">4<\/td>\n<td style=\"height: 21px\">4<\/td>\n<td style=\"height: 21px\">3,0755<\/td>\n<td style=\"height: 21px\">4<\/td>\n<\/tr>\n<tr style=\"height: 21px\">\n<td style=\"height: 21px\">113735<\/td>\n<td style=\"height: 21px\">CI\u00caNCIAS BIOL\u00d3GICAS (LICENCIATURA)<\/td>\n<td style=\"height: 21px\">4<\/td>\n<td style=\"height: 21px\">3,2920<\/td>\n<td style=\"height: 21px\">4<\/td>\n<td style=\"height: 21px\">4<\/td>\n<td style=\"height: 21px\">3,4388<\/td>\n<td style=\"height: 21px\">4<\/td>\n<\/tr>\n<tr style=\"height: 21px\">\n<td style=\"height: 21px\">113739<\/td>\n<td style=\"height: 21px\">CI\u00caNCIAS SOCIAIS (BACHARELADO)<\/td>\n<td style=\"height: 21px\">3<\/td>\n<td style=\"height: 21px\">2,7839<\/td>\n<td style=\"height: 21px\">3<\/td>\n<td style=\"height: 21px\">3<\/td>\n<td style=\"height: 21px\">3,5162<\/td>\n<td style=\"height: 21px\">4<\/td>\n<\/tr>\n<tr style=\"height: 21px\">\n<td style=\"height: 21px\">113743<\/td>\n<td style=\"height: 21px\">CI\u00caNCIAS SOCIAIS (LICENCIATURA)<\/td>\n<td style=\"height: 21px\">3<\/td>\n<td style=\"height: 21px\">2,8315<\/td>\n<td style=\"height: 21px\">3<\/td>\n<td style=\"height: 21px\">3<\/td>\n<td style=\"height: 21px\">2,9286<\/td>\n<td style=\"height: 21px\">3<\/td>\n<\/tr>\n<tr style=\"height: 21px\">\n<td style=\"height: 21px\">15002<\/td>\n<td style=\"height: 21px\">CI\u00caNCIA DA COMPUTA\u00c7\u00c3O (BACHARELADO)<\/td>\n<td style=\"height: 21px\">4<\/td>\n<td style=\"height: 21px\">3,2723<\/td>\n<td style=\"height: 21px\">4<\/td>\n<td style=\"height: 21px\">4<\/td>\n<td style=\"height: 21px\">3,1144<\/td>\n<td style=\"height: 21px\">4<\/td>\n<\/tr>\n<tr style=\"height: 21px\">\n<td style=\"height: 21px\">102306<\/td>\n<td style=\"height: 21px\">EDUCA\u00c7\u00c3O F\u00cdSICA (LICENCIATURA)<\/td>\n<td style=\"height: 21px\">4<\/td>\n<td style=\"height: 21px\">2,9505<\/td>\n<td style=\"height: 21px\">4<\/td>\n<td style=\"height: 21px\">3<\/td>\n<td style=\"height: 21px\">2,9140<\/td>\n<td style=\"height: 21px\">4<\/td>\n<\/tr>\n<tr style=\"height: 21px\">\n<td style=\"height: 21px\">102308<\/td>\n<td style=\"height: 21px\">FILOSOFIA (BACHARELADO)<\/td>\n<td style=\"height: 21px\">4<\/td>\n<td style=\"height: 21px\">3,7707<\/td>\n<td style=\"height: 21px\">4<\/td>\n<td style=\"height: 21px\">3<\/td>\n<td style=\"height: 21px\">3,0985<\/td>\n<td style=\"height: 21px\">4<\/td>\n<\/tr>\n<tr style=\"height: 21px\">\n<td style=\"height: 21px\">14985<\/td>\n<td style=\"height: 21px\">FILOSOFIA (LICENCIATURA)<\/td>\n<td style=\"height: 21px\">3<\/td>\n<td style=\"height: 21px\">2,9269<\/td>\n<td style=\"height: 21px\">3<\/td>\n<td style=\"height: 21px\">2<\/td>\n<td style=\"height: 21px\">2,7726<\/td>\n<td style=\"height: 21px\">3<\/td>\n<\/tr>\n<tr style=\"height: 21px\">\n<td style=\"height: 21px\">1292739<\/td>\n<td style=\"height: 21px\">FILOSOFIA (LICENCIATURA EAD)<\/td>\n<td style=\"height: 21px\">SC<\/td>\n<td style=\"height: 21px\">SC<\/td>\n<td style=\"height: 21px\">SC<\/td>\n<td style=\"height: 21px\">2<\/td>\n<td style=\"height: 21px\">3,0595<\/td>\n<td style=\"height: 21px\">4<\/td>\n<\/tr>\n<tr style=\"height: 21px\">\n<td style=\"height: 21px\">14997<\/td>\n<td style=\"height: 21px\">F\u00cdSICA (LICENCIATURA)<\/td>\n<td style=\"height: 21px\">4<\/td>\n<td style=\"height: 21px\">3,2581<\/td>\n<td style=\"height: 21px\">4<\/td>\n<td style=\"height: 21px\">3<\/td>\n<td style=\"height: 21px\">3,2459<\/td>\n<td style=\"height: 21px\">4<\/td>\n<\/tr>\n<tr style=\"height: 21px\">\n<td style=\"height: 21px\">113606<\/td>\n<td style=\"height: 21px\">GEOGRAFIA (BACHARELADO)<\/td>\n<td style=\"height: 21px\">2<\/td>\n<td style=\"height: 21px\">2,4133<\/td>\n<td style=\"height: 21px\">3<\/td>\n<td style=\"height: 21px\">1<\/td>\n<td style=\"height: 21px\">1,8939<\/td>\n<td style=\"height: 21px\">2<\/td>\n<\/tr>\n<tr style=\"height: 21px\">\n<td style=\"height: 21px\">14992<\/td>\n<td style=\"height: 21px\">GEOGRAFIA (LICENCIATURA)<\/td>\n<td style=\"height: 21px\">4<\/td>\n<td style=\"height: 21px\">2,9101<\/td>\n<td style=\"height: 21px\">3<\/td>\n<td style=\"height: 21px\">3<\/td>\n<td style=\"height: 21px\">2,8169<\/td>\n<td style=\"height: 21px\">3<\/td>\n<\/tr>\n<tr style=\"height: 21px\">\n<td style=\"height: 21px\">113619<\/td>\n<td style=\"height: 21px\">HIST\u00d3RIA (BACHARELADO)<\/td>\n<td style=\"height: 21px\">2<\/td>\n<td style=\"height: 21px\">2,3885<\/td>\n<td style=\"height: 21px\">3<\/td>\n<td style=\"height: 21px\">3<\/td>\n<td style=\"height: 21px\">3,1293<\/td>\n<td style=\"height: 21px\">4<\/td>\n<\/tr>\n<tr style=\"height: 21px\">\n<td style=\"height: 21px\">14993<\/td>\n<td style=\"height: 21px\">HIST\u00d3RIA (LICENCIATURA)<\/td>\n<td style=\"height: 21px\">2<\/td>\n<td style=\"height: 21px\">2,2017<\/td>\n<td style=\"height: 21px\">3<\/td>\n<td style=\"height: 21px\">3<\/td>\n<td style=\"height: 21px\">2,9549<\/td>\n<td style=\"height: 21px\">4<\/td>\n<\/tr>\n<tr style=\"height: 21px\">\n<td style=\"height: 21px\">1102208<\/td>\n<td style=\"height: 21px\">LETRAS &#8211; PORTUGU\u00caS<\/td>\n<td style=\"height: 21px\">4<\/td>\n<td style=\"height: 21px\">3,2165<\/td>\n<td style=\"height: 21px\">4<\/td>\n<td style=\"height: 21px\">4<\/td>\n<td style=\"height: 21px\">3,0872<\/td>\n<td style=\"height: 21px\">4<\/td>\n<\/tr>\n<tr style=\"height: 21px\">\n<td style=\"height: 21px\">1102186<\/td>\n<td style=\"height: 21px\">LETRAS &#8211; PORTUGU\u00caS E ESPANHOL<\/td>\n<td style=\"height: 21px\">3<\/td>\n<td style=\"height: 21px\">3,0125<\/td>\n<td style=\"height: 21px\">4<\/td>\n<td style=\"height: 21px\">4<\/td>\n<td style=\"height: 21px\">3,2695<\/td>\n<td style=\"height: 21px\">4<\/td>\n<\/tr>\n<tr style=\"height: 21px\">\n<td style=\"height: 21px\">1102188<\/td>\n<td style=\"height: 21px\">LETRAS &#8211; PORTUGU\u00caS E INGL\u00caS<\/td>\n<td style=\"height: 21px\">5<\/td>\n<td style=\"height: 21px\">4,0026<\/td>\n<td style=\"height: 21px\">5<\/td>\n<td style=\"height: 21px\">5<\/td>\n<td style=\"height: 21px\">3,6585<\/td>\n<td style=\"height: 21px\">4<\/td>\n<\/tr>\n<tr style=\"height: 21px\">\n<td style=\"height: 21px\">1102191<\/td>\n<td style=\"height: 21px\">LETRAS &#8211; REDA\u00c7\u00c3O E REVIS\u00c3O DE TEXTO<\/td>\n<td style=\"height: 21px\"><\/td>\n<td style=\"height: 21px\"><\/td>\n<td style=\"height: 21px\"><\/td>\n<td style=\"height: 21px\">3<\/td>\n<td style=\"height: 21px\">2,1282<\/td>\n<td style=\"height: 21px\">3<\/td>\n<\/tr>\n<tr style=\"height: 21px\">\n<td style=\"height: 21px\">15000<\/td>\n<td style=\"height: 21px\">MATEM\u00c1TICA (LICENCIATURA) Cap\u00e3o do Le\u00e3o<\/td>\n<td style=\"height: 21px\">3<\/td>\n<td style=\"height: 21px\">2,7894<\/td>\n<td style=\"height: 21px\">3<\/td>\n<td style=\"height: 21px\">4<\/td>\n<td style=\"height: 21px\">3,9249<\/td>\n<td style=\"height: 21px\">4<\/td>\n<\/tr>\n<tr style=\"height: 21px\">\n<td style=\"height: 21px\">113907<\/td>\n<td style=\"height: 21px\">MATEM\u00c1TICA (LICENCIATURA) Pelotas<\/td>\n<td style=\"height: 21px\">2<\/td>\n<td style=\"height: 21px\">2,6589<\/td>\n<td style=\"height: 21px\">3<\/td>\n<td style=\"height: 21px\">3<\/td>\n<td style=\"height: 21px\">3,1466<\/td>\n<td style=\"height: 21px\">4<\/td>\n<\/tr>\n<tr style=\"height: 21px\">\n<td style=\"height: 21px\">122746<\/td>\n<td style=\"height: 21px\">MATEM\u00c1TICA (LICENCIATURA) EaD<\/td>\n<td style=\"height: 21px\">2<\/td>\n<td style=\"height: 21px\">2,6589<\/td>\n<td style=\"height: 21px\">3<\/td>\n<td style=\"height: 21px\"><\/td>\n<td style=\"height: 21px\"><\/td>\n<td style=\"height: 21px\"><\/td>\n<\/tr>\n<tr style=\"height: 21px\">\n<td style=\"height: 21px\">31979<\/td>\n<td style=\"height: 21px\">M\u00daSICA (LICENCIATURA)<\/td>\n<td style=\"height: 21px\">1<\/td>\n<td style=\"height: 21px\">1,4352<\/td>\n<td style=\"height: 21px\">2<\/td>\n<td style=\"height: 21px\">2<\/td>\n<td style=\"height: 21px\">2,1909<\/td>\n<td style=\"height: 21px\">3<\/td>\n<\/tr>\n<tr style=\"height: 21px\">\n<td style=\"height: 21px\">14987<\/td>\n<td style=\"height: 21px\">PEDAGOGIA (LICENCIATURA)<\/td>\n<td style=\"height: 21px\">4<\/td>\n<td style=\"height: 21px\">3,4413<\/td>\n<td style=\"height: 21px\">4<\/td>\n<td style=\"height: 21px\">3<\/td>\n<td style=\"height: 21px\">2,8991<\/td>\n<td style=\"height: 21px\">3<\/td>\n<\/tr>\n<tr style=\"height: 21px\">\n<td style=\"height: 21px\">113783<\/td>\n<td style=\"height: 21px\">PEDAGOGIA (LICENCIATURA)<\/td>\n<td style=\"height: 21px\">4<\/td>\n<td style=\"height: 21px\">3,4413<\/td>\n<td style=\"height: 21px\">4<\/td>\n<td style=\"height: 21px\">3<\/td>\n<td style=\"height: 21px\">2,7457<\/td>\n<td style=\"height: 21px\">3<\/td>\n<\/tr>\n<tr style=\"height: 21px\">\n<td style=\"height: 21px\">101535<\/td>\n<td style=\"height: 21px\">QU\u00cdMICA (BACHARELADO)<\/td>\n<td style=\"height: 21px\">3<\/td>\n<td style=\"height: 21px\">2,9336<\/td>\n<td style=\"height: 21px\">3<\/td>\n<td style=\"height: 21px\">3<\/td>\n<td style=\"height: 21px\">2,8484<\/td>\n<td style=\"height: 21px\">3<\/td>\n<\/tr>\n<tr style=\"height: 21px\">\n<td style=\"height: 21px\">101892<\/td>\n<td style=\"height: 21px\">QU\u00cdMICA (LICENCIATURA)<\/td>\n<td style=\"height: 21px\">2<\/td>\n<td style=\"height: 21px\">1,8631<\/td>\n<td style=\"height: 21px\">2<\/td>\n<td style=\"height: 21px\">3<\/td>\n<td style=\"height: 21px\">3,5262<\/td>\n<td style=\"height: 21px\">4<\/td>\n<\/tr>\n<tr style=\"height: 21px\">\n<td style=\"height: 21px\">1180627<\/td>\n<td style=\"height: 21px\">QU\u00cdMICA FORENSE<\/td>\n<td style=\"height: 21px\"><\/td>\n<td style=\"height: 21px\"><\/td>\n<td style=\"height: 21px\"><\/td>\n<td style=\"height: 21px\">3<\/td>\n<td style=\"height: 21px\">2,8810<\/td>\n<td style=\"height: 21px\">3<\/td>\n<\/tr>\n<tr style=\"height: 21px\">\n<td style=\"height: 21px\">113635<\/td>\n<td style=\"height: 21px\">QU\u00cdMICA INDUSTRIAL<\/td>\n<td style=\"height: 21px\"><\/td>\n<td style=\"height: 21px\"><\/td>\n<td style=\"height: 21px\"><\/td>\n<td style=\"height: 21px\">2<\/td>\n<td style=\"height: 21px\">2,4105<\/td>\n<td style=\"height: 21px\">3<\/td>\n<\/tr>\n<\/tbody>\n<\/table>\n<p>&nbsp;<\/p>\n","protected":false},"excerpt":{"rendered":"<p>C\u00f3digo e-MEC 2014 2017 Curso Enade CPC Cont\u00ednuo CPC Enade CPC Cont\u00ednuo CPC 31978 ARTES VISUAIS (LICENCIATURA) 3 2,6888 3 3 3,2615 4 113737 CI\u00caNCIAS BIOL\u00d3GICAS (BACHARELADO) 4 3,6258 4 4 3,0755 4 113735 CI\u00caNCIAS BIOL\u00d3GICAS (LICENCIATURA) 4 3,2920 4 4 3,4388 4 113739 CI\u00caNCIAS SOCIAIS (BACHARELADO) 3 2,7839 3 3 3,5162 4 113743 CI\u00caNCIAS [&hellip;]<\/p>\n","protected":false},"author":799,"featured_media":0,"parent":0,"menu_order":0,"comment_status":"closed","ping_status":"closed","template":"","meta":{"footnotes":""},"class_list":["post-1544","page","type-page","status-publish","hentry"],"_links":{"self":[{"href":"https:\/\/wp.ufpel.edu.br\/cpi\/wp-json\/wp\/v2\/pages\/1544","targetHints":{"allow":["GET"]}}],"collection":[{"href":"https:\/\/wp.ufpel.edu.br\/cpi\/wp-json\/wp\/v2\/pages"}],"about":[{"href":"https:\/\/wp.ufpel.edu.br\/cpi\/wp-json\/wp\/v2\/types\/page"}],"author":[{"embeddable":true,"href":"https:\/\/wp.ufpel.edu.br\/cpi\/wp-json\/wp\/v2\/users\/799"}],"replies":[{"embeddable":true,"href":"https:\/\/wp.ufpel.edu.br\/cpi\/wp-json\/wp\/v2\/comments?post=1544"}],"version-history":[{"count":2,"href":"https:\/\/wp.ufpel.edu.br\/cpi\/wp-json\/wp\/v2\/pages\/1544\/revisions"}],"predecessor-version":[{"id":1547,"href":"https:\/\/wp.ufpel.edu.br\/cpi\/wp-json\/wp\/v2\/pages\/1544\/revisions\/1547"}],"wp:attachment":[{"href":"https:\/\/wp.ufpel.edu.br\/cpi\/wp-json\/wp\/v2\/media?parent=1544"}],"curies":[{"name":"wp","href":"https:\/\/api.w.org\/{rel}","templated":true}]}}