{"id":1249,"date":"2020-09-10T17:59:47","date_gmt":"2020-09-10T20:59:47","guid":{"rendered":"https:\/\/wp.ufpel.edu.br\/cpi\/?page_id=1249"},"modified":"2022-07-12T11:14:48","modified_gmt":"2022-07-12T14:14:48","slug":"calendario-de-processos-regulatorios","status":"publish","type":"page","link":"https:\/\/wp.ufpel.edu.br\/cpi\/nrc\/documentos-e-formularios\/calendario-de-processos-regulatorios\/","title":{"rendered":"Calend\u00e1rio de Processos Regulat\u00f3rios &#8211; MEC"},"content":{"rendered":"<p><a href=\"https:\/\/wp.ufpel.edu.br\/cpi\/nrc\/documentos-e-formularios\/calendario-de-processos-regulatorios\/calendario-regulatorio-2019-retificado-2\/\" rel=\"attachment wp-att-1258\">Calend\u00e1rio de Processos Regulat\u00f3rios 2019 \u2013 MEC<\/a><\/p>\n<p><a href=\"https:\/\/wp.ufpel.edu.br\/cpi\/nrc\/documentos-e-formularios\/calendario-de-processos-regulatorios\/calendario-regulatorio-2019-retificado-segundo-semestre-portaria-no-343-de-12-de-julho-de-2019-portaria-no-343-de-12-de-julho-de-2019-dou-imprensa-nacional-2\/\" rel=\"attachment wp-att-1260\">Calend\u00e1rio de Processos Regulat\u00f3rios 2019 \u2013 MEC &#8211; Retificado 2\u00ba semestre 2019<\/a><\/p>\n<p><a href=\"https:\/\/wp.ufpel.edu.br\/cpi\/nrc\/documentos-e-formularios\/calendario-de-processos-regulatorios\/calendario-regulatorio-2020-portaria-208-mec-6-fevereiro-2\/\" rel=\"attachment wp-att-1261\">Calend\u00e1rio de Processos Regulat\u00f3rios 2020 \u2013 MEC<\/a><\/p>\n<p><a href=\"https:\/\/wp.ufpel.edu.br\/cpi\/nrc\/documentos-e-formularios\/calendario-de-processos-regulatorios\/portaria-no-75-de-27-de-marco-de-2020-altera-calendario-regulatorio-e-me-2020-2\/\" rel=\"attachment wp-att-1262\">Calend\u00e1rio de Processos Regulat\u00f3rios 2020 \u2013 MEC &#8211; Altera\u00e7\u00e3o 1\u00ba semestre &#8211; Pandemia<\/a><\/p>\n<p><a href=\"https:\/\/wp.ufpel.edu.br\/cpi\/files\/2020\/09\/PORTARIA-No-218.2020-altera-portaria-208.2020.pdf\">Calend\u00e1rio de Processos Regulat\u00f3rios 2020 \u2013 MEC &#8211; Altera\u00e7\u00e3o 1\u00ba e 2\u00ba semestres &#8211; Pandemia<\/a><\/p>\n<p><a href=\"https:\/\/wp.ufpel.edu.br\/cpi\/files\/2020\/10\/PORTARIA-No-796-DE-2-DE-OUTUBRO-DE-2020-DOU-Imprensa-Nacional-2.pdf\">Portaria 796, de 2 de outubro de 2020<\/a> &#8211; Sobrestamento de <span class=\"fontstyle0\">sobrestamento dos processos de recredenciamento de<br \/>\ninstitui\u00e7\u00f5es de educa\u00e7\u00e3o superior, bem como dos processos de reconhecimento e renova\u00e7\u00e3o de reconhecimento de cursos de gradua\u00e7\u00e3o, nas modalidades presencial e a dist\u00e2ncia.<\/span> (Revoga os prazos previstos no artigo 7\u00ba da Portaria n\u00ba 208, de 6 de Fevereiro de 2020 &#8211; Calend\u00e1rio de Processos Regulat\u00f3rio 2020)<\/p>\n<p><a href=\"https:\/\/wp.ufpel.edu.br\/cpi\/nrc\/documentos-e-formularios\/calendario-de-processos-regulatorios\/calendario-regulatorio-2021-portaria-no-1-067-de-23-de-dezembro-de-2020\/\" rel=\"attachment wp-att-1717\">Calend\u00e1rio de Processos Regulat\u00f3rios 2021 \u2013 MEC<\/a><\/p>\n<p><a href=\"https:\/\/wp.ufpel.edu.br\/cpi\/nrc\/documentos-e-formularios\/calendario-de-processos-regulatorios\/portaria-no-204-de-25-de-marco-de-2022-estabelece-calendario-de-processos-regulatorios-para-2022\/\" rel=\"attachment wp-att-1718\">Calend\u00e1rio de Processos Regulat\u00f3rios 2022 \u2013 MEC<\/a><\/p>\n","protected":false},"excerpt":{"rendered":"<p>Calend\u00e1rio de Processos Regulat\u00f3rios 2019 \u2013 MEC Calend\u00e1rio de Processos Regulat\u00f3rios 2019 \u2013 MEC &#8211; Retificado 2\u00ba semestre 2019 Calend\u00e1rio de Processos Regulat\u00f3rios 2020 \u2013 MEC Calend\u00e1rio de Processos Regulat\u00f3rios 2020 \u2013 MEC &#8211; Altera\u00e7\u00e3o 1\u00ba semestre &#8211; Pandemia Calend\u00e1rio de Processos Regulat\u00f3rios 2020 \u2013 MEC &#8211; Altera\u00e7\u00e3o 1\u00ba e 2\u00ba semestres &#8211; Pandemia Portaria [&hellip;]<\/p>\n","protected":false},"author":799,"featured_media":0,"parent":62,"menu_order":0,"comment_status":"closed","ping_status":"closed","template":"","meta":{"footnotes":""},"class_list":["post-1249","page","type-page","status-publish","hentry"],"_links":{"self":[{"href":"https:\/\/wp.ufpel.edu.br\/cpi\/wp-json\/wp\/v2\/pages\/1249","targetHints":{"allow":["GET"]}}],"collection":[{"href":"https:\/\/wp.ufpel.edu.br\/cpi\/wp-json\/wp\/v2\/pages"}],"about":[{"href":"https:\/\/wp.ufpel.edu.br\/cpi\/wp-json\/wp\/v2\/types\/page"}],"author":[{"embeddable":true,"href":"https:\/\/wp.ufpel.edu.br\/cpi\/wp-json\/wp\/v2\/users\/799"}],"replies":[{"embeddable":true,"href":"https:\/\/wp.ufpel.edu.br\/cpi\/wp-json\/wp\/v2\/comments?post=1249"}],"version-history":[{"count":6,"href":"https:\/\/wp.ufpel.edu.br\/cpi\/wp-json\/wp\/v2\/pages\/1249\/revisions"}],"predecessor-version":[{"id":1719,"href":"https:\/\/wp.ufpel.edu.br\/cpi\/wp-json\/wp\/v2\/pages\/1249\/revisions\/1719"}],"up":[{"embeddable":true,"href":"https:\/\/wp.ufpel.edu.br\/cpi\/wp-json\/wp\/v2\/pages\/62"}],"wp:attachment":[{"href":"https:\/\/wp.ufpel.edu.br\/cpi\/wp-json\/wp\/v2\/media?parent=1249"}],"curies":[{"name":"wp","href":"https:\/\/api.w.org\/{rel}","templated":true}]}}