{"id":108,"date":"2026-04-17T18:59:53","date_gmt":"2026-04-17T21:59:53","guid":{"rendered":"https:\/\/wp.ufpel.edu.br\/cpafst\/?page_id=108"},"modified":"2026-04-17T19:00:40","modified_gmt":"2026-04-17T22:00:40","slug":"processo-seletivo","status":"publish","type":"page","link":"https:\/\/wp.ufpel.edu.br\/cpafst\/processo-seletivo\/","title":{"rendered":"Processo seletivo"},"content":{"rendered":"<h2><strong>Edital CNPq\/FAPERGS 01\/2026 &#8211;<\/strong><\/h2>\n<p><strong>SELE\u00c7\u00c3O DE BOLSISTAS PARA ATUAR NO CENTRO DE PESQUISA EM ATIVIDADE F\u00cdSICA, SA\u00daDE E TECNOLOGIA <\/strong><\/p>\n<p><a href=\"https:\/\/wp.ufpel.edu.br\/cpafst\/files\/2026\/03\/Edital_bolsistas_v5-1_assinado.pdf\">Edital<\/a><\/p>\n<p><a href=\"https:\/\/forms.gle\/J7aXD9PGVAuxEsjp7\">Formul\u00e1rio de inscri\u00e7\u00e3o &#8211; clique aqui<\/a><\/p>\n<p><a href=\"https:\/\/wp.ufpel.edu.br\/scs\/files\/2024\/06\/Anexos-Resolucao-67.2024.pdf\">RESOLU\u00c7\u00c3O N\u00ba 67 DO COCEPE, DE 20 DE JUNHO DE 2024<\/a><\/p>\n<p><a href=\"https:\/\/wp.ufpel.edu.br\/cpafst\/files\/2026\/04\/Lista_de_inscritos_homologados_assinado.pdf\">Inscri\u00e7\u00f5es homologadas<\/a><\/p>\n<p><a href=\"https:\/\/wp.ufpel.edu.br\/cpafst\/files\/2026\/04\/Horario_entrevistas_assinado.pdf\">Entrevistas &#8211; data e hora<\/a><\/p>\n<p><a href=\"https:\/\/wp.ufpel.edu.br\/cpafst\/files\/2026\/04\/Notas_selecao_bolsistas_assinado.pdf\">Resultado final<\/a><\/p>\n","protected":false},"excerpt":{"rendered":"<p>Edital CNPq\/FAPERGS 01\/2026 &#8211; SELE\u00c7\u00c3O DE BOLSISTAS PARA ATUAR NO CENTRO DE PESQUISA EM ATIVIDADE F\u00cdSICA, SA\u00daDE E TECNOLOGIA Edital Formul\u00e1rio de inscri\u00e7\u00e3o &#8211; clique aqui RESOLU\u00c7\u00c3O N\u00ba 67 DO COCEPE, DE 20 DE JUNHO DE 2024 Inscri\u00e7\u00f5es homologadas Entrevistas &#8211; data e hora Resultado final<\/p>\n","protected":false},"author":1551,"featured_media":0,"parent":0,"menu_order":0,"comment_status":"closed","ping_status":"closed","template":"","meta":{"_crdt_document":"","footnotes":""},"class_list":["post-108","page","type-page","status-publish","hentry"],"jetpack_sharing_enabled":true,"_links":{"self":[{"href":"https:\/\/wp.ufpel.edu.br\/cpafst\/wp-json\/wp\/v2\/pages\/108","targetHints":{"allow":["GET"]}}],"collection":[{"href":"https:\/\/wp.ufpel.edu.br\/cpafst\/wp-json\/wp\/v2\/pages"}],"about":[{"href":"https:\/\/wp.ufpel.edu.br\/cpafst\/wp-json\/wp\/v2\/types\/page"}],"author":[{"embeddable":true,"href":"https:\/\/wp.ufpel.edu.br\/cpafst\/wp-json\/wp\/v2\/users\/1551"}],"replies":[{"embeddable":true,"href":"https:\/\/wp.ufpel.edu.br\/cpafst\/wp-json\/wp\/v2\/comments?post=108"}],"version-history":[{"count":3,"href":"https:\/\/wp.ufpel.edu.br\/cpafst\/wp-json\/wp\/v2\/pages\/108\/revisions"}],"predecessor-version":[{"id":244,"href":"https:\/\/wp.ufpel.edu.br\/cpafst\/wp-json\/wp\/v2\/pages\/108\/revisions\/244"}],"wp:attachment":[{"href":"https:\/\/wp.ufpel.edu.br\/cpafst\/wp-json\/wp\/v2\/media?parent=108"}],"curies":[{"name":"wp","href":"https:\/\/api.w.org\/{rel}","templated":true}]}}