{"id":1360,"date":"2024-10-11T09:37:19","date_gmt":"2024-10-11T12:37:19","guid":{"rendered":"https:\/\/wp.ufpel.edu.br\/cpa\/?page_id=1360"},"modified":"2026-04-06T15:47:56","modified_gmt":"2026-04-06T18:47:56","slug":"contato","status":"publish","type":"page","link":"https:\/\/wp.ufpel.edu.br\/cpa\/contato\/","title":{"rendered":"Contato"},"content":{"rendered":"<p><a href=\"https:\/\/www.google.com\/maps\/d\/u\/0\/viewer?msa=0&#038;ie=UTF8&#038;ll=-31.777285000000024%2C-52.319748000000004&#038;spn=0.013334%2C0.025406&#038;t=h&#038;z=16&#038;vpsrc=6&#038;iwloc=0004de8f675d99cae6a3f&#038;mid=1htxrSv9gjaq7MtlMhKs6bdYlHXk\">Campus Porto \/ Anglo<\/a><br \/>\nComiss\u00e3o Pr\u00f3pria de Avalia\u00e7\u00e3o<br \/>\nRua Gomes Carneiro, 01 &#8211; Centro<br \/>\nPelotas &#8211; RS, Brasil &#8211; 96010-610<br \/>\nSala 406 &#8211; Bloco B<br \/>\n<strong>cpa@ufpel.edu.br<\/strong><\/p>\n","protected":false},"excerpt":{"rendered":"<p>Campus Porto \/ Anglo Comiss\u00e3o Pr\u00f3pria de Avalia\u00e7\u00e3o Rua Gomes Carneiro, 01 &#8211; Centro Pelotas &#8211; RS, Brasil &#8211; 96010-610 Sala 406 &#8211; Bloco B cpa@ufpel.edu.br<\/p>\n","protected":false},"author":106,"featured_media":0,"parent":0,"menu_order":0,"comment_status":"closed","ping_status":"closed","template":"","meta":{"footnotes":""},"class_list":["post-1360","page","type-page","status-publish","hentry","nodate","item-wrap"],"jetpack_sharing_enabled":true,"_links":{"self":[{"href":"https:\/\/wp.ufpel.edu.br\/cpa\/wp-json\/wp\/v2\/pages\/1360","targetHints":{"allow":["GET"]}}],"collection":[{"href":"https:\/\/wp.ufpel.edu.br\/cpa\/wp-json\/wp\/v2\/pages"}],"about":[{"href":"https:\/\/wp.ufpel.edu.br\/cpa\/wp-json\/wp\/v2\/types\/page"}],"author":[{"embeddable":true,"href":"https:\/\/wp.ufpel.edu.br\/cpa\/wp-json\/wp\/v2\/users\/106"}],"replies":[{"embeddable":true,"href":"https:\/\/wp.ufpel.edu.br\/cpa\/wp-json\/wp\/v2\/comments?post=1360"}],"version-history":[{"count":4,"href":"https:\/\/wp.ufpel.edu.br\/cpa\/wp-json\/wp\/v2\/pages\/1360\/revisions"}],"predecessor-version":[{"id":1842,"href":"https:\/\/wp.ufpel.edu.br\/cpa\/wp-json\/wp\/v2\/pages\/1360\/revisions\/1842"}],"wp:attachment":[{"href":"https:\/\/wp.ufpel.edu.br\/cpa\/wp-json\/wp\/v2\/media?parent=1360"}],"curies":[{"name":"wp","href":"https:\/\/api.w.org\/{rel}","templated":true}]}}