{"id":1287,"date":"2024-09-16T15:15:06","date_gmt":"2024-09-16T18:15:06","guid":{"rendered":"https:\/\/wp.ufpel.edu.br\/cpa\/?page_id=1287"},"modified":"2024-09-16T15:17:15","modified_gmt":"2024-09-16T18:17:15","slug":"grupos-de-trabalho","status":"publish","type":"page","link":"https:\/\/wp.ufpel.edu.br\/cpa\/grupos-de-trabalho\/","title":{"rendered":"Grupos de Trabalho"},"content":{"rendered":"<h2><strong>GT Avalia\u00e7\u00e3o de desempenho docente<\/strong><\/h2>\n<p><a href=\"https:\/\/wp.ufpel.edu.br\/cpa\/files\/2024\/09\/portaria-GT-ADD.pdf\">Portaria de Pessoal 3584\/UFPEL<\/a><\/p>\n<p>Processo com atas de reuni\u00e3o <a id=\"anchor2846636\" href=\"https:\/\/sei.ufpel.edu.br\/sei\/controlador.php?acao=arvore_visualizar&amp;acao_origem=procedimento_visualizar&amp;id_procedimento=2846636&amp;infra_sistema=100000100&amp;infra_unidade_atual=110000400&amp;infra_hash=0deaccc96064dc582def37dfca950a49a5ede0cb3ec30f6c68118eccae00b982\" target=\"ifrVisualizacao\" rel=\"noopener\"><span id=\"span2846636\" class=\"\" title=\"Organiza\u00e7\u00e3o e Funcionamento: Comiss\u00f5es. Conselhos. Grupos de Trabalho. Juntas. Comit\u00eas\">23110.006107\/2024-03 <\/span><\/a><\/p>\n<p>Grupo de Trabalho com a finalidade de analisar e propor melhorias ao processo de avalia\u00e7\u00e3o docente na UFPel, composto pelos seguintes representantes:<\/p>\n<p>CPA<br \/>\nRosana \u00c1vila Pereira Chollet (titular)<br \/>\nPaulo Eduardo Silva Lins Cajazeira (suplente)<\/p>\n<p>PROGEP<br \/>\nPaula Lem\u00f5es Haertel (titular)<br \/>\nJuliana Nunes Peter (titular)<\/p>\n<p>PRE<br \/>\nEliana Veleda Klering<br \/>\nPRPPG<br \/>\nM\u00e1rcia Foster Mesko (titular)<br \/>\nGustavo Maia Souza (suplente)<\/p>\n<p>CPPD<br \/>\nFl\u00e1via Marchi Nascimento (titular)<br \/>\nGiovana Duzzo Gamaro (titular)<br \/>\nRafael Burlamaqui Amaral (titular)<\/p>\n<p>CCSO<br \/>\nFrancielle Molon da Silva<\/p>\n<p>GR<br \/>\nAline Ribeiro Paliga<\/p>\n<p>&nbsp;<\/p>\n<p>&nbsp;<\/p>\n<p>&nbsp;<\/p>\n<h5>De acordo com o Regimento da CPA em seu Art.18: &#8221; Os membros da CPA reunir-se-\u00e3o ordinariamente, por convoca\u00e7\u00e3o de seu(sua) presidente, ou extraordinariamente em Grupos de Trabalho ou N\u00facleos Tem\u00e1ticos.<\/h5>\n<h5>\u00a7 4\u00ba Os Grupos de Trabalho ou N\u00facleos Tem\u00e1ticos ser\u00e3o coordenados por um membro da<br \/>\nCPA e poder\u00e3o contar com a participa\u00e7\u00e3o de outro(a)s colaboradore(a)s.<\/h5>\n","protected":false},"excerpt":{"rendered":"<p>GT Avalia\u00e7\u00e3o de desempenho docente Portaria de Pessoal 3584\/UFPEL Processo com atas de reuni\u00e3o 23110.006107\/2024-03 Grupo de Trabalho com a finalidade de analisar e propor melhorias ao processo de avalia\u00e7\u00e3o docente na UFPel, composto pelos seguintes representantes: CPA Rosana \u00c1vila Pereira Chollet (titular) Paulo Eduardo Silva Lins Cajazeira (suplente) PROGEP Paula Lem\u00f5es Haertel (titular) Juliana &hellip; <\/p>\n<p><a class=\"more-link btn\" href=\"https:\/\/wp.ufpel.edu.br\/cpa\/grupos-de-trabalho\/\">Continue lendo<\/a><\/p>\n","protected":false},"author":106,"featured_media":0,"parent":0,"menu_order":0,"comment_status":"closed","ping_status":"closed","template":"","meta":{"footnotes":""},"class_list":["post-1287","page","type-page","status-publish","hentry","nodate","item-wrap"],"jetpack_sharing_enabled":true,"_links":{"self":[{"href":"https:\/\/wp.ufpel.edu.br\/cpa\/wp-json\/wp\/v2\/pages\/1287","targetHints":{"allow":["GET"]}}],"collection":[{"href":"https:\/\/wp.ufpel.edu.br\/cpa\/wp-json\/wp\/v2\/pages"}],"about":[{"href":"https:\/\/wp.ufpel.edu.br\/cpa\/wp-json\/wp\/v2\/types\/page"}],"author":[{"embeddable":true,"href":"https:\/\/wp.ufpel.edu.br\/cpa\/wp-json\/wp\/v2\/users\/106"}],"replies":[{"embeddable":true,"href":"https:\/\/wp.ufpel.edu.br\/cpa\/wp-json\/wp\/v2\/comments?post=1287"}],"version-history":[{"count":3,"href":"https:\/\/wp.ufpel.edu.br\/cpa\/wp-json\/wp\/v2\/pages\/1287\/revisions"}],"predecessor-version":[{"id":1293,"href":"https:\/\/wp.ufpel.edu.br\/cpa\/wp-json\/wp\/v2\/pages\/1287\/revisions\/1293"}],"wp:attachment":[{"href":"https:\/\/wp.ufpel.edu.br\/cpa\/wp-json\/wp\/v2\/media?parent=1287"}],"curies":[{"name":"wp","href":"https:\/\/api.w.org\/{rel}","templated":true}]}}