{"id":13,"date":"2020-03-30T14:30:23","date_gmt":"2020-03-30T17:30:23","guid":{"rendered":"https:\/\/wp.ufpel.edu.br\/covid19\/?page_id=13"},"modified":"2020-03-30T15:58:15","modified_gmt":"2020-03-30T18:58:15","slug":"outras-ifes","status":"publish","type":"page","link":"https:\/\/wp.ufpel.edu.br\/covid19\/outras-ifes\/","title":{"rendered":"Outras IFES"},"content":{"rendered":"<h3><a href=\"http:\/\/dontpad.com\/acoesifescoronavirus\">P\u00e1ginas com a\u00e7\u00f5es das IFES sobre Covid-19<\/a><\/h3>\n<p>&nbsp;<\/p>\n","protected":false},"excerpt":{"rendered":"<p>P\u00e1ginas com a\u00e7\u00f5es das IFES sobre Covid-19 &nbsp;<\/p>\n","protected":false},"author":244,"featured_media":0,"parent":0,"menu_order":0,"comment_status":"closed","ping_status":"closed","template":"","meta":{"jetpack_post_was_ever_published":false,"footnotes":""},"class_list":["post-13","page","type-page","status-publish","hentry"],"jetpack_sharing_enabled":true,"_links":{"self":[{"href":"https:\/\/wp.ufpel.edu.br\/covid19\/wp-json\/wp\/v2\/pages\/13","targetHints":{"allow":["GET"]}}],"collection":[{"href":"https:\/\/wp.ufpel.edu.br\/covid19\/wp-json\/wp\/v2\/pages"}],"about":[{"href":"https:\/\/wp.ufpel.edu.br\/covid19\/wp-json\/wp\/v2\/types\/page"}],"author":[{"embeddable":true,"href":"https:\/\/wp.ufpel.edu.br\/covid19\/wp-json\/wp\/v2\/users\/244"}],"replies":[{"embeddable":true,"href":"https:\/\/wp.ufpel.edu.br\/covid19\/wp-json\/wp\/v2\/comments?post=13"}],"version-history":[{"count":2,"href":"https:\/\/wp.ufpel.edu.br\/covid19\/wp-json\/wp\/v2\/pages\/13\/revisions"}],"predecessor-version":[{"id":41,"href":"https:\/\/wp.ufpel.edu.br\/covid19\/wp-json\/wp\/v2\/pages\/13\/revisions\/41"}],"wp:attachment":[{"href":"https:\/\/wp.ufpel.edu.br\/covid19\/wp-json\/wp\/v2\/media?parent=13"}],"curies":[{"name":"wp","href":"https:\/\/api.w.org\/{rel}","templated":true}]}}