{"id":97,"date":"2021-12-08T16:13:07","date_gmt":"2021-12-08T19:13:07","guid":{"rendered":"https:\/\/wp.ufpel.edu.br\/coremu\/?page_id=97"},"modified":"2022-03-21T12:29:53","modified_gmt":"2022-03-21T15:29:53","slug":"programa-de-residencia-integrada-multiprofissional-em-atencao-a-saude-oncologica","status":"publish","type":"page","link":"https:\/\/wp.ufpel.edu.br\/coremu\/documentos\/programa-de-residencia-integrada-multiprofissional-em-atencao-a-saude-oncologica\/","title":{"rendered":"Programa de Resid\u00eancia Multiprofissional em Aten\u00e7\u00e3o em Oncologia"},"content":{"rendered":"<p><a href=\"https:\/\/wp.ufpel.edu.br\/coremu\/files\/2022\/03\/Folha-de-Frequencia.pdf\">Folha de Frequ\u00eancia<\/a><\/p>\n<p><a href=\"https:\/\/wp.ufpel.edu.br\/coremu\/files\/2022\/03\/FICHA-DE-AUTO-AVALIACAO-DO-RESIDENTE-E-AVALIACAO-DO-PROGRAMA-.pdf\">Ficha de autoavalia\u00e7\u00e3o do Residente e Avalia\u00e7\u00e3o do Programa<\/a><\/p>\n","protected":false},"excerpt":{"rendered":"<p>Folha de Frequ\u00eancia Ficha de autoavalia\u00e7\u00e3o do Residente e Avalia\u00e7\u00e3o do Programa<\/p>\n","protected":false},"author":1209,"featured_media":0,"parent":22,"menu_order":2,"comment_status":"closed","ping_status":"closed","template":"","meta":{"footnotes":""},"class_list":["post-97","page","type-page","status-publish","hentry"],"_links":{"self":[{"href":"https:\/\/wp.ufpel.edu.br\/coremu\/wp-json\/wp\/v2\/pages\/97","targetHints":{"allow":["GET"]}}],"collection":[{"href":"https:\/\/wp.ufpel.edu.br\/coremu\/wp-json\/wp\/v2\/pages"}],"about":[{"href":"https:\/\/wp.ufpel.edu.br\/coremu\/wp-json\/wp\/v2\/types\/page"}],"author":[{"embeddable":true,"href":"https:\/\/wp.ufpel.edu.br\/coremu\/wp-json\/wp\/v2\/users\/1209"}],"replies":[{"embeddable":true,"href":"https:\/\/wp.ufpel.edu.br\/coremu\/wp-json\/wp\/v2\/comments?post=97"}],"version-history":[{"count":3,"href":"https:\/\/wp.ufpel.edu.br\/coremu\/wp-json\/wp\/v2\/pages\/97\/revisions"}],"predecessor-version":[{"id":350,"href":"https:\/\/wp.ufpel.edu.br\/coremu\/wp-json\/wp\/v2\/pages\/97\/revisions\/350"}],"up":[{"embeddable":true,"href":"https:\/\/wp.ufpel.edu.br\/coremu\/wp-json\/wp\/v2\/pages\/22"}],"wp:attachment":[{"href":"https:\/\/wp.ufpel.edu.br\/coremu\/wp-json\/wp\/v2\/media?parent=97"}],"curies":[{"name":"wp","href":"https:\/\/api.w.org\/{rel}","templated":true}]}}