{"id":520,"date":"2023-01-17T11:58:14","date_gmt":"2023-01-17T14:58:14","guid":{"rendered":"https:\/\/wp.ufpel.edu.br\/coremu\/?page_id=520"},"modified":"2023-02-27T17:29:44","modified_gmt":"2023-02-27T20:29:44","slug":"matriculas","status":"publish","type":"page","link":"https:\/\/wp.ufpel.edu.br\/coremu\/processos-seletivos\/anteriores\/processo-seletivo-2022-ingresso-2023\/matriculas\/","title":{"rendered":"Matr\u00edculas"},"content":{"rendered":"<h2>Publica\u00e7\u00f5es do dia 27\/02\/2023<\/h2>\n<h2>Documentos para a matr\u00edcula do Programa de Resid\u00eancia em Patologia Cl\u00ednica Veterin\u00e1ria:<\/h2>\n<p><a href=\"https:\/\/wp.ufpel.edu.br\/coremu\/files\/2023\/02\/segunda-chamada-PAnimal-Orientacoes-para-as-matriculas.pdf\">Orienta\u00e7\u00f5es para as matr\u00edculas<\/a> (27\/02\/2023)<\/p>\n<p><a href=\"https:\/\/wp.ufpel.edu.br\/coremu\/files\/2023\/01\/FICHA-FINANCEIRA-COM-RESTRICAO-1.docx\">Ficha Financeira para preenchimento<\/a> (27\/02\/2023)<\/p>\n<p><a href=\"https:\/\/wp.ufpel.edu.br\/coremu\/files\/2023\/01\/DECLARACAO-MORADIA.pdf\">Declara\u00e7\u00e3o de Moradia<\/a> (27\/02\/2023)<\/p>\n<p><a href=\"https:\/\/forms.gle\/A366Tmx83v4ho48V6\">Formul\u00e1rio de Desist\u00eancia<\/a> (27\/02\/2023)<\/p>\n<h2>Formul\u00e1rios eletr\u00f4nicos para preenchimento e envio de documenta\u00e7\u00e3o (links tamb\u00e9m disponibilizados no documento \u201corienta\u00e7\u00f5es para as matr\u00edculas\u201d):<\/h2>\n<p><a href=\"https:\/\/forms.gle\/MWm4pG3p9Wd3QnZk7\">Formul\u00e1rio de envio de documentos para matr\u00edculas PS 166\/2022<\/a> (14\/02\/2023)<\/p>\n<p><a href=\"https:\/\/forms.gle\/HePVexUsWsqhfdvW6\">Formul\u00e1rio para preenchimento de informa\u00e7\u00f5es PS 166\/2022<\/a> (14\/02\/2023)<\/p>\n<h2><\/h2>\n<h2>Publica\u00e7\u00f5es do dia 14\/02\/2023<\/h2>\n<h2>Documentos para a matr\u00edcula do Programa de Resid\u00eancia em Patologia Cl\u00ednica Veterin\u00e1ria:<\/h2>\n<p><a href=\"https:\/\/wp.ufpel.edu.br\/coremu\/files\/2023\/02\/Orientacoes-para-as-matriculas.pdf\">Orienta\u00e7\u00f5es para as matr\u00edculas<\/a> (14\/02\/2023)<\/p>\n<p><a href=\"https:\/\/wp.ufpel.edu.br\/coremu\/files\/2023\/01\/FICHA-FINANCEIRA-COM-RESTRICAO-1.docx\">Ficha Financeira para preenchimento<\/a> (14\/02\/2023)<\/p>\n<p><a href=\"https:\/\/wp.ufpel.edu.br\/coremu\/files\/2023\/01\/DECLARACAO-MORADIA.pdf\">Declara\u00e7\u00e3o de Moradia<\/a> (14\/02\/2023)<\/p>\n<p><a href=\"https:\/\/forms.gle\/A366Tmx83v4ho48V6\">Formul\u00e1rio de Desist\u00eancia<\/a> (14\/02\/2023)<\/p>\n<h2>Formul\u00e1rios eletr\u00f4nicos para preenchimento e envio de documenta\u00e7\u00e3o (links tamb\u00e9m disponibilizados no documento \u201corienta\u00e7\u00f5es para as matr\u00edculas\u201d):<\/h2>\n<p><a href=\"https:\/\/forms.gle\/MWm4pG3p9Wd3QnZk7\">Formul\u00e1rio de envio de documentos para matr\u00edculas PS 166\/2022<\/a> (14\/02\/2023)<\/p>\n<p><a href=\"https:\/\/forms.gle\/HePVexUsWsqhfdvW6\">Formul\u00e1rio para preenchimento de informa\u00e7\u00f5es PS 166\/2022<\/a> (14\/02\/2023)<\/p>\n<h2><\/h2>\n<h2>Publica\u00e7\u00f5es do dia 13\/02\/2023<\/h2>\n<h2>Documentos para as matr\u00edculas dos Programas de Resid\u00eancia em Diagn\u00f3stico por Imagem e em Cl\u00ednica M\u00e9dica de Ruminantes:<\/h2>\n<p><a href=\"https:\/\/wp.ufpel.edu.br\/coremu\/files\/2023\/02\/CMR-E-IMAGEM-Orientacoes-para-as-matriculas.pdf\">Orienta\u00e7\u00f5es para as matr\u00edculas<\/a> (13\/02\/2023)<\/p>\n<p><a href=\"https:\/\/wp.ufpel.edu.br\/coremu\/files\/2023\/01\/FICHA-FINANCEIRA-COM-RESTRICAO-1.docx\">Ficha Financeira para preenchimento<\/a> (13\/02\/2023)<\/p>\n<p><a href=\"https:\/\/wp.ufpel.edu.br\/coremu\/files\/2023\/01\/DECLARACAO-MORADIA.pdf\">Declara\u00e7\u00e3o de Moradia<\/a> (13\/02\/2023)<\/p>\n<p><a href=\"https:\/\/forms.gle\/A366Tmx83v4ho48V6\">Formul\u00e1rio de Desist\u00eancia<\/a> (13\/02\/2023)<\/p>\n<h2>Formul\u00e1rios eletr\u00f4nicos para preenchimento e envio de documenta\u00e7\u00e3o (links tamb\u00e9m disponibilizados no documento &#8220;orienta\u00e7\u00f5es para as matr\u00edculas&#8221;):<\/h2>\n<p><a href=\"https:\/\/forms.gle\/MWm4pG3p9Wd3QnZk7\">Formul\u00e1rio de envio de documentos para matr\u00edculas PS 166\/2022<\/a> (13\/02\/2023)<\/p>\n<p><a href=\"https:\/\/forms.gle\/HePVexUsWsqhfdvW6\">Formul\u00e1rio para preenchimento de informa\u00e7\u00f5es PS 166\/2022<\/a> (13\/02\/2023)<\/p>\n<p>&nbsp;<\/p>\n<h2>Publica\u00e7\u00f5es do dia 10\/02\/2023<\/h2>\n<h2>Documentos para as matr\u00edculas dos Programas de Resid\u00eancia em Patologia Animal e em Sa\u00fade Coletiva:<\/h2>\n<p><a href=\"https:\/\/wp.ufpel.edu.br\/coremu\/files\/2023\/02\/PAnimal-Orientacoes-para-as-matriculas.pdf\">Orienta\u00e7\u00f5es para as matr\u00edculas <\/a>(10\/02\/2023)<\/p>\n<p><a href=\"https:\/\/wp.ufpel.edu.br\/coremu\/files\/2023\/01\/FICHA-FINANCEIRA-COM-RESTRICAO-1.docx\">Ficha Financeira para preenchimento<\/a> (10\/02\/2023)<\/p>\n<p><a href=\"https:\/\/wp.ufpel.edu.br\/coremu\/files\/2023\/01\/DECLARACAO-MORADIA.pdf\">Declara\u00e7\u00e3o de Moradia<\/a> (10\/02\/2023)<\/p>\n<p><a href=\"https:\/\/forms.gle\/A366Tmx83v4ho48V6\">Formul\u00e1rio de Desist\u00eancia<\/a> (10\/02\/2023)<\/p>\n<h2>Formul\u00e1rios eletr\u00f4nicos para preenchimento e envio de documenta\u00e7\u00e3o (links tamb\u00e9m disponibilizados no documento &#8220;orienta\u00e7\u00f5es para as matr\u00edculas&#8221;):<\/h2>\n<p><a href=\"https:\/\/forms.gle\/MWm4pG3p9Wd3QnZk7\">Formul\u00e1rio de envio de documentos para matr\u00edculas PS 166\/2022<\/a> (10\/02\/2023)<\/p>\n<p><a href=\"https:\/\/forms.gle\/HePVexUsWsqhfdvW6\">Formul\u00e1rio para preenchimento de informa\u00e7\u00f5es PS 166\/2022<\/a> (10\/02\/2023)<\/p>\n<h2><\/h2>\n<h2>Publica\u00e7\u00f5es do dia 08\/02\/2023<\/h2>\n<h2>Documentos para as matr\u00edculas dos Programas de Resid\u00eancia em Medicina Veterin\u00e1ria Preventiva (Doen\u00e7as e Zoonoses Parasit\u00e1rias) e em Inspe\u00e7\u00e3o e Tecnologia de Produtos de Origem Animal (Inspe\u00e7\u00e3o de Leite e Derivados):<\/h2>\n<p><a href=\"https:\/\/wp.ufpel.edu.br\/coremu\/files\/2023\/02\/DZP-E-ITPOA-Orientacoes-para-as-matriculas.pdf\">Orienta\u00e7\u00f5es para as matr\u00edculas<\/a>\u00a0(08\/02\/2023)<\/p>\n<p><a href=\"https:\/\/wp.ufpel.edu.br\/coremu\/files\/2023\/01\/FICHA-FINANCEIRA-COM-RESTRICAO-1.docx\">Ficha Financeira para preenchimento<\/a> (08\/02\/2023)<\/p>\n<p><a href=\"https:\/\/wp.ufpel.edu.br\/coremu\/files\/2023\/01\/DECLARACAO-MORADIA.pdf\">Declara\u00e7\u00e3o de Moradia<\/a> (08\/02\/2023)<\/p>\n<p><a href=\"https:\/\/forms.gle\/A366Tmx83v4ho48V6\">Formul\u00e1rio de Desist\u00eancia<\/a> (08\/02\/2023)<\/p>\n<h2>Formul\u00e1rios eletr\u00f4nicos para preenchimento e envio de documenta\u00e7\u00e3o (links tamb\u00e9m disponibilizados no documento &#8220;orienta\u00e7\u00f5es para as matr\u00edculas&#8221;):<\/h2>\n<p><a href=\"https:\/\/forms.gle\/MWm4pG3p9Wd3QnZk7\">Formul\u00e1rio de envio de documentos para matr\u00edculas PS 166\/2022<\/a> (08\/02\/2023)<\/p>\n<p><a href=\"https:\/\/forms.gle\/HePVexUsWsqhfdvW6\">Formul\u00e1rio para preenchimento de informa\u00e7\u00f5es PS 166\/2022<\/a> (08\/02\/2023)<\/p>\n<h2><\/h2>\n<h2>Publica\u00e7\u00f5es do dia 06\/02\/2023<\/h2>\n<h2>Documentos para as matr\u00edculas da TERCEIRA CHAMADA do Programa de Resid\u00eancia em Medicina de Animais Silvestres:<\/h2>\n<p><a href=\"https:\/\/wp.ufpel.edu.br\/coremu\/files\/2023\/02\/TERCEIRA-CHAMADA-MAS-Orientacoes-para-as-matriculas.pdf\">TERCEIRA CHAMADA \u2013 Orienta\u00e7\u00f5es para as matr\u00edculas: Medicina de Animais Silvestres<\/a> (06\/02\/2023)<\/p>\n<p><a href=\"https:\/\/wp.ufpel.edu.br\/coremu\/files\/2023\/01\/FICHA-FINANCEIRA-COM-RESTRICAO-1.docx\">Ficha Financeira para preenchimento<\/a> (06\/02\/2023)<\/p>\n<p><a href=\"https:\/\/wp.ufpel.edu.br\/coremu\/files\/2023\/01\/DECLARACAO-MORADIA.pdf\">Declara\u00e7\u00e3o de Moradia<\/a> (06\/02\/2023)<\/p>\n<p><a href=\"https:\/\/forms.gle\/A366Tmx83v4ho48V6\">Formul\u00e1rio de Desist\u00eancia<\/a> (06\/02\/2023)<\/p>\n<h2>Formul\u00e1rios eletr\u00f4nicos para preenchimento e envio de documenta\u00e7\u00e3o (links tamb\u00e9m disponibilizados no documento &#8220;orienta\u00e7\u00f5es para as matr\u00edculas&#8221;):<\/h2>\n<p><a href=\"https:\/\/forms.gle\/MWm4pG3p9Wd3QnZk7\">Formul\u00e1rio de envio de documentos para matr\u00edculas PS 166\/2022<\/a> (06\/02\/2023)<\/p>\n<p><a href=\"https:\/\/forms.gle\/HePVexUsWsqhfdvW6\">Formul\u00e1rio para preenchimento de informa\u00e7\u00f5es PS 166\/2022<\/a> (06\/02\/2023)<\/p>\n<h2><\/h2>\n<h2>Publica\u00e7\u00f5es do dia 1\u00ba\/02\/2023<\/h2>\n<h2>Documentos para as matr\u00edculas da SEGUNDA CHAMADA do Programa de Resid\u00eancia em Medicina de Animais Silvestres:<\/h2>\n<p><a href=\"https:\/\/wp.ufpel.edu.br\/coremu\/files\/2023\/02\/SEGUNDA-CHAMADA-MAS-Orientacoes-para-as-matriculas.pdf\">SEGUNDA CHAMADA \u2013 Orienta\u00e7\u00f5es para as matr\u00edculas: Medicina de Animais Silvestres<\/a> (1\u00ba\/02\/2023)<\/p>\n<p><a href=\"https:\/\/wp.ufpel.edu.br\/coremu\/files\/2023\/01\/FICHA-FINANCEIRA-COM-RESTRICAO-1.docx\">Ficha Financeira para preenchimento<\/a> (1\u00ba\/02\/2023)<\/p>\n<p><a href=\"https:\/\/wp.ufpel.edu.br\/coremu\/files\/2023\/01\/DECLARACAO-MORADIA.pdf\">Declara\u00e7\u00e3o de Moradia<\/a> (1\u00ba\/02\/2023)<\/p>\n<p><a href=\"https:\/\/forms.gle\/A366Tmx83v4ho48V6\">Formul\u00e1rio de Desist\u00eancia<\/a> (1\u00ba\/02\/2023)<\/p>\n<h2>Formul\u00e1rios eletr\u00f4nicos para preenchimento e envio de documenta\u00e7\u00e3o (links tamb\u00e9m disponibilizados no documento &#8220;orienta\u00e7\u00f5es para as matr\u00edculas&#8221;):<\/h2>\n<p><a href=\"https:\/\/forms.gle\/MWm4pG3p9Wd3QnZk7\">Formul\u00e1rio de envio de documentos para matr\u00edculas PS 166\/2022<\/a> (1\u00ba\/02\/2023)<\/p>\n<p><a href=\"https:\/\/forms.gle\/HePVexUsWsqhfdvW6\">Formul\u00e1rio para preenchimento de informa\u00e7\u00f5es PS 166\/2022<\/a> (1\u00ba\/02\/2023)<\/p>\n<h2><\/h2>\n<h2>Publica\u00e7\u00f5es do dia 31\/01\/2023<\/h2>\n<h2>Documentos para as matr\u00edculas da SEGUNDA CHAMADA do Programa de Resid\u00eancia em Cl\u00ednica M\u00e9dica em Animais de Companhia:<\/h2>\n<p><a href=\"https:\/\/wp.ufpel.edu.br\/coremu\/files\/2023\/01\/SEGUNDA-CHAMADA-CMAC-Orientacoes-para-as-matriculas.pdf\">SEGUNDA CHAMADA &#8211; Orienta\u00e7\u00f5es para as matr\u00edculas: Cl\u00ednica M\u00e9dica em Animais de Companhia<\/a> (31\/01\/2023)<\/p>\n<p><a href=\"https:\/\/wp.ufpel.edu.br\/coremu\/files\/2023\/01\/FICHA-FINANCEIRA-COM-RESTRICAO-1.docx\">Ficha Financeira para preenchimento<\/a> (31\/01\/2023)<\/p>\n<p><a href=\"https:\/\/wp.ufpel.edu.br\/coremu\/files\/2023\/01\/DECLARACAO-MORADIA.pdf\">Declara\u00e7\u00e3o de Moradia<\/a> (31\/01\/2023)<\/p>\n<p><a href=\"https:\/\/forms.gle\/A366Tmx83v4ho48V6\">Formul\u00e1rio de Desist\u00eancia<\/a> (31\/01\/2023)<\/p>\n<h2>Formul\u00e1rios eletr\u00f4nicos para preenchimento e envio de documenta\u00e7\u00e3o (links tamb\u00e9m disponibilizados no documento &#8220;orienta\u00e7\u00f5es para as matr\u00edculas&#8221;):<\/h2>\n<p><a href=\"https:\/\/forms.gle\/MWm4pG3p9Wd3QnZk7\">Formul\u00e1rio de envio de documentos para matr\u00edculas PS 166\/2022<\/a> (31\/01\/2023)<\/p>\n<p><a href=\"https:\/\/forms.gle\/HePVexUsWsqhfdvW6\">Formul\u00e1rio para preenchimento de informa\u00e7\u00f5es PS 166\/2022<\/a> (31\/01\/2023)<\/p>\n<h2><\/h2>\n<h2>Publica\u00e7\u00f5es do dia 27\/01\/2023<\/h2>\n<h2>Documentos para as matr\u00edculas do Programa de Resid\u00eancia em Medicina de Animais Silvestres:<\/h2>\n<p><a href=\"https:\/\/wp.ufpel.edu.br\/coremu\/files\/2023\/01\/MAS-Orientacoes-para-as-matriculas.pdf\">Orienta\u00e7\u00f5es para as matr\u00edculas &#8211; Medicina de Animais Silvestres<\/a> (27\/01\/2023)<\/p>\n<p><a href=\"https:\/\/wp.ufpel.edu.br\/coremu\/files\/2023\/01\/FICHA-FINANCEIRA-COM-RESTRICAO-1.docx\">Ficha Financeira para preenchimento<\/a> (27\/01\/2023)<\/p>\n<p><a href=\"https:\/\/wp.ufpel.edu.br\/coremu\/files\/2023\/01\/DECLARACAO-MORADIA.pdf\">Declara\u00e7\u00e3o de Moradia<\/a> (27\/01\/2023)<\/p>\n<p><a href=\"https:\/\/forms.gle\/A366Tmx83v4ho48V6\">Formul\u00e1rio de Desist\u00eancia<\/a> (27\/01\/2023)<\/p>\n<h2>Formul\u00e1rios eletr\u00f4nicos para preenchimento e envio de documenta\u00e7\u00e3o (links tamb\u00e9m disponibilizados no documento &#8220;orienta\u00e7\u00f5es para as matr\u00edculas&#8221;):<\/h2>\n<p><a href=\"https:\/\/forms.gle\/MWm4pG3p9Wd3QnZk7\">Formul\u00e1rio de envio de documentos para matr\u00edculas PS 166\/2022<\/a> (27\/01\/2023)<\/p>\n<p><a href=\"https:\/\/forms.gle\/HePVexUsWsqhfdvW6\">Formul\u00e1rio para preenchimento de informa\u00e7\u00f5es PS 166\/2022<\/a> (27\/01\/2023)<\/p>\n<h2><\/h2>\n<h2>Publica\u00e7\u00f5es do dia 26\/01\/2023<\/h2>\n<h2>Documentos para as matr\u00edculas do Programa de Resid\u00eancia em Cl\u00ednica M\u00e9dica de Equinos:<\/h2>\n<p><a href=\"https:\/\/wp.ufpel.edu.br\/coremu\/files\/2023\/01\/CME-Orientacoes-para-as-matriculas.pdf\">Orienta\u00e7\u00f5es para as matr\u00edculas &#8211; Cl\u00ednica M\u00e9dica de Equinos<\/a> (26\/01\/2023)<\/p>\n<p><a href=\"https:\/\/wp.ufpel.edu.br\/coremu\/files\/2023\/01\/FICHA-FINANCEIRA-COM-RESTRICAO-1.docx\">Ficha Financeira para preenchimento<\/a> (26\/01\/2023)<\/p>\n<p><a href=\"https:\/\/wp.ufpel.edu.br\/coremu\/files\/2023\/01\/DECLARACAO-MORADIA.pdf\">Declara\u00e7\u00e3o de Moradia<\/a> (26\/01\/2023)<\/p>\n<p><a href=\"https:\/\/forms.gle\/A366Tmx83v4ho48V6\">Formul\u00e1rio de Desist\u00eancia<\/a> (26\/01\/2023)<\/p>\n<h2>Formul\u00e1rios eletr\u00f4nicos para preenchimento e envio de documenta\u00e7\u00e3o (links tamb\u00e9m disponibilizados no documento &#8220;orienta\u00e7\u00f5es para as matr\u00edculas&#8221;):<\/h2>\n<p><a href=\"https:\/\/forms.gle\/MWm4pG3p9Wd3QnZk7\">Formul\u00e1rio de envio de documentos para matr\u00edculas PS 166\/2022<\/a> (26\/01\/2023)<\/p>\n<p><a href=\"https:\/\/forms.gle\/HePVexUsWsqhfdvW6\">Formul\u00e1rio para preenchimento de informa\u00e7\u00f5es PS 166\/2022<\/a> (26\/01\/2023)<\/p>\n<p>&nbsp;<\/p>\n<h2>Publica\u00e7\u00f5es do dia 25\/01\/2023<\/h2>\n<h2>Documentos para as matr\u00edculas do Programa de Resid\u00eancia em Cl\u00ednica M\u00e9dica em Animais de Companhia:<\/h2>\n<p><a href=\"https:\/\/wp.ufpel.edu.br\/coremu\/files\/2023\/01\/CMAC-Orientacoes-para-as-matriculas.pdf\">Orienta\u00e7\u00f5es para as matr\u00edculas &#8211; Cl\u00ednica M\u00e9dica em Animais de Companhia<\/a> (25\/01\/2023)<\/p>\n<p><a href=\"https:\/\/wp.ufpel.edu.br\/coremu\/files\/2023\/01\/FICHA-FINANCEIRA-COM-RESTRICAO-1.docx\">Ficha Financeira para preenchimento<\/a> (25\/01\/2023)<\/p>\n<p><a href=\"https:\/\/wp.ufpel.edu.br\/coremu\/files\/2023\/01\/DECLARACAO-MORADIA.pdf\">Declara\u00e7\u00e3o de Moradia<\/a> (25\/01\/2023)<\/p>\n<p><a href=\"https:\/\/forms.gle\/A366Tmx83v4ho48V6\">Formul\u00e1rio de Desist\u00eancia<\/a> (25\/01\/2023)<\/p>\n<h2>Formul\u00e1rios eletr\u00f4nicos para preenchimento e envio de documenta\u00e7\u00e3o (links tamb\u00e9m disponibilizados no documento &#8220;orienta\u00e7\u00f5es para as matr\u00edculas&#8221;):<\/h2>\n<p><a href=\"https:\/\/forms.gle\/MWm4pG3p9Wd3QnZk7\">Formul\u00e1rio de envio de documentos para matr\u00edculas PS 166\/2022<\/a> (25\/01\/2023)<\/p>\n<p><a href=\"https:\/\/forms.gle\/HePVexUsWsqhfdvW6\">Formul\u00e1rio para preenchimento de informa\u00e7\u00f5es PS 166\/2022<\/a> (25\/01\/2023)<\/p>\n<p>&nbsp;<\/p>\n<h2>Publica\u00e7\u00f5es do dia 20\/01\/2023<\/h2>\n<h2>Documentos para as matr\u00edculas do Programa de Resid\u00eancia em Anestesiologia Veterin\u00e1ria:<\/h2>\n<p><a href=\"https:\/\/wp.ufpel.edu.br\/coremu\/files\/2023\/01\/ANESTESIOLOGIA-Orientacoes-para-as-matriculas.pdf\">Orienta\u00e7\u00f5es para as matr\u00edculas &#8211; Anestesiologia Veterin\u00e1ria<\/a> (20\/01\/2023)<\/p>\n<p><a href=\"https:\/\/wp.ufpel.edu.br\/coremu\/files\/2023\/01\/FICHA-FINANCEIRA-COM-RESTRICAO.docx\">Ficha Financeira para preenchimento<\/a> (20\/01\/2023)<\/p>\n<p><a href=\"https:\/\/wp.ufpel.edu.br\/coremu\/files\/2023\/01\/DECLARACAO-MORADIA.pdf\">Declara\u00e7\u00e3o de Moradia<\/a> (20\/01\/2023)<\/p>\n<p><a href=\"https:\/\/forms.gle\/A366Tmx83v4ho48V6\">Formul\u00e1rio de Desist\u00eancia<\/a> (20\/01\/2023)<\/p>\n<h2>Formul\u00e1rios eletr\u00f4nicos para preenchimento e envio de documenta\u00e7\u00e3o (links tamb\u00e9m disponibilizados no documento &#8220;orienta\u00e7\u00f5es para as matr\u00edculas&#8221;):<\/h2>\n<p><a href=\"https:\/\/forms.gle\/MWm4pG3p9Wd3QnZk7\">Formul\u00e1rio de envio de documentos para matr\u00edculas PS 166\/2022<\/a> (20\/01\/2023)<\/p>\n<p><a href=\"https:\/\/forms.gle\/HePVexUsWsqhfdvW6\">Formul\u00e1rio para preenchimento de informa\u00e7\u00f5es PS 166\/2022<\/a> (20\/01\/2023)<\/p>\n<p>&nbsp;<\/p>\n<h2>Publica\u00e7\u00f5es do dia 17\/01\/2023<\/h2>\n<h2>Documentos para as matr\u00edculas do Programa de Resid\u00eancia em Cl\u00ednica Cir\u00fargica em Animais de Companhia:<\/h2>\n<p><a href=\"https:\/\/wp.ufpel.edu.br\/coremu\/files\/2023\/01\/PRIMEIRA-CHAMADA-Orientacoes-para-as-matriculas.pdf\">Orienta\u00e7\u00f5es para as matr\u00edculas<\/a>\u00a0(17\/01\/2023)<\/p>\n<p><a href=\"https:\/\/wp.ufpel.edu.br\/coremu\/files\/2023\/01\/FICHA-FINANCEIRA-COM-RESTRICAO.docx\">Ficha Financeira para preenchimento<\/a> (17\/01\/2023)<\/p>\n<p><a href=\"https:\/\/wp.ufpel.edu.br\/coremu\/files\/2023\/01\/DECLARACAO-MORADIA.pdf\">Declara\u00e7\u00e3o de Moradia<\/a> (17\/01\/2023)<\/p>\n<p><a href=\"https:\/\/forms.gle\/A366Tmx83v4ho48V6\">Formul\u00e1rio de Desist\u00eancia<\/a> (17\/01\/2023)<\/p>\n<h2>Formul\u00e1rios eletr\u00f4nicos para preenchimento e envio de documenta\u00e7\u00e3o (links tamb\u00e9m disponibilizados no documento &#8220;orienta\u00e7\u00f5es para as matr\u00edculas&#8221;):<\/h2>\n<p><a href=\"https:\/\/forms.gle\/MWm4pG3p9Wd3QnZk7\">Formul\u00e1rio de envio de documentos para matr\u00edculas PS 166\/2022<\/a> (17\/01\/2023)<\/p>\n<p><a href=\"https:\/\/forms.gle\/HePVexUsWsqhfdvW6\">Formul\u00e1rio para preenchimento de informa\u00e7\u00f5es PS 166\/2022<\/a> (17\/01\/2023)<\/p>\n<h2><\/h2>\n<p>&nbsp;<\/p>\n","protected":false},"excerpt":{"rendered":"<p>Publica\u00e7\u00f5es do dia 27\/02\/2023 Documentos para a matr\u00edcula do Programa de Resid\u00eancia em Patologia Cl\u00ednica Veterin\u00e1ria: Orienta\u00e7\u00f5es para as matr\u00edculas (27\/02\/2023) Ficha Financeira para preenchimento (27\/02\/2023) Declara\u00e7\u00e3o de Moradia (27\/02\/2023) Formul\u00e1rio de Desist\u00eancia (27\/02\/2023) Formul\u00e1rios eletr\u00f4nicos para preenchimento e envio de documenta\u00e7\u00e3o (links tamb\u00e9m disponibilizados no documento \u201corienta\u00e7\u00f5es para as matr\u00edculas\u201d): Formul\u00e1rio de envio de [&hellip;]<\/p>\n","protected":false},"author":1209,"featured_media":0,"parent":415,"menu_order":4,"comment_status":"closed","ping_status":"closed","template":"","meta":{"_crdt_document":"","footnotes":""},"class_list":["post-520","page","type-page","status-publish","hentry"],"_links":{"self":[{"href":"https:\/\/wp.ufpel.edu.br\/coremu\/wp-json\/wp\/v2\/pages\/520","targetHints":{"allow":["GET"]}}],"collection":[{"href":"https:\/\/wp.ufpel.edu.br\/coremu\/wp-json\/wp\/v2\/pages"}],"about":[{"href":"https:\/\/wp.ufpel.edu.br\/coremu\/wp-json\/wp\/v2\/types\/page"}],"author":[{"embeddable":true,"href":"https:\/\/wp.ufpel.edu.br\/coremu\/wp-json\/wp\/v2\/users\/1209"}],"replies":[{"embeddable":true,"href":"https:\/\/wp.ufpel.edu.br\/coremu\/wp-json\/wp\/v2\/comments?post=520"}],"version-history":[{"count":30,"href":"https:\/\/wp.ufpel.edu.br\/coremu\/wp-json\/wp\/v2\/pages\/520\/revisions"}],"predecessor-version":[{"id":651,"href":"https:\/\/wp.ufpel.edu.br\/coremu\/wp-json\/wp\/v2\/pages\/520\/revisions\/651"}],"up":[{"embeddable":true,"href":"https:\/\/wp.ufpel.edu.br\/coremu\/wp-json\/wp\/v2\/pages\/415"}],"wp:attachment":[{"href":"https:\/\/wp.ufpel.edu.br\/coremu\/wp-json\/wp\/v2\/media?parent=520"}],"curies":[{"name":"wp","href":"https:\/\/api.w.org\/{rel}","templated":true}]}}