{"id":51,"date":"2021-12-07T10:57:42","date_gmt":"2021-12-07T13:57:42","guid":{"rendered":"https:\/\/wp.ufpel.edu.br\/coremu\/?page_id=51"},"modified":"2025-01-10T11:40:27","modified_gmt":"2025-01-10T14:40:27","slug":"processo-seletivo-2020-ingresso-2021","status":"publish","type":"page","link":"https:\/\/wp.ufpel.edu.br\/coremu\/processos-seletivos\/anteriores\/processo-seletivo-2020-ingresso-2021\/","title":{"rendered":"Processo Seletivo 2020 (Ingresso 2021)"},"content":{"rendered":"<h3>Chamadas<\/h3>\n<p><a href=\"https:\/\/wp.ufpel.edu.br\/coremu\/files\/2025\/01\/Sexta-Chamada-Medicina-Veterinaria.pdf\">Sexta Chamada &#8211; Medicina Veterin\u00e1ria<\/a><\/p>\n<p><a href=\"https:\/\/wp.ufpel.edu.br\/coremu\/files\/2025\/01\/Terceira-Chamada-Cirurgia-e-Traumatologia-Bucomaxilofacial.pdf\">Terceira Chamada &#8211; Cirurgia e Traumatologia Bucomaxilofacial<\/a><\/p>\n<p><a href=\"https:\/\/wp.ufpel.edu.br\/coremu\/files\/2025\/01\/Quinta-Chamada-Medicina-Veterinaria.pdf\">Quinta Chamada &#8211; Medicina Veterin\u00e1ria<\/a><\/p>\n<p><a href=\"https:\/\/wp.ufpel.edu.br\/coremu\/files\/2025\/01\/Quarta-Chamada-Medicina-Veterinaria.pdf\">Quarta Chamada &#8211; Medicina Veterin\u00e1ria<\/a><\/p>\n<p><a href=\"https:\/\/wp.ufpel.edu.br\/coremu\/files\/2025\/01\/Terceira-Chamada-Medicina-Veterinaria.pdf\">Terceira Chamada &#8211; Medicina Veterin\u00e1ria<\/a><\/p>\n<p><a href=\"https:\/\/wp.ufpel.edu.br\/coremu\/files\/2025\/01\/Segunda-Chamada-Medicina-Veterinaria-RETIFICACAO.pdf\">Segunda Chamada &#8211; Medicina Veterin\u00e1ria &#8211; RETIFICA\u00c7\u00c3O<\/a><\/p>\n<p><a href=\"https:\/\/wp.ufpel.edu.br\/coremu\/files\/2025\/01\/Segunda-Chamada-Cirurgia-e-Traumatologia-Buco-Maxilo-Facial.pdf\">Segunda Chamada &#8211; Cirurgia e Traumatologia Buco-Maxilo-Facial<\/a><\/p>\n<p><a href=\"https:\/\/wp.ufpel.edu.br\/coremu\/files\/2025\/01\/Terceira-Chamada-Atencao-a-Saude-da-Crianca.pdf\">Terceira Chamada &#8211; Aten\u00e7\u00e3o \u00e0 Sa\u00fade da Crian\u00e7a<\/a><\/p>\n<p><a href=\"https:\/\/wp.ufpel.edu.br\/coremu\/files\/2025\/01\/Quinta-Chamada-Atencao-a-Saude-Oncologica.pdf\">Quinta Chamada &#8211; Aten\u00e7\u00e3o \u00e0 Sa\u00fade Oncol\u00f3gica<\/a><\/p>\n<p><a href=\"https:\/\/wp.ufpel.edu.br\/coremu\/files\/2025\/01\/Quarta-Chamada-Atencao-a-Saude-Oncologica.pdf\">Quarta Chamada &#8211; Aten\u00e7\u00e3o \u00e0 Sa\u00fade Oncol\u00f3gica<\/a><\/p>\n<p><a href=\"https:\/\/wp.ufpel.edu.br\/coremu\/files\/2025\/01\/Terceira-Chamada-Atencao-a-Saude-Oncologica-1.pdf\">Terceira Chamada &#8211; Aten\u00e7\u00e3o \u00e0 Sa\u00fade Oncol\u00f3gica <\/a><\/p>\n<p><a href=\"https:\/\/wp.ufpel.edu.br\/coremu\/files\/2025\/01\/Segunda-Chamada-Atencao-a-Saude-da-Crianca.pdf\">Segunda Chamada &#8211; Aten\u00e7\u00e3o \u00e0 Sa\u00fade da Crian\u00e7a<\/a><\/p>\n<p><a href=\"https:\/\/wp.ufpel.edu.br\/coremu\/files\/2025\/01\/Segunda-Chamada-Atencao-a-Saude-Oncologica.pdf\">Segunda Chamada &#8211; Aten\u00e7\u00e3o \u00e0 Sa\u00fade Oncol\u00f3gica<\/a><\/p>\n<p>&nbsp;<\/p>\n<h3>Resultado Definitivo<\/h3>\n<p><a href=\"https:\/\/wp.ufpel.edu.br\/coremu\/files\/2025\/01\/Resultado-Final-Definitivo-Medicina-Veterinaria.pdf\">Resultado Final Definitivo &#8211; Medicina Veterin\u00e1ria<\/a><\/p>\n<p><a href=\"https:\/\/wp.ufpel.edu.br\/coremu\/files\/2025\/01\/Resultado-Final-Definitivo-Cirurgia-e-Traumatologia-Bucomaxilofacial.pdf\">Resultado Final Definitivo &#8211; Cirurgia e Traumatologia Bucomaxilofacial<\/a><\/p>\n<p><a href=\"https:\/\/wp.ufpel.edu.br\/coremu\/files\/2025\/01\/Resultado-Final-Definitivo-Atencao-a-Saude-Oncologica.pdf\">R<\/a><a href=\"https:\/\/wp.ufpel.edu.br\/coremu\/files\/2025\/01\/Resultado-Final-Definitivo-Atencao-a-Saude-Oncologica.pdf\">esultado Final Definitivo &#8211; Aten\u00e7\u00e3o \u00e0 Sa\u00fade Oncol\u00f3gica<\/a><\/p>\n<p><a href=\"https:\/\/wp.ufpel.edu.br\/coremu\/files\/2025\/01\/Resultado-Final-Definitivo-Atencao-a-Saude-da-Crianca.pdf\">Resultado Final Definitivo &#8211; Aten\u00e7\u00e3o \u00e0 Sa\u00fade da Crian\u00e7a<\/a><\/p>\n<h3><\/h3>\n<h3>Resultado Preliminar<\/h3>\n<p><a href=\"https:\/\/wp.ufpel.edu.br\/coremu\/files\/2025\/01\/Resultado-Final-Medicina-Veterinaria.pdf\">Resultado Final &#8211; Medicina Veterin\u00e1ria<\/a><\/p>\n<p><a href=\"https:\/\/wp.ufpel.edu.br\/coremu\/files\/2025\/01\/Resultado-Final-Cirurgia-e-Traumatologia-Buco-Maxilo-Facial.pdf\">Resultado Final &#8211; Cirurgia e Traumatologia Buco-Maxilo-Facial<\/a><\/p>\n<p><a href=\"https:\/\/wp.ufpel.edu.br\/coremu\/files\/2025\/01\/Resultado-Final-Atencao-a-Saude-Oncologica.pdf\">Resultado Final &#8211; Aten\u00e7\u00e3o \u00e0 Sa\u00fade Oncol\u00f3gica<\/a><\/p>\n<p><a href=\"https:\/\/wp.ufpel.edu.br\/coremu\/files\/2025\/01\/Resultado-Final-Atencao-a-Saude-da-Crianca.pdf\">Resultado Final &#8211; Aten\u00e7\u00e3o \u00e0 Sa\u00fade da Crian\u00e7a<\/a><\/p>\n<p>&nbsp;<\/p>\n<h3>Convoca\u00e7\u00f5es para segunda fase<\/h3>\n<p><a href=\"https:\/\/wp.ufpel.edu.br\/coremu\/files\/2025\/01\/Convocacao-para-a-Segunda-Fase-Medicina-Veterinaria-Saude-Coletiva.pdf\">Convoca\u00e7\u00e3o-para-a-Segunda-Fase-Medicina-Veterin\u00e1ria-Sa\u00fade-Coletiva<\/a><\/p>\n<p><a href=\"https:\/\/wp.ufpel.edu.br\/coremu\/files\/2025\/01\/Convocacao-para-a-Segunda-Fase-Medicina-Veterinaria-Preventiva-Doencas-e-Zoonoses-Parasitarias.pdf\">Convoca\u00e7\u00e3o-para-a-Segunda-Fase-Medicina-Veterin\u00e1ria-Preventiva-Doen\u00e7as-e-Zoonoses-Parasit\u00e1rias<\/a><\/p>\n<p><a href=\"https:\/\/wp.ufpel.edu.br\/coremu\/files\/2025\/01\/Convocacao-para-a-Segunda-Fase-Medicina-Veterinaria-Patologia-Clinica-Veterinaria.pdf\">Convoca\u00e7\u00e3o-para-a-Segunda-Fase-Medicina-Veterin\u00e1ria-Patologia-Cl\u00ednica-Veterin\u00e1ria<\/a><\/p>\n<p><a href=\"https:\/\/wp.ufpel.edu.br\/coremu\/files\/2025\/01\/Convocacao-para-a-Segunda-Fase-Medicina-Veterinaria-Patologia-Animal.pdf\">Convoca\u00e7\u00e3o-para-a-Segunda-Fase-Medicina-Veterin\u00e1ria-Patologia-Animal<\/a><\/p>\n<p><a href=\"https:\/\/wp.ufpel.edu.br\/coremu\/files\/2025\/01\/Convocacao-para-a-Segunda-Fase-Medicina-Veterinaria-Medicina-de-Animais-Silvestres.pdf\">Convoca\u00e7\u00e3o-para-a-Segunda-Fase-Medicina-Veterin\u00e1ria-Medicina-de-Animais-Silvestres<\/a><\/p>\n<p><a href=\"https:\/\/wp.ufpel.edu.br\/coremu\/files\/2025\/01\/Convocacao-para-a-Segunda-Fase-Medicina-Veterinaria-Inspecao-de-Leite-e-Derivados.pdf\">Convoca\u00e7\u00e3o-para-a-Segunda-Fase-Medicina-Veterin\u00e1ria-Inspe\u00e7\u00e3o-de-Leite-e-Derivados<\/a><\/p>\n<p><a href=\"https:\/\/wp.ufpel.edu.br\/coremu\/files\/2025\/01\/Convocacao-para-a-Segunda-Fase-Medicina-Veterinaria-Diagnostico-por-Imagem.pdf\">Convoca\u00e7\u00e3o-para-a-Segunda-Fase-Medicina-Veterin\u00e1ria-Diagn\u00f3stico-por-Imagem<\/a><\/p>\n<p><a href=\"https:\/\/wp.ufpel.edu.br\/coremu\/files\/2025\/01\/Convocacao-para-a-Segunda-Fase-Medicina-Veterinaria-Clinica-Medica-em-Animais-de-Companhia.pdf\">Convoca\u00e7\u00e3o-para-a-Segunda-Fase-Medicina-Veterin\u00e1ria-Cl\u00ednica-M\u00e9dica-em-Animais-de-Companhia<\/a><\/p>\n<p><a href=\"https:\/\/wp.ufpel.edu.br\/coremu\/files\/2025\/01\/Convocacao-para-a-Segunda-Fase-Medicina-Veterinaria-Clinica-Medica-de-Ruminantes.pdf\">Convoca\u00e7\u00e3o-para-a-Segunda-Fase-Medicina-Veterin\u00e1ria-Cl\u00ednica-M\u00e9dica-de-Ruminantes<\/a><\/p>\n<p><a href=\"https:\/\/wp.ufpel.edu.br\/coremu\/files\/2025\/01\/Convocacao-para-a-Segunda-Fase-Medicina-Veterinaria-Clinica-Medica-de-Equinos.pdf\">Convoca\u00e7\u00e3o-para-a-Segunda-Fase-Medicina-Veterin\u00e1ria-Cl\u00ednica-M\u00e9dica-de-Equinos<\/a><\/p>\n<p><a href=\"https:\/\/wp.ufpel.edu.br\/coremu\/files\/2025\/01\/Convocacao-para-a-Segunda-Fase-Medicina-Veterinaria-Clinica-Cirurgica-em-Animais-de-Companhia.pdf\">Convoca\u00e7\u00e3o-para-a-Segunda-Fase-Medicina-Veterin\u00e1ria-Cl\u00ednica-Cir\u00fargica-em-Animais-de-Companhia<\/a><\/p>\n<p><a href=\"https:\/\/wp.ufpel.edu.br\/coremu\/files\/2025\/01\/Convocacao-para-a-Segunda-Fase-Medicina-Veterinaria-Anestesiologia.pdf\">Convoca\u00e7\u00e3o-para-a-Segunda-Fase-Medicina-Veterin\u00e1ria-Anestesiologia<\/a><\/p>\n<p><a href=\"https:\/\/wp.ufpel.edu.br\/coremu\/files\/2025\/01\/Convocacao-para-a-Segunda-Fase-Cirurgia-e-Traumatologia-Bucomaxilofaciais.pdf\">Convoca\u00e7\u00e3o-para-a-Segunda-Fase-Cirurgia-e-Traumatologia-Bucomaxilofaciais<\/a><\/p>\n<p><a href=\"https:\/\/wp.ufpel.edu.br\/coremu\/files\/2025\/01\/Convocacao-para-a-Segunda-Fase-Atencao-a-Saude-Oncologica-Terapia-Ocupacional.pdf\">Convoca\u00e7\u00e3o-para-a-Segunda-Fase-Aten\u00e7\u00e3o-\u00e0-Sa\u00fade-Oncol\u00f3gica-Terapia-Ocupacional<\/a><\/p>\n<p><a href=\"https:\/\/wp.ufpel.edu.br\/coremu\/files\/2025\/01\/Convocacao-para-a-Segunda-Fase-Atencao-a-Saude-Oncologica-Odontologia.pdf\">Convoca\u00e7\u00e3o-para-a-Segunda-Fase-Aten\u00e7\u00e3o-\u00e0-Sa\u00fade-Oncol\u00f3gica-Odontologia<\/a><\/p>\n<p><a href=\"https:\/\/wp.ufpel.edu.br\/coremu\/files\/2025\/01\/Convocacao-para-a-Segunda-Fase-Atencao-a-Saude-Oncologica-Enfermagem.pdf\">Convoca\u00e7\u00e3o-para-a-Segunda-Fase-Aten\u00e7\u00e3o-\u00e0-Sa\u00fade-Oncol\u00f3gica-Enfermagem<\/a><\/p>\n<p><a href=\"https:\/\/wp.ufpel.edu.br\/coremu\/files\/2025\/01\/Convocacao-para-a-Segunda-Fase-Atencao-a-Saude-da-Crianca-Odontologia.pdf\">Convoca\u00e7\u00e3o-para-a-Segunda-Fase-Aten\u00e7\u00e3o-\u00e0-Sa\u00fade-da-Crian\u00e7a-Odontologia<\/a><\/p>\n<p><a href=\"https:\/\/wp.ufpel.edu.br\/coremu\/files\/2025\/01\/Convocacao-para-a-Segunda-Fase-Atencao-a-Saude-da-Crianca-Nutricao.pdf\">Convoca\u00e7\u00e3o-para-a-Segunda-Fase-Aten\u00e7\u00e3o-\u00e0-Sa\u00fade-da-Crian\u00e7a-Nutri\u00e7\u00e3o<\/a><\/p>\n<p><a href=\"https:\/\/wp.ufpel.edu.br\/coremu\/files\/2025\/01\/Convocacao-para-a-Segunda-Fase-Atencao-a-Saude-da-Crianca-Educacao-Fisica.pdf\">Convoca\u00e7\u00e3o-para-a-Segunda-Fase-Aten\u00e7\u00e3o-\u00e0-Sa\u00fade-da-Crian\u00e7a-Educa\u00e7\u00e3o-F\u00edsica<\/a><\/p>\n<p>&nbsp;<\/p>\n<h3><strong>Editais<\/strong><\/h3>\n<p><a href=\"https:\/\/wp.ufpel.edu.br\/coremu\/files\/2025\/01\/Portaria-de-composicao-da-Comissao-Geral-do-Processo-Seletivo.pdf\">Portaria de composi\u00e7\u00e3o da Comiss\u00e3o Geral do Processo Seletivo<\/a><\/p>\n<p><a href=\"https:\/\/wp.ufpel.edu.br\/coremu\/files\/2025\/01\/RETIFICACAO-DO-ANEXO-I-\u2013-Tabela-de-Avaliacao-Curricular-\u2013-Medicina-Veterinaria.pdf\">RETIFICA\u00c7\u00c3O DO ANEXO I \u2013 Tabela de Avalia\u00e7\u00e3o Curricular \u2013 Medicina Veterin\u00e1ria<\/a><\/p>\n<p><a href=\"https:\/\/wp.ufpel.edu.br\/coremu\/files\/2025\/01\/Edital-de-Retificacao-no-32-2020.pdf\">Edital de Retifica\u00e7\u00e3o n\u00ba 32 2020<\/a><\/p>\n<p><a href=\"https:\/\/wp.ufpel.edu.br\/coremu\/files\/2025\/01\/ANEXO-II-Formulario-de-Recurso-segunda-fase.pdf\">ANEXO II &#8211; Formul\u00e1rio de Recurso (segunda fase)<\/a><\/p>\n<p><a href=\"https:\/\/wp.ufpel.edu.br\/coremu\/files\/2025\/01\/ANEXO-I-\u2013-Tabela-de-Avaliacao-Curricular-\u2013-Medicina-Veterinaria.pdf\">ANEXO I \u2013 Tabela de Avalia\u00e7\u00e3o Curricular \u2013 Medicina Veterin\u00e1ria<\/a><\/p>\n<p><a href=\"https:\/\/wp.ufpel.edu.br\/coremu\/files\/2025\/01\/ANEXO-I-\u2013-Tabela-de-Avaliacao-Curricular-\u2013-Cirurgia-e-Traumatologia-Bucomaxilofaciais.pdf\">ANEXO I \u2013 Tabela de Avalia\u00e7\u00e3o Curricular \u2013 Cirurgia e Traumatologia Bucomaxilofaciais<\/a><\/p>\n<p><a href=\"https:\/\/wp.ufpel.edu.br\/coremu\/files\/2025\/01\/ANEXO-I-\u2013-Tabela-de-Avaliacao-Curricular-\u2013-Atencao-a-Saude-da-Crianca.pdf\">ANEXO I \u2013 Tabela de Avalia\u00e7\u00e3o Curricular \u2013 Aten\u00e7\u00e3o \u00e0 Sa\u00fade da Crian\u00e7a<\/a><\/p>\n<p><a href=\"https:\/\/wp.ufpel.edu.br\/coremu\/files\/2025\/01\/ANEXO-I-\u2013-Tabela-de-Avaliacao-Curricular-\u2013-Atencao-a-Saude-Oncologica.pdf\">ANEXO I \u2013 Tabela de Avalia\u00e7\u00e3o Curricular \u2013 Aten\u00e7\u00e3o \u00e0 Sa\u00fade Oncol\u00f3gica<\/a><\/p>\n<p><a href=\"https:\/\/wp.ufpel.edu.br\/coremu\/files\/2025\/01\/Edital-de-Processo-Seletivo-no-99-2020.pdf\">Edital de Processo Seletivo n\u00ba 99-2020<\/a><\/p>\n","protected":false},"excerpt":{"rendered":"<p>Chamadas Sexta Chamada &#8211; Medicina Veterin\u00e1ria Terceira Chamada &#8211; Cirurgia e Traumatologia Bucomaxilofacial Quinta Chamada &#8211; Medicina Veterin\u00e1ria Quarta Chamada &#8211; Medicina Veterin\u00e1ria Terceira Chamada &#8211; Medicina Veterin\u00e1ria Segunda Chamada &#8211; Medicina Veterin\u00e1ria &#8211; RETIFICA\u00c7\u00c3O Segunda Chamada &#8211; Cirurgia e Traumatologia Buco-Maxilo-Facial Terceira Chamada &#8211; Aten\u00e7\u00e3o \u00e0 Sa\u00fade da Crian\u00e7a Quinta Chamada &#8211; Aten\u00e7\u00e3o \u00e0 [&hellip;]<\/p>\n","protected":false},"author":1209,"featured_media":0,"parent":1201,"menu_order":3,"comment_status":"closed","ping_status":"closed","template":"","meta":{"footnotes":""},"class_list":["post-51","page","type-page","status-publish","hentry"],"_links":{"self":[{"href":"https:\/\/wp.ufpel.edu.br\/coremu\/wp-json\/wp\/v2\/pages\/51","targetHints":{"allow":["GET"]}}],"collection":[{"href":"https:\/\/wp.ufpel.edu.br\/coremu\/wp-json\/wp\/v2\/pages"}],"about":[{"href":"https:\/\/wp.ufpel.edu.br\/coremu\/wp-json\/wp\/v2\/types\/page"}],"author":[{"embeddable":true,"href":"https:\/\/wp.ufpel.edu.br\/coremu\/wp-json\/wp\/v2\/users\/1209"}],"replies":[{"embeddable":true,"href":"https:\/\/wp.ufpel.edu.br\/coremu\/wp-json\/wp\/v2\/comments?post=51"}],"version-history":[{"count":8,"href":"https:\/\/wp.ufpel.edu.br\/coremu\/wp-json\/wp\/v2\/pages\/51\/revisions"}],"predecessor-version":[{"id":1349,"href":"https:\/\/wp.ufpel.edu.br\/coremu\/wp-json\/wp\/v2\/pages\/51\/revisions\/1349"}],"up":[{"embeddable":true,"href":"https:\/\/wp.ufpel.edu.br\/coremu\/wp-json\/wp\/v2\/pages\/1201"}],"wp:attachment":[{"href":"https:\/\/wp.ufpel.edu.br\/coremu\/wp-json\/wp\/v2\/media?parent=51"}],"curies":[{"name":"wp","href":"https:\/\/api.w.org\/{rel}","templated":true}]}}