{"id":45,"date":"2021-12-07T10:56:15","date_gmt":"2021-12-07T13:56:15","guid":{"rendered":"https:\/\/wp.ufpel.edu.br\/coremu\/?page_id=45"},"modified":"2025-01-10T11:16:41","modified_gmt":"2025-01-10T14:16:41","slug":"processo-seletivo-2019-ingresso-2020","status":"publish","type":"page","link":"https:\/\/wp.ufpel.edu.br\/coremu\/processos-seletivos\/anteriores\/processo-seletivo-2019-ingresso-2020\/","title":{"rendered":"Processo Seletivo 2019 (Ingresso 2020)"},"content":{"rendered":"<h3>Medicina Veterin\u00e1ria<\/h3>\n<p><a href=\"https:\/\/wp.ufpel.edu.br\/coremu\/files\/2025\/01\/Convocacao-de-SUPLENTES-para-matricula-II-\u2013-Edital-139-2019.pdf\">Convoca\u00e7\u00e3o de SUPLENTES para matr\u00edcula II \u2013 Edital 139-2019<\/a><\/p>\n<p><a href=\"https:\/\/wp.ufpel.edu.br\/coremu\/files\/2025\/01\/Convocacao-de-SUPLENTES-para-matricula-\u2013-Edital-139-2019.pdf\">Convoca\u00e7\u00e3o de SUPLENTES para matr\u00edcula \u2013 Edital 139-2019<\/a><\/p>\n<p><a href=\"https:\/\/wp.ufpel.edu.br\/coremu\/files\/2025\/01\/Local-e-horarios-para-as-matriculas-1.pdf\">Local e hor\u00e1rios para as matr\u00edculas<\/a><\/p>\n<p><a href=\"https:\/\/wp.ufpel.edu.br\/coremu\/files\/2025\/01\/Documentos-necessarios-para-as-matriculas-1.pdf\">Documentos necess\u00e1rios para as matr\u00edculas<\/a><\/p>\n<p><a href=\"https:\/\/wp.ufpel.edu.br\/coremu\/files\/2025\/01\/Resultado-FINAL-DEFINITIVO.pdf\">Resultado FINAL DEFINITIVO<\/a><\/p>\n<p><a href=\"https:\/\/wp.ufpel.edu.br\/coremu\/files\/2025\/01\/Resposta-aos-recursos-1.pdf\">Resposta aos recursos<\/a><\/p>\n<p><a href=\"https:\/\/wp.ufpel.edu.br\/coremu\/files\/2025\/01\/Resultado-Final-\u2013-PRELIMINAR-1.pdf\">Resultado Final \u2013 PRELIMINAR<\/a><\/p>\n<p><a href=\"https:\/\/wp.ufpel.edu.br\/coremu\/files\/2025\/01\/Classificados-para-apresentacao-do-Memorial-1.pdf\">Classificados para apresenta\u00e7\u00e3o do Memorial<\/a><\/p>\n<p><a href=\"https:\/\/wp.ufpel.edu.br\/coremu\/files\/2025\/01\/Resultado-DEFINITIVO-da-prova-objetiva-1.pdf\">Resultado DEFINITIVO da prova objetiva<\/a><\/p>\n<p><a href=\"https:\/\/wp.ufpel.edu.br\/coremu\/files\/2025\/01\/Gabaritos-Definitivos-1.pdf\">Gabaritos Definitivos<\/a><\/p>\n<p><a href=\"https:\/\/wp.ufpel.edu.br\/coremu\/files\/2025\/01\/Resultado-Preliminar-da-Prova-Objetiva-\u2013-Edital-139-2019-1.pdf\">Resultado Preliminar da Prova Objetiva \u2013 Edital 139-2019<\/a><\/p>\n<p><a href=\"https:\/\/wp.ufpel.edu.br\/coremu\/files\/2025\/01\/Gabarito-da-Prova-Objetiva-\u2013-PS-139-2019-1.pdf\">Gabarito da Prova Objetiva \u2013 PS 139-2019<\/a><\/p>\n<p><a href=\"https:\/\/wp.ufpel.edu.br\/coremu\/files\/2025\/01\/Homologacao-das-Inscricoes-apos-Recursos-1.pdf\">Homologa\u00e7\u00e3o das Inscri\u00e7\u00f5es ap\u00f3s Recursos<\/a><\/p>\n<p><a href=\"https:\/\/wp.ufpel.edu.br\/coremu\/files\/2025\/01\/Homologacao-das-Inscricoes-e-Local-de-Prova-1.pdf\">Homologa\u00e7\u00e3o das Inscri\u00e7\u00f5es e Local de Prova<\/a><\/p>\n<p><a href=\"https:\/\/wp.ufpel.edu.br\/coremu\/files\/2025\/01\/Portaria-de-Nomeacao-da-Comissao-Geral-do-Processo-Seletivo-1-2.pdf\">Portaria de Nomea\u00e7\u00e3o da Comiss\u00e3o Geral do Processo Seletivo<\/a><\/p>\n<p><a href=\"https:\/\/wp.ufpel.edu.br\/coremu\/files\/2025\/01\/Bibliografia-SUS-1.pdf\">Bibliografia SUS<\/a><\/p>\n<p><a href=\"https:\/\/wp.ufpel.edu.br\/coremu\/files\/2025\/01\/Bibliografia-1.pdf\">Bibliografia<\/a><\/p>\n<p><a href=\"https:\/\/wp.ufpel.edu.br\/coremu\/files\/2025\/01\/Edital-139-2019-anexo-III-1.pdf\">Edital-139-2019-anexo III<\/a><\/p>\n<p><a href=\"https:\/\/wp.ufpel.edu.br\/coremu\/files\/2025\/01\/Edital-139-2019-anexo-II-1.pdf\">Edital-139-2019-anexo II<\/a><\/p>\n<p><a href=\"https:\/\/wp.ufpel.edu.br\/coremu\/files\/2025\/01\/Edital-139-2019-Selecao-Medicina-Veterinaria-1.pdf\">Edital-139-2019-Selecao Medicina Veterinaria<\/a><\/p>\n<p><a href=\"https:\/\/wp.ufpel.edu.br\/coremu\/files\/2025\/01\/Edital-139-2019-anexo-I-1.pdf\">Edital-139-2019-anexo I<\/a><\/p>\n<h3><strong>Odontologia<\/strong><\/h3>\n<p><a href=\"https:\/\/wp.ufpel.edu.br\/coremu\/files\/2025\/01\/Ficha-Financeira-para-Preenchimento.docx\">Ficha Financeira para Preenchimento<\/a><\/p>\n<p><a href=\"https:\/\/wp.ufpel.edu.br\/coremu\/files\/2025\/01\/Local-e-horarios-para-as-matriculas.pdf\">Local e hor\u00e1rios para as matr\u00edculas<\/a><\/p>\n<p><a href=\"https:\/\/wp.ufpel.edu.br\/coremu\/files\/2025\/01\/Documentos-necessarios-para-as-matriculas.pdf\">Documentos necess\u00e1rios para as matr\u00edculas<\/a><\/p>\n<p><a href=\"https:\/\/wp.ufpel.edu.br\/coremu\/files\/2025\/01\/Resultado-FINAL-24-01-20-\u2013-PS-159-2019.pdf\">Resultado FINAL 24-01-20 \u2013 PS 159-2019<\/a><\/p>\n<p><a href=\"https:\/\/wp.ufpel.edu.br\/coremu\/files\/2025\/01\/Resultado-Final-PRELIMINAR-CTBMF-\u2013-20-01-2020.pdf\">Resultado Final PRELIMINAR CTBMF \u2013 20-01-2020<\/a><\/p>\n<p><a href=\"https:\/\/wp.ufpel.edu.br\/coremu\/files\/2025\/01\/Classificados-para-apresentacao-do-Memorial-2a-FASE.pdf\">Classificados para apresenta\u00e7\u00e3o do Memorial (2\u00aa FASE)<\/a><\/p>\n<p><a href=\"https:\/\/wp.ufpel.edu.br\/coremu\/files\/2025\/01\/Data-para-apresentacao-dos-memoriais-\u2013-Edital-159-2019.pdf\">Data para apresenta\u00e7\u00e3o dos memoriais \u2013 Edital 159-2019<\/a><\/p>\n<p><a href=\"https:\/\/wp.ufpel.edu.br\/coremu\/files\/2025\/01\/Resultado-Preliminar-da-Prova-Objetiva-\u2013-Edital-159-2019-1.pdf\">Resultado Preliminar da Prova Objetiva \u2013 Edital 159-2019<\/a><\/p>\n<p><a href=\"https:\/\/wp.ufpel.edu.br\/coremu\/files\/2025\/01\/Gabarito-PRELIMINAR-da-Prova-Objetiva-\u2013-PS-159-2019-2.pdf\">Gabarito PRELIMINAR da Prova Objetiva \u2013 PS 159-2019<\/a><\/p>\n<p><a href=\"https:\/\/wp.ufpel.edu.br\/coremu\/files\/2025\/01\/Homologacao-das-inscricoes-\u2013-Edital-159-2019-1.pdf\">Homologa\u00e7\u00e3o das inscri\u00e7\u00f5es \u2013 Edital 159-2019<\/a><\/p>\n<p><a href=\"https:\/\/wp.ufpel.edu.br\/coremu\/files\/2025\/01\/Portaria-de-Nomeacao-da-Comissao-Geral-do-Processo-Seletivo-1.pdf\">Portaria de Nomea\u00e7\u00e3o da Comiss\u00e3o Geral do Processo Seletivo<\/a><\/p>\n<p><a href=\"https:\/\/wp.ufpel.edu.br\/coremu\/files\/2025\/01\/Referencias-Bibliograficas-\u2013-edital-159-2019-1.pdf\">Refer\u00eancias Bibliogr\u00e1ficas \u2013 edital 159-2019<\/a><\/p>\n<p><a href=\"https:\/\/wp.ufpel.edu.br\/coremu\/files\/2025\/01\/Edital-159-2019-\u2013-anexo-III-1.pdf\">Edital 159-2019 \u2013 anexo III<\/a><\/p>\n<p><a href=\"https:\/\/wp.ufpel.edu.br\/coremu\/files\/2025\/01\/Edital-159-2019-\u2013-anexo-II-1.pdf\">Edital 159-2019 \u2013 anexo II<\/a><\/p>\n<p><a href=\"https:\/\/wp.ufpel.edu.br\/coremu\/files\/2025\/01\/Edital-159-2019-\u2013-anexo-I-1.pdf\">Edital 159-2019 \u2013 anexo I<\/a><\/p>\n<p><a href=\"https:\/\/wp.ufpel.edu.br\/coremu\/files\/2025\/01\/Edital-159-2019-\u2013-Bucomaxilofaciais-1.pdf\">Edital 159-2019 \u2013 Bucomaxilofaciais<\/a><\/p>\n","protected":false},"excerpt":{"rendered":"<p>Medicina Veterin\u00e1ria Convoca\u00e7\u00e3o de SUPLENTES para matr\u00edcula II \u2013 Edital 139-2019 Convoca\u00e7\u00e3o de SUPLENTES para matr\u00edcula \u2013 Edital 139-2019 Local e hor\u00e1rios para as matr\u00edculas Documentos necess\u00e1rios para as matr\u00edculas Resultado FINAL DEFINITIVO Resposta aos recursos Resultado Final \u2013 PRELIMINAR Classificados para apresenta\u00e7\u00e3o do Memorial Resultado DEFINITIVO da prova objetiva Gabaritos Definitivos Resultado Preliminar da [&hellip;]<\/p>\n","protected":false},"author":1209,"featured_media":0,"parent":1201,"menu_order":1,"comment_status":"closed","ping_status":"closed","template":"","meta":{"footnotes":""},"class_list":["post-45","page","type-page","status-publish","hentry"],"_links":{"self":[{"href":"https:\/\/wp.ufpel.edu.br\/coremu\/wp-json\/wp\/v2\/pages\/45","targetHints":{"allow":["GET"]}}],"collection":[{"href":"https:\/\/wp.ufpel.edu.br\/coremu\/wp-json\/wp\/v2\/pages"}],"about":[{"href":"https:\/\/wp.ufpel.edu.br\/coremu\/wp-json\/wp\/v2\/types\/page"}],"author":[{"embeddable":true,"href":"https:\/\/wp.ufpel.edu.br\/coremu\/wp-json\/wp\/v2\/users\/1209"}],"replies":[{"embeddable":true,"href":"https:\/\/wp.ufpel.edu.br\/coremu\/wp-json\/wp\/v2\/comments?post=45"}],"version-history":[{"count":5,"href":"https:\/\/wp.ufpel.edu.br\/coremu\/wp-json\/wp\/v2\/pages\/45\/revisions"}],"predecessor-version":[{"id":1274,"href":"https:\/\/wp.ufpel.edu.br\/coremu\/wp-json\/wp\/v2\/pages\/45\/revisions\/1274"}],"up":[{"embeddable":true,"href":"https:\/\/wp.ufpel.edu.br\/coremu\/wp-json\/wp\/v2\/pages\/1201"}],"wp:attachment":[{"href":"https:\/\/wp.ufpel.edu.br\/coremu\/wp-json\/wp\/v2\/media?parent=45"}],"curies":[{"name":"wp","href":"https:\/\/api.w.org\/{rel}","templated":true}]}}