{"id":380,"date":"2022-05-08T23:09:18","date_gmt":"2022-05-09T02:09:18","guid":{"rendered":"https:\/\/wp.ufpel.edu.br\/coremu\/?page_id=380"},"modified":"2026-02-27T17:24:01","modified_gmt":"2026-02-27T20:24:01","slug":"profissionais-residentes","status":"publish","type":"page","link":"https:\/\/wp.ufpel.edu.br\/coremu\/documentos\/manuais\/profissionais-residentes\/","title":{"rendered":"Profissionais Residentes"},"content":{"rendered":"<h3>Documentos do Minist\u00e9rio da Sa\u00fade<\/h3>\n<h3>Manual SIGRESID\u00caNCIAS<\/h3>\n<p>Encontram-se dispon\u00edveis no rodap\u00e9 da <a href=\"https:\/\/sigresidencias.saude.gov.br\/login\">p\u00e1gina do sistema<\/a>.<\/p>\n<h3>Documentos relativos a pagamentos:<\/h3>\n<p><a href=\"https:\/\/simapes.org.br\/demonstrativo-de-pagamento-de-bolsas-pro-residencias-do-ministerio-da-saude\/\">Demonstrativo de Pagamentos<\/a><\/p>\n<p><a href=\"https:\/\/sgtes.unasus.gov.br\/informe-rendimento-residencia\/\">Informe de Rendimentos Anuais<\/a><\/p>\n<p>ATEN\u00c7\u00c3O: N\u00e3o existe outro meio para acesso a informa\u00e7\u00f5es de bolsas. Os documentos acima s\u00e3o de responsabilidade exclusiva do Minist\u00e9rio da Sa\u00fade, gestor do pagamento das bolsas.<\/p>\n<p>Em caso de d\u00favidas, o Residente dever\u00e1 contat\u00e1-los, atrav\u00e9s dos canais abaixo:<\/p>\n<p><img class=\"aligncenter wp-image-1778\" src=\"https:\/\/wp.ufpel.edu.br\/coremu\/files\/2026\/02\/ChatGPT-Image-3-de-fev.-de-2026-10_16_30-e1770124712427-400x201.png\" alt=\"\" width=\"524\" height=\"263\" srcset=\"https:\/\/wp.ufpel.edu.br\/coremu\/files\/2026\/02\/ChatGPT-Image-3-de-fev.-de-2026-10_16_30-e1770124712427-400x201.png 400w, https:\/\/wp.ufpel.edu.br\/coremu\/files\/2026\/02\/ChatGPT-Image-3-de-fev.-de-2026-10_16_30-e1770124712427-1024x514.png 1024w, https:\/\/wp.ufpel.edu.br\/coremu\/files\/2026\/02\/ChatGPT-Image-3-de-fev.-de-2026-10_16_30-e1770124712427-768x386.png 768w, https:\/\/wp.ufpel.edu.br\/coremu\/files\/2026\/02\/ChatGPT-Image-3-de-fev.-de-2026-10_16_30-e1770124712427.png 1530w\" sizes=\"(max-width: 524px) 100vw, 524px\" \/><\/p>\n<p>&nbsp;<\/p>\n<h3>Documentos Internos<\/h3>\n<p><a href=\"https:\/\/wp.ufpel.edu.br\/coremu\/files\/2026\/02\/manual-residentes-2026.pdf\">Manual Residentes<\/a><\/p>\n<p><a href=\"https:\/\/wp.ufpel.edu.br\/coremu\/files\/2024\/01\/TUTORIAL-FICHAS-2023-1.pdf\">Tutorial para emiss\u00e3o de ficha catalogr\u00e1fica<\/a><\/p>\n","protected":false},"excerpt":{"rendered":"<p>Documentos do Minist\u00e9rio da Sa\u00fade Manual SIGRESID\u00caNCIAS Encontram-se dispon\u00edveis no rodap\u00e9 da p\u00e1gina do sistema. Documentos relativos a pagamentos: Demonstrativo de Pagamentos Informe de Rendimentos Anuais ATEN\u00c7\u00c3O: N\u00e3o existe outro meio para acesso a informa\u00e7\u00f5es de bolsas. Os documentos acima s\u00e3o de responsabilidade exclusiva do Minist\u00e9rio da Sa\u00fade, gestor do pagamento das bolsas. Em caso [&hellip;]<\/p>\n","protected":false},"author":1208,"featured_media":0,"parent":203,"menu_order":2,"comment_status":"closed","ping_status":"closed","template":"","meta":{"footnotes":""},"class_list":["post-380","page","type-page","status-publish","hentry"],"_links":{"self":[{"href":"https:\/\/wp.ufpel.edu.br\/coremu\/wp-json\/wp\/v2\/pages\/380","targetHints":{"allow":["GET"]}}],"collection":[{"href":"https:\/\/wp.ufpel.edu.br\/coremu\/wp-json\/wp\/v2\/pages"}],"about":[{"href":"https:\/\/wp.ufpel.edu.br\/coremu\/wp-json\/wp\/v2\/types\/page"}],"author":[{"embeddable":true,"href":"https:\/\/wp.ufpel.edu.br\/coremu\/wp-json\/wp\/v2\/users\/1208"}],"replies":[{"embeddable":true,"href":"https:\/\/wp.ufpel.edu.br\/coremu\/wp-json\/wp\/v2\/comments?post=380"}],"version-history":[{"count":5,"href":"https:\/\/wp.ufpel.edu.br\/coremu\/wp-json\/wp\/v2\/pages\/380\/revisions"}],"predecessor-version":[{"id":1848,"href":"https:\/\/wp.ufpel.edu.br\/coremu\/wp-json\/wp\/v2\/pages\/380\/revisions\/1848"}],"up":[{"embeddable":true,"href":"https:\/\/wp.ufpel.edu.br\/coremu\/wp-json\/wp\/v2\/pages\/203"}],"wp:attachment":[{"href":"https:\/\/wp.ufpel.edu.br\/coremu\/wp-json\/wp\/v2\/media?parent=380"}],"curies":[{"name":"wp","href":"https:\/\/api.w.org\/{rel}","templated":true}]}}