{"id":335,"date":"2022-03-21T11:57:48","date_gmt":"2022-03-21T14:57:48","guid":{"rendered":"https:\/\/wp.ufpel.edu.br\/coremu\/?page_id=335"},"modified":"2024-09-06T10:52:13","modified_gmt":"2024-09-06T13:52:13","slug":"nucleo-docente-assistencial-dos-programas","status":"publish","type":"page","link":"https:\/\/wp.ufpel.edu.br\/coremu\/documentos\/formularios-e-modelos\/nucleo-docente-assistencial-dos-programas\/","title":{"rendered":"N\u00facleo Docente-Assistencial dos Programas"},"content":{"rendered":"<h3>Formul\u00e1rio para cadastro de Profissionais vinculados aos Programas de Resid\u00eancia: <a href=\"https:\/\/forms.gle\/ARGRV3iRekbgKaLi8\">CLIQUE AQUI<\/a><\/h3>\n","protected":false},"excerpt":{"rendered":"<p>Formul\u00e1rio para cadastro de Profissionais vinculados aos Programas de Resid\u00eancia: CLIQUE AQUI<\/p>\n","protected":false},"author":1209,"featured_media":0,"parent":207,"menu_order":1,"comment_status":"closed","ping_status":"closed","template":"","meta":{"footnotes":""},"class_list":["post-335","page","type-page","status-publish","hentry"],"_links":{"self":[{"href":"https:\/\/wp.ufpel.edu.br\/coremu\/wp-json\/wp\/v2\/pages\/335","targetHints":{"allow":["GET"]}}],"collection":[{"href":"https:\/\/wp.ufpel.edu.br\/coremu\/wp-json\/wp\/v2\/pages"}],"about":[{"href":"https:\/\/wp.ufpel.edu.br\/coremu\/wp-json\/wp\/v2\/types\/page"}],"author":[{"embeddable":true,"href":"https:\/\/wp.ufpel.edu.br\/coremu\/wp-json\/wp\/v2\/users\/1209"}],"replies":[{"embeddable":true,"href":"https:\/\/wp.ufpel.edu.br\/coremu\/wp-json\/wp\/v2\/comments?post=335"}],"version-history":[{"count":2,"href":"https:\/\/wp.ufpel.edu.br\/coremu\/wp-json\/wp\/v2\/pages\/335\/revisions"}],"predecessor-version":[{"id":1039,"href":"https:\/\/wp.ufpel.edu.br\/coremu\/wp-json\/wp\/v2\/pages\/335\/revisions\/1039"}],"up":[{"embeddable":true,"href":"https:\/\/wp.ufpel.edu.br\/coremu\/wp-json\/wp\/v2\/pages\/207"}],"wp:attachment":[{"href":"https:\/\/wp.ufpel.edu.br\/coremu\/wp-json\/wp\/v2\/media?parent=335"}],"curies":[{"name":"wp","href":"https:\/\/api.w.org\/{rel}","templated":true}]}}