{"id":330,"date":"2022-03-18T14:27:37","date_gmt":"2022-03-18T17:27:37","guid":{"rendered":"https:\/\/wp.ufpel.edu.br\/coremu\/?page_id=330"},"modified":"2022-03-18T14:43:44","modified_gmt":"2022-03-18T17:43:44","slug":"resultado-final-preliminar","status":"publish","type":"page","link":"https:\/\/wp.ufpel.edu.br\/coremu\/processos-seletivos\/anteriores\/processo-seletivo-2022-ingresso-2022-1\/resultado-final-preliminar\/","title":{"rendered":"Resultado Final PRELIMINAR"},"content":{"rendered":"<h3>Programa de Resid\u00eancia em \u00c1rea Profissional da Sa\u00fade: Medicina Veterin\u00e1ria &#8211; INSPE\u00c7\u00c3O E TECNOLOGIA DE PRODUTOS DE ORIGEM ANIMAL (INSPE\u00c7\u00c3O DE LEITE E DERIVADOS)<\/h3>\n<p><a href=\"https:\/\/wp.ufpel.edu.br\/coremu\/files\/2022\/03\/Resultado-Final-PRELIMINAR-INSPECAO-E-TECNOLOGIA-DE-PRODUTOS-DE-ORIGEM-ANIMAL-INSPECAO-DE-LEITE-E-DERIVADOS.pdf\">Resultado Final PRELIMINAR<\/a> (18\/03\/2022)<\/p>\n","protected":false},"excerpt":{"rendered":"<p>Programa de Resid\u00eancia em \u00c1rea Profissional da Sa\u00fade: Medicina Veterin\u00e1ria &#8211; INSPE\u00c7\u00c3O E TECNOLOGIA DE PRODUTOS DE ORIGEM ANIMAL (INSPE\u00c7\u00c3O DE LEITE E DERIVADOS) Resultado Final PRELIMINAR (18\/03\/2022)<\/p>\n","protected":false},"author":1209,"featured_media":0,"parent":317,"menu_order":1,"comment_status":"closed","ping_status":"closed","template":"","meta":{"footnotes":""},"class_list":["post-330","page","type-page","status-publish","hentry"],"_links":{"self":[{"href":"https:\/\/wp.ufpel.edu.br\/coremu\/wp-json\/wp\/v2\/pages\/330","targetHints":{"allow":["GET"]}}],"collection":[{"href":"https:\/\/wp.ufpel.edu.br\/coremu\/wp-json\/wp\/v2\/pages"}],"about":[{"href":"https:\/\/wp.ufpel.edu.br\/coremu\/wp-json\/wp\/v2\/types\/page"}],"author":[{"embeddable":true,"href":"https:\/\/wp.ufpel.edu.br\/coremu\/wp-json\/wp\/v2\/users\/1209"}],"replies":[{"embeddable":true,"href":"https:\/\/wp.ufpel.edu.br\/coremu\/wp-json\/wp\/v2\/comments?post=330"}],"version-history":[{"count":2,"href":"https:\/\/wp.ufpel.edu.br\/coremu\/wp-json\/wp\/v2\/pages\/330\/revisions"}],"predecessor-version":[{"id":334,"href":"https:\/\/wp.ufpel.edu.br\/coremu\/wp-json\/wp\/v2\/pages\/330\/revisions\/334"}],"up":[{"embeddable":true,"href":"https:\/\/wp.ufpel.edu.br\/coremu\/wp-json\/wp\/v2\/pages\/317"}],"wp:attachment":[{"href":"https:\/\/wp.ufpel.edu.br\/coremu\/wp-json\/wp\/v2\/media?parent=330"}],"curies":[{"name":"wp","href":"https:\/\/api.w.org\/{rel}","templated":true}]}}