{"id":212,"date":"2022-01-31T08:46:12","date_gmt":"2022-01-31T11:46:12","guid":{"rendered":"https:\/\/wp.ufpel.edu.br\/coremu\/?page_id=212"},"modified":"2022-02-17T18:05:46","modified_gmt":"2022-02-17T21:05:46","slug":"resultado-final-preliminar","status":"publish","type":"page","link":"https:\/\/wp.ufpel.edu.br\/coremu\/processos-seletivos\/anteriores\/processo-seletivo-2021-ingresso-2022\/resultado-final-preliminar\/","title":{"rendered":"Resultado Final PRELIMINAR"},"content":{"rendered":"<h3>Programa de Resid\u00eancia em \u00c1rea Profissional da Sa\u00fade: Medicina Veterin\u00e1ria<\/h3>\n<p><a href=\"https:\/\/wp.ufpel.edu.br\/coremu\/files\/2022\/02\/Resultado-Final-PRELIMINAR-Clinica-Cirurgica-em-Animais-de-Companhia.pdf\">Resultado Final PRELIMINAR &#8211; Cl\u00ednica Cir\u00fargica em Animais de Companhia<\/a>\u00a0(31\/01\/2022)<\/p>\n<p><a href=\"https:\/\/wp.ufpel.edu.br\/coremu\/files\/2022\/02\/Resultado-Final-PRELIMINAR-Saude-Coletiva.pdf\">Resultado Final PRELIMINAR &#8211; Sa\u00fade Coletiva<\/a> (11\/02\/2022)<\/p>\n<p><a href=\"https:\/\/wp.ufpel.edu.br\/coremu\/files\/2022\/02\/Resultado-Final-PRELIMINAR-Medicina-de-Animais-Silvestres-1.pdf\">Resultado Final PRELIMINAR &#8211; Medicina de Animais Silvestres<\/a> (11\/02\/2022)<\/p>\n<p><a href=\"https:\/\/wp.ufpel.edu.br\/coremu\/files\/2022\/02\/Resultado-Final-PRELIMINAR-Anestesiologia-1.pdf\">Resultado Final PRELIMINAR &#8211; Anestesiologia<\/a> (11\/02\/2022)<\/p>\n<p><a href=\"https:\/\/wp.ufpel.edu.br\/coremu\/files\/2022\/02\/Resultado-Final-PRELIMINAR-Clinica-Medica-de-Equinos-1.pdf\">Resultado Final PRELIMINAR &#8211; Cl\u00ednica M\u00e9dica de Equinos<\/a> (11\/02\/2022)<\/p>\n<p><a href=\"https:\/\/wp.ufpel.edu.br\/coremu\/files\/2022\/02\/Resultado-Final-PRELIMINAR-Clinica-Medica-de-Ruminantes-1.pdf\">Resultado Final PRELIMINAR &#8211; Cl\u00ednica M\u00e9dica de Ruminantes<\/a> (11\/02\/2022)<\/p>\n<p><a href=\"https:\/\/wp.ufpel.edu.br\/coremu\/files\/2022\/02\/Resultado-Final-PRELIMINAR-Clinica-Medica-em-Animais-de-Companhia-1.pdf\">Resultado Final PRELIMINAR &#8211; Cl\u00ednica M\u00e9dica em Animais de Companhia<\/a> (11\/02\/2022)<\/p>\n<p><a href=\"https:\/\/wp.ufpel.edu.br\/coremu\/files\/2022\/02\/Resultado-Final-PRELIMINAR-Diagnostico-por-Imagem-em-Medicina-Veterinaria-1.pdf\">Resultado Final PRELIMINAR &#8211; Diagn\u00f3stico por Imagem em Medicina Veterin\u00e1ria<\/a> (11\/02\/2022)<\/p>\n<p><a href=\"https:\/\/wp.ufpel.edu.br\/coremu\/files\/2022\/02\/Resultado-Final-PRELIMINAR-Doencas-e-Zoonoses-Parasitarias-1.pdf\">Resultado Final PRELIMINAR &#8211; Doen\u00e7as e Zoonoses Parasit\u00e1rias<\/a> (11\/02\/2022)<\/p>\n<p><a href=\"https:\/\/wp.ufpel.edu.br\/coremu\/files\/2022\/02\/Resultado-Final-PRELIMINAR-Inspecao-de-Leite-e-Derivados-1.pdf\">Resultado Final PRELIMINAR &#8211; Inspe\u00e7\u00e3o de Leite e Derivados<\/a> (11\/02\/2022)<\/p>\n<p><a href=\"https:\/\/wp.ufpel.edu.br\/coremu\/files\/2022\/02\/Resultado-Final-PRELIMINAR-Patologia-Animal-1.pdf\">Resultado Final PRELIMINAR &#8211; Patologia Animal<\/a> (11\/02\/2022)<\/p>\n<p><a href=\"https:\/\/wp.ufpel.edu.br\/coremu\/files\/2022\/02\/Resultado-Final-PRELIMINAR-Patologia-Clinica-Veterinaria-1.pdf\">Resultado Final PRELIMINAR &#8211; Patologia Cl\u00ednica Veterin\u00e1ria<\/a> (11\/02\/2022)<\/p>\n<p><a href=\"https:\/\/wp.ufpel.edu.br\/coremu\/files\/2022\/02\/Resultado-Final-PRELIMINAR-Pet-Terapia-1.pdf\">Resultado Final PRELIMINAR &#8211; Pet Terapia<\/a> (11\/02\/2022)<\/p>\n<p><a href=\"https:\/\/wp.ufpel.edu.br\/coremu\/files\/2022\/02\/Resultado-Final-PRELIMINAR-Saude-Coletiva-1.pdf\">Resultado Final PRELIMINAR &#8211; Sa\u00fade Coletiva<\/a> (11\/02\/2022)<\/p>\n<p>&nbsp;<\/p>\n<h3>Programa de Resid\u00eancia Integrada Multiprofissional em Aten\u00e7\u00e3o \u00e0 Sa\u00fade Oncol\u00f3gica<\/h3>\n<p><a href=\"https:\/\/wp.ufpel.edu.br\/coremu\/files\/2022\/02\/Resultado-Final-PRELIMINAR-Enfermagem.pdf\">Resultado Final PRELIMINAR &#8211; Enfermagem<\/a>\u00a0 (11\/02\/2022)<\/p>\n<p><a href=\"https:\/\/wp.ufpel.edu.br\/coremu\/files\/2022\/02\/Resultado-Final-PRELIMINAR-Odontologia.pdf\">Resultado Final PRELIMINAR &#8211; Odontologia<\/a> (11\/02\/2022)<\/p>\n<p><a href=\"https:\/\/wp.ufpel.edu.br\/coremu\/files\/2022\/02\/Resultado-Final-PRELIMINAR-Terapia-Ocupacional.pdf\">Resultado Final PRELIMINAR &#8211; Terapia Ocupacional<\/a> (11\/02\/2022)<\/p>\n<p><a href=\"https:\/\/wp.ufpel.edu.br\/coremu\/files\/2022\/02\/RETIFICACAO-Resultado-Final-PRELIMINAR-Terapia-Ocupacional.pdf\">RETIFICA\u00c7\u00c3O &#8211; Resultado Final PRELIMINAR &#8211; Terapia Ocupacional<\/a> (17\/02\/2022)<\/p>\n","protected":false},"excerpt":{"rendered":"<p>Programa de Resid\u00eancia em \u00c1rea Profissional da Sa\u00fade: Medicina Veterin\u00e1ria Resultado Final PRELIMINAR &#8211; Cl\u00ednica Cir\u00fargica em Animais de Companhia\u00a0(31\/01\/2022) Resultado Final PRELIMINAR &#8211; Sa\u00fade Coletiva (11\/02\/2022) Resultado Final PRELIMINAR &#8211; Medicina de Animais Silvestres (11\/02\/2022) Resultado Final PRELIMINAR &#8211; Anestesiologia (11\/02\/2022) Resultado Final PRELIMINAR &#8211; Cl\u00ednica M\u00e9dica de Equinos (11\/02\/2022) Resultado Final PRELIMINAR &#8211; [&hellip;]<\/p>\n","protected":false},"author":1209,"featured_media":0,"parent":54,"menu_order":2,"comment_status":"closed","ping_status":"closed","template":"","meta":{"_crdt_document":"","footnotes":""},"class_list":["post-212","page","type-page","status-publish","hentry"],"_links":{"self":[{"href":"https:\/\/wp.ufpel.edu.br\/coremu\/wp-json\/wp\/v2\/pages\/212","targetHints":{"allow":["GET"]}}],"collection":[{"href":"https:\/\/wp.ufpel.edu.br\/coremu\/wp-json\/wp\/v2\/pages"}],"about":[{"href":"https:\/\/wp.ufpel.edu.br\/coremu\/wp-json\/wp\/v2\/types\/page"}],"author":[{"embeddable":true,"href":"https:\/\/wp.ufpel.edu.br\/coremu\/wp-json\/wp\/v2\/users\/1209"}],"replies":[{"embeddable":true,"href":"https:\/\/wp.ufpel.edu.br\/coremu\/wp-json\/wp\/v2\/comments?post=212"}],"version-history":[{"count":5,"href":"https:\/\/wp.ufpel.edu.br\/coremu\/wp-json\/wp\/v2\/pages\/212\/revisions"}],"predecessor-version":[{"id":271,"href":"https:\/\/wp.ufpel.edu.br\/coremu\/wp-json\/wp\/v2\/pages\/212\/revisions\/271"}],"up":[{"embeddable":true,"href":"https:\/\/wp.ufpel.edu.br\/coremu\/wp-json\/wp\/v2\/pages\/54"}],"wp:attachment":[{"href":"https:\/\/wp.ufpel.edu.br\/coremu\/wp-json\/wp\/v2\/media?parent=212"}],"curies":[{"name":"wp","href":"https:\/\/api.w.org\/{rel}","templated":true}]}}