{"id":1547,"date":"2025-05-20T17:13:11","date_gmt":"2025-05-20T20:13:11","guid":{"rendered":"https:\/\/wp.ufpel.edu.br\/coremu\/?page_id=1547"},"modified":"2025-12-09T12:20:38","modified_gmt":"2025-12-09T15:20:38","slug":"processo-seletivo-2025-ingresso-2026-1","status":"publish","type":"page","link":"https:\/\/wp.ufpel.edu.br\/coremu\/processos-seletivos\/processo-seletivo-2025-2026\/processo-seletivo-2025-ingresso-2026-1\/","title":{"rendered":"Edital do Processo Seletivo 2025\/2026"},"content":{"rendered":"<h3>Edital para concorrer \u00e0s vagas em um dos treze Programas vinculados \u00e0 Medicina Veterin\u00e1ria:<\/h3>\n<p><a href=\"https:\/\/wp.ufpel.edu.br\/coremu\/files\/2025\/10\/RESULTADO-FINAL_251024_182610.pdf\">Resultado Final <\/a>(publicado em 27\/10\/2025)<\/p>\n<p><a href=\"https:\/\/forms.gle\/dBgFQwhg8pccWhvC8\">Formul\u00e1rio para interposi\u00e7\u00e3o de recursos <\/a>\u00a0(publicado em 15\/10\/2025)<\/p>\n<p><a href=\"https:\/\/wp.ufpel.edu.br\/coremu\/files\/2025\/10\/NOTAS-SEGUNDA-FASE-PRELIMINARES.pdf\">Resultado Segunda Fase &#8211; PRELIMINAR<\/a> (publicado em 15\/10\/2025)<\/p>\n<p><a href=\"https:\/\/forms.gle\/5YFBCZKD3tkeEfnZ7\">Formul\u00e1rio para avalia\u00e7\u00e3o curricular<\/a> (publica\u00e7\u00e3o em 14\/09\/2025)<\/p>\n<p><a href=\"https:\/\/wp.ufpel.edu.br\/coremu\/files\/2025\/09\/CONVOCACAO-SEGUNDA-FASE.pdf\">Convoca\u00e7\u00e3o para a Segunda Fase<\/a> (publica\u00e7\u00e3o em 12\/09\/2025)<\/p>\n<p><a href=\"https:\/\/wp.ufpel.edu.br\/coremu\/files\/2025\/09\/NOTAS-DEFINITIVAS.pdf\">Resultado Primeira Fase &#8211; DEFINITIVO<\/a> (publica\u00e7\u00e3o em 12\/09\/2025)<\/p>\n<p><a href=\"https:\/\/wp.ufpel.edu.br\/coremu\/files\/2025\/09\/GABARITO-DEFINITITVO.pdf\">Gabaritos Oficiais &#8211; DEFINITIVOS<\/a> (publica\u00e7\u00e3o em 12\/09\/2025)<\/p>\n<p><a href=\"https:\/\/forms.gle\/EYEXYhCeJ1t7CdRD9\">Formul\u00e1rio para Recurso ao Gabarito Oficial Preliminar<\/a> (publica\u00e7\u00e3o em 08\/09\/2025)<\/p>\n<p><a href=\"https:\/\/wp.ufpel.edu.br\/coremu\/files\/2025\/09\/RESULTADO-PRELIMINAR-PRIMEIRA-FASE.pdf\">Resultado Primeira fase &#8211; PRELIMINAR<\/a> (publica\u00e7\u00e3o em 08\/09\/2025)<\/p>\n<p><a href=\"https:\/\/wp.ufpel.edu.br\/coremu\/files\/2025\/09\/RETIFICACAO-GABARITOS-PRELIMINARES-1.pdf\">RETIFICA\u00c7\u00c3O &#8211; Gabaritos Oficiais &#8211; PRELIMINARES<\/a> (publica\u00e7\u00e3o em 08\/09\/2025)<\/p>\n<p><a href=\"https:\/\/wp.ufpel.edu.br\/coremu\/files\/2025\/09\/regramento.pdf\">Instru\u00e7\u00f5es para o dia da Prova<\/a> (publica\u00e7\u00e3o em 1\u00ba\/09\/2025)<\/p>\n<p><a href=\"https:\/\/wp.ufpel.edu.br\/coremu\/files\/2025\/08\/Listagem-homologacao-de-inscricoes-DEFINITIVA.pdf\">Divulga\u00e7\u00e3o das inscri\u00e7\u00f5es homologadas<\/a> &#8211; DEFINITIVA (publica\u00e7\u00e3o em 12\/08\/2025)<\/p>\n<p><a href=\"https:\/\/forms.gle\/5AqMMsAZVHuarPLi6\">Formul\u00e1rio para interposi\u00e7\u00e3o de recursos<\/a> (publica\u00e7\u00e3o em 07\/08\/2025)<\/p>\n<p><a href=\"https:\/\/wp.ufpel.edu.br\/coremu\/files\/2025\/08\/Listagem-homologacao-de-inscricoes-PRELIMINAR.pdf\">Divulga\u00e7\u00e3o das inscri\u00e7\u00f5es homologadas<\/a> &#8211; PRELIMINAR (publica\u00e7\u00e3o em 07\/08\/2025)<\/p>\n<p><a href=\"https:\/\/wp.ufpel.edu.br\/coremu\/files\/2025\/08\/SEI_3172540_Portaria_Interna_24.pdf\">Portaria de designa\u00e7\u00e3o de Comiss\u00e3o Organizadora<\/a> (publica\u00e7\u00e3o em 07\/08\/2025)<\/p>\n<p>N\u00e3o foram recebidos pedidos de atendimento especial (publica\u00e7\u00e3o em 25\/07\/2025)<\/p>\n<p><a href=\"https:\/\/wp.ufpel.edu.br\/coremu\/files\/2025\/07\/Bibliografia-PS-104-2025.pdf\">Bibliografia<\/a> (publica\u00e7\u00e3o em 09\/07\/2025)<\/p>\n<p><a href=\"https:\/\/wp.ufpel.edu.br\/coremu\/files\/2025\/07\/SEI_3138583_Edital_de_selecao_PRPPG_104.pdf\">Edital 104\/2025 &#8211; vagas de Medicina Veterin\u00e1ria<\/a> (publica\u00e7\u00e3o em 07\/07\/2025)<\/p>\n<p><a href=\"https:\/\/wp.ufpel.edu.br\/coremu\/files\/2025\/07\/ANEXO_I___ATUALIZADO.pdf\">ANEXO I<\/a> (publica\u00e7\u00e3o em 07\/07\/2025)<\/p>\n<h3>Edital para concorrer \u00e0s vagas dos Programas Multiprofissionais e em Cirurgia e Traumatologia Bucomaxilofacial, \u00e1reas profissionais de Educa\u00e7\u00e3o F\u00edsica, Enfermagem, Farm\u00e1cia, Nutri\u00e7\u00e3o, Odontologia e Terapia Ocupacional:<\/h3>\n<p><a href=\"https:\/\/fgv-enare.web.app\/candidatos-multi\">ACESSAR P\u00c1GINA DO ENARE<\/a><\/p>\n<p>&nbsp;<\/p>\n","protected":false},"excerpt":{"rendered":"<p>Edital para concorrer \u00e0s vagas em um dos treze Programas vinculados \u00e0 Medicina Veterin\u00e1ria: Resultado Final (publicado em 27\/10\/2025) Formul\u00e1rio para interposi\u00e7\u00e3o de recursos \u00a0(publicado em 15\/10\/2025) Resultado Segunda Fase &#8211; PRELIMINAR (publicado em 15\/10\/2025) Formul\u00e1rio para avalia\u00e7\u00e3o curricular (publica\u00e7\u00e3o em 14\/09\/2025) Convoca\u00e7\u00e3o para a Segunda Fase (publica\u00e7\u00e3o em 12\/09\/2025) Resultado Primeira Fase &#8211; DEFINITIVO [&hellip;]<\/p>\n","protected":false},"author":1209,"featured_media":0,"parent":1699,"menu_order":2,"comment_status":"closed","ping_status":"closed","template":"","meta":{"footnotes":""},"class_list":["post-1547","page","type-page","status-publish","hentry"],"_links":{"self":[{"href":"https:\/\/wp.ufpel.edu.br\/coremu\/wp-json\/wp\/v2\/pages\/1547","targetHints":{"allow":["GET"]}}],"collection":[{"href":"https:\/\/wp.ufpel.edu.br\/coremu\/wp-json\/wp\/v2\/pages"}],"about":[{"href":"https:\/\/wp.ufpel.edu.br\/coremu\/wp-json\/wp\/v2\/types\/page"}],"author":[{"embeddable":true,"href":"https:\/\/wp.ufpel.edu.br\/coremu\/wp-json\/wp\/v2\/users\/1209"}],"replies":[{"embeddable":true,"href":"https:\/\/wp.ufpel.edu.br\/coremu\/wp-json\/wp\/v2\/comments?post=1547"}],"version-history":[{"count":3,"href":"https:\/\/wp.ufpel.edu.br\/coremu\/wp-json\/wp\/v2\/pages\/1547\/revisions"}],"predecessor-version":[{"id":1725,"href":"https:\/\/wp.ufpel.edu.br\/coremu\/wp-json\/wp\/v2\/pages\/1547\/revisions\/1725"}],"up":[{"embeddable":true,"href":"https:\/\/wp.ufpel.edu.br\/coremu\/wp-json\/wp\/v2\/pages\/1699"}],"wp:attachment":[{"href":"https:\/\/wp.ufpel.edu.br\/coremu\/wp-json\/wp\/v2\/media?parent=1547"}],"curies":[{"name":"wp","href":"https:\/\/api.w.org\/{rel}","templated":true}]}}