{"id":1018,"date":"2024-08-20T13:52:34","date_gmt":"2024-08-20T16:52:34","guid":{"rendered":"https:\/\/wp.ufpel.edu.br\/coremu\/?page_id=1018"},"modified":"2025-05-20T17:14:36","modified_gmt":"2025-05-20T20:14:36","slug":"processo-seletivo-2024-2025","status":"publish","type":"page","link":"https:\/\/wp.ufpel.edu.br\/coremu\/processos-seletivos\/anteriores\/processo-seletivo-2024-2025\/","title":{"rendered":"Processo Seletivo 2024 (Ingresso 2025\/1)"},"content":{"rendered":"<h2>Voc\u00ea foi convocado? <a href=\"https:\/\/wp.ufpel.edu.br\/coremu\/processos-seletivos\/processo-seletivo-2024-2025\/convocacoes\/\">Confira aqui<\/a><\/h2>\n<h2>Formul\u00e1rios para pr\u00e9-matr\u00edcula:<\/h2>\n<p>A pr\u00e9-matr\u00edcula demonstra a inten\u00e7\u00e3o no preenchimento da vaga, que s\u00f3 ser\u00e1 efetivado com a assinatura do contrato de resid\u00eancia.<\/p>\n<p>A assinatura do contrato de resid\u00eancia ocorrer\u00e1 de forma presencial, na secretaria da COREMU, EXCLUSIVAMENTE, no per\u00edodo de 24\/02 a 28\/02, no hor\u00e1rio das 9h \u00e0s 12h e das 14h \u00e0s 16h.<\/p>\n<p>No ato da assinatura do contrato de resid\u00eancia, o candidato dever\u00e1 apresentar todos os originais dos documentos encaminhados na pr\u00e9-matr\u00edcula para confer\u00eancia e autentica\u00e7\u00e3o administrativa.<\/p>\n<p>Os documentos abaixo dever\u00e3o ser OBRIGATORIAMENTE preenchidos e encaminhados, via e-mail, juntamente com os documentos solicitados para a pr\u00e9-matr\u00edcula, conforme\u00a0<a href=\"https:\/\/enare-ebserh.conhecimento.fgv.br\/Publico\/InstituicaoPublicacao?Id=299&amp;Tipo=2\">edital de matr\u00edcula<\/a>. Al\u00e9m disso, \u00e9 necess\u00e1rio o preenchimento dos formul\u00e1rios eletr\u00f4nicos e documentos abaixo:<\/p>\n<p>1) <a href=\"https:\/\/forms.gle\/ZDYYSmSqHTqyVN2n7\">Para envio de informa\u00e7\u00f5es pessoais<\/a><\/p>\n<p>2) <a href=\"https:\/\/forms.gle\/wPQHdHoAefignEXo7\">Para envio dos documentos\u00a0<\/a><\/p>\n<p>3) <a href=\"https:\/\/wp.ufpel.edu.br\/coremu\/files\/2025\/01\/FICHA-FINANCEIRA-MULTI-RESTRITA-COMPLETA.docx\">Ficha Financeira<\/a> (N\u00c3O PODE PREENCHER \u00c0 M\u00c3O)<\/p>\n<p>4) <a href=\"https:\/\/wp.ufpel.edu.br\/coremu\/files\/2025\/01\/declaracao-moradia.pdf\">Declara\u00e7\u00e3o de Moradia<\/a><\/p>\n<p>5) <a href=\"https:\/\/wp.ufpel.edu.br\/coremu\/files\/2025\/02\/TERMO-DE-RESPONSABILIDADE.pdf\">Termo de Responsabilidade<\/a> &#8211; somente para os candidatos aprovados nos Programas: Multiprofissional em Aten\u00e7\u00e3o em Oncologia e em \u00c1rea Profissional da Sa\u00fade em Cirurgia e Traumatologia Bucomaxilofacial<\/p>\n<p>&nbsp;<\/p>\n<h2>Desist\u00eancia da Vaga:<\/h2>\n<p>Em caso de desist\u00eancia de vaga por candidato aprovado ou em lista de espera de Programa de Resid\u00eancia, basta preencher o formul\u00e1rio deste\u00a0<a href=\"https:\/\/forms.gle\/TyETSL7USNh7gYsi7\">link<\/a>.<\/p>\n<p>&nbsp;<\/p>\n<h2>Matr\u00edcula por Procura\u00e7\u00e3o:<\/h2>\n<p>Modelo <a href=\"https:\/\/wp.ufpel.edu.br\/coremu\/files\/2025\/02\/Modelo-Procuracao-matricula-programa.doc\">AQUI<\/a>.<\/p>\n<p>&nbsp;<\/p>\n<h2>Informa\u00e7\u00f5es Gerais:<\/h2>\n<p>O Processo Seletivo para preenchimento das vagas dos Programas de Resid\u00eancia em Sa\u00fade, com ingresso no primeiro semestre de 2025, ser\u00e1 conduzido pela banca Funda\u00e7\u00e3o Get\u00falio Vargas (FGV),\u00a0 respons\u00e1vel pelo Exame Nacional de Resid\u00eancia (ENARE).<\/p>\n<p>Para acessar o Edital,\u00a0<a href=\"https:\/\/www.gov.br\/ebserh\/pt-br\/ensino-e-pesquisa\/exame-nacional-de-residencia-enare\/anexos-residencia-multi-e-uniprofissional\/EDITAL_01_ENARE_24_25_RES_MULT_UNI_02.08.24.pdf\">CLIQUE AQUI<\/a>.<\/p>\n<p>D\u00favidas devem ser sanadas diretamente com a banca respons\u00e1vel, por meio do canal de suporte, conforme indicado no site oficial do Exame:<\/p>\n<p class=\" \">Telefone:\u00a0<strong>0800 591 3078<\/strong>\u00a0 \u00a0 &#8211;\u00a0 \u00a0 E-mail:\u00a0<strong><a class=\"email-link\" title=\"\" href=\"mailto:exame.enare@fgv.br\" target=\"_self\" rel=\"noopener\" data-tippreview-enabled=\"false\" data-tippreview-image=\"\" data-tippreview-title=\"\">exame.enare@fgv.br<\/a><\/strong><\/p>\n<p class=\" \">Hor\u00e1rio de atendimento: de <strong>segunda a sexta-feira das 9h \u00e0s 18h,<\/strong>\u00a0exceto em feriados nacionais.<\/p>\n","protected":false},"excerpt":{"rendered":"<p>Voc\u00ea foi convocado? Confira aqui Formul\u00e1rios para pr\u00e9-matr\u00edcula: A pr\u00e9-matr\u00edcula demonstra a inten\u00e7\u00e3o no preenchimento da vaga, que s\u00f3 ser\u00e1 efetivado com a assinatura do contrato de resid\u00eancia. A assinatura do contrato de resid\u00eancia ocorrer\u00e1 de forma presencial, na secretaria da COREMU, EXCLUSIVAMENTE, no per\u00edodo de 24\/02 a 28\/02, no hor\u00e1rio das 9h \u00e0s 12h [&hellip;]<\/p>\n","protected":false},"author":1208,"featured_media":0,"parent":1201,"menu_order":9,"comment_status":"closed","ping_status":"closed","template":"","meta":{"footnotes":""},"class_list":["post-1018","page","type-page","status-publish","hentry"],"_links":{"self":[{"href":"https:\/\/wp.ufpel.edu.br\/coremu\/wp-json\/wp\/v2\/pages\/1018","targetHints":{"allow":["GET"]}}],"collection":[{"href":"https:\/\/wp.ufpel.edu.br\/coremu\/wp-json\/wp\/v2\/pages"}],"about":[{"href":"https:\/\/wp.ufpel.edu.br\/coremu\/wp-json\/wp\/v2\/types\/page"}],"author":[{"embeddable":true,"href":"https:\/\/wp.ufpel.edu.br\/coremu\/wp-json\/wp\/v2\/users\/1208"}],"replies":[{"embeddable":true,"href":"https:\/\/wp.ufpel.edu.br\/coremu\/wp-json\/wp\/v2\/comments?post=1018"}],"version-history":[{"count":21,"href":"https:\/\/wp.ufpel.edu.br\/coremu\/wp-json\/wp\/v2\/pages\/1018\/revisions"}],"predecessor-version":[{"id":1398,"href":"https:\/\/wp.ufpel.edu.br\/coremu\/wp-json\/wp\/v2\/pages\/1018\/revisions\/1398"}],"up":[{"embeddable":true,"href":"https:\/\/wp.ufpel.edu.br\/coremu\/wp-json\/wp\/v2\/pages\/1201"}],"wp:attachment":[{"href":"https:\/\/wp.ufpel.edu.br\/coremu\/wp-json\/wp\/v2\/media?parent=1018"}],"curies":[{"name":"wp","href":"https:\/\/api.w.org\/{rel}","templated":true}]}}